* [dpdk-test-report] |FAILURE| pw69757-69763 [PATCH] [1/7] common/dpaax: move internal symbols into INTERNAL section
@ 2020-05-05 16:59 dpdklab
0 siblings, 0 replies; 2+ messages in thread
From: dpdklab @ 2020-05-05 16:59 UTC (permalink / raw)
To: Ali Alnubani, Erez Scop, Thomas Monjalon, Test Report; +Cc: dpdk-test-reports
[-- Attachment #1: Type: text/plain, Size: 3188 bytes --]
Test-Label: iol-mellanox-Performance
Test-Status: FAILURE
http://dpdk.org/patch/69757
_Performance Testing issues_
Submitter: Hemant Agrawal <hemant.agrawal@nxp.com>
Date: Tuesday, May 05 2020 14:08:26
DPDK git baseline: Repo:dpdk
Branch: master
CommitID:67d376e7fe7d4e4149d3591ed94cba33206e8cd2
69757-69763 --> performance testing fail
Test environment and result as below:
Ubuntu 18.04
Kernel: 4.15.0-generic
Compiler: gcc 7.4
NIC: Mellanox ConnectX-5 100000 Mbps
Target: x86_64-native-linuxapp-gcc
Fail/Total: 0/0
Detail performance results:
There were no deltas reported. There may have been an issue with the test harness. If logs are available, download them from the ci website for more information.
Ubuntu 18.04
Kernel: 4.15.0-generic
Compiler: gcc 7.4
NIC: Mellanox ConnectX-4 Lx 25000 Mbps
Target: x86_64-native-linuxapp-gcc
Fail/Total: 0/6
Detail performance results:
+------------+---------+-------------------------------------+
| frame_size | txd/rxd | throughput difference from expected |
+============+=========+=====================================+
| 64 | 256 | -0.187 |
+------------+---------+-------------------------------------+
| 128 | 256 | -0.040 |
+------------+---------+-------------------------------------+
| 256 | 256 | -0.051 |
+------------+---------+-------------------------------------+
| 512 | 256 | 0.018 |
+------------+---------+-------------------------------------+
| 1024 | 256 | -0.004 |
+------------+---------+-------------------------------------+
| 1518 | 256 | 0 |
+------------+---------+-------------------------------------+
Ubuntu 18.04
Kernel: 4.15.0-generic
Compiler: gcc 7.4
NIC: Mellanox ConnectX-4 Lx 40000 Mbps
Target: x86_64-native-linuxapp-gcc
Fail/Total: 0/6
Detail performance results:
+------------+---------+-------------------------------------+
| frame_size | txd/rxd | throughput difference from expected |
+============+=========+=====================================+
| 64 | 256 | 0.532 |
+------------+---------+-------------------------------------+
| 128 | 256 | 0.112 |
+------------+---------+-------------------------------------+
| 256 | 256 | 0.029 |
+------------+---------+-------------------------------------+
| 512 | 256 | 0.003 |
+------------+---------+-------------------------------------+
| 1024 | 256 | 0.001 |
+------------+---------+-------------------------------------+
| 1518 | 256 | -0.018 |
+------------+---------+-------------------------------------+
To view detailed results, visit:
https://lab.dpdk.org/results/dashboard/patchsets/10892/
UNH-IOL DPDK Community Lab
To manage your email subscriptions, visit:
https://lab.dpdk.org/results/dashboard/preferences/subscriptions/
^ permalink raw reply [flat|nested] 2+ messages in thread
* [dpdk-test-report] |FAILURE| pw69757-69763 [PATCH] [1/7] common/dpaax: move internal symbols into INTERNAL section
@ 2020-05-06 8:26 dpdklab
0 siblings, 0 replies; 2+ messages in thread
From: dpdklab @ 2020-05-06 8:26 UTC (permalink / raw)
To: Test Report; +Cc: dpdk-test-reports
[-- Attachment #1: Type: text/plain, Size: 2916 bytes --]
Test-Label: iol-testing
Test-Status: FAILURE
http://dpdk.org/patch/69757
_Testing issues_
Submitter: Hemant Agrawal <hemant.agrawal@nxp.com>
Date: Tuesday, May 05 2020 14:08:26
DPDK git baseline: Repo:dpdk
Branch: master
CommitID:67d376e7fe7d4e4149d3591ed94cba33206e8cd2
69757-69763 --> testing fail
Test environment and result as below:
+---------------------+--------------------+-------------------+------------------+--------------+----------------+
| Environment | dpdk_meson_compile | dpdk_compile_spdk | dpdk_compile_ovs | dpdk_compile | dpdk_unit_test |
+=====================+====================+===================+==================+==============+================+
| Windows Server 2019 | PASS | SKIPPED | SKIPPED | SKIPPED | SKIPPED |
+---------------------+--------------------+-------------------+------------------+--------------+----------------+
| Fedora 31 | FAIL | FAIL | FAIL | FAIL | SKIPPED |
+---------------------+--------------------+-------------------+------------------+--------------+----------------+
| Arch Linux | FAIL | SKIPPED | FAIL | FAIL | SKIPPED |
+---------------------+--------------------+-------------------+------------------+--------------+----------------+
| openSUSE Leap 15 | PASS | PASS | PASS | PASS | SKIPPED |
+---------------------+--------------------+-------------------+------------------+--------------+----------------+
| CentOS 8 | PASS | PASS | PASS | PASS | SKIPPED |
+---------------------+--------------------+-------------------+------------------+--------------+----------------+
| Ubuntu 18.04 | PASS | PASS | PASS | PASS | PASS |
+---------------------+--------------------+-------------------+------------------+--------------+----------------+
| FreeBSD 11.2 | PASS | PASS | SKIPPED | PASS | SKIPPED |
+---------------------+--------------------+-------------------+------------------+--------------+----------------+
Windows Server 2019
Kernel: 10.0
Compiler: clang 9.0
Fedora 31
Kernel: 5.3.16
Compiler: gcc 9.2.1
Arch Linux
Kernel: latest
Compiler: gcc latest
openSUSE Leap 15
Kernel: 4.12.14
Compiler: gcc 7.4.1
CentOS 8
Kernel: 4.18.0.el8_0
Compiler: gcc 8.3.1
Ubuntu 18.04
Kernel: 4.15.0-generic
Compiler: gcc 7.4
FreeBSD 11.2
Kernel: 11.2
Compiler: gcc 8.3
To view detailed results, visit:
https://lab.dpdk.org/results/dashboard/patchsets/10892/
UNH-IOL DPDK Community Lab
To manage your email subscriptions, visit:
https://lab.dpdk.org/results/dashboard/preferences/subscriptions/
^ permalink raw reply [flat|nested] 2+ messages in thread
end of thread, other threads:[~2020-05-06 8:26 UTC | newest]
Thread overview: 2+ messages (download: mbox.gz / follow: Atom feed)
-- links below jump to the message on this page --
2020-05-05 16:59 [dpdk-test-report] |FAILURE| pw69757-69763 [PATCH] [1/7] common/dpaax: move internal symbols into INTERNAL section dpdklab
2020-05-06 8:26 dpdklab
This is a public inbox, see mirroring instructions
for how to clone and mirror all data and code used for this inbox;
as well as URLs for NNTP newsgroup(s).