automatic DPDK test reports
 help / color / mirror / Atom feed
* [dpdk-test-report] |FAILURE| pw71182-71192 [PATCH] [v8, 01/11] eal: replace rte_page_sizes with a set of constants
@ 2020-06-11  5:14 dpdklab
  0 siblings, 0 replies; only message in thread
From: dpdklab @ 2020-06-11  5:14 UTC (permalink / raw)
  To: Test Report; +Cc: dpdk-test-reports

[-- Attachment #1: Type: text/plain, Size: 2921 bytes --]

Test-Label: iol-testing
Test-Status: FAILURE
http://dpdk.org/patch/71182

_Testing issues_

Submitter: Dmitry Kozlyuk <dmitry.kozliuk@gmail.com>
Date: Wednesday, June 10 2020 14:27:20 
DPDK git baseline: Repo:dpdk
  Branch: master
  CommitID:5fd722308ef21819931d25e7a140ff5a292b19d9

71182-71192 --> testing fail

Test environment and result as below:

+---------------------+-------------------+--------------+--------------------+------------------+----------------+
|     Environment     | dpdk_compile_spdk | dpdk_compile | dpdk_meson_compile | dpdk_compile_ovs | dpdk_unit_test |
+=====================+===================+==============+====================+==================+================+
| FreeBSD 11.2        | FAIL              | FAIL         | FAIL               | SKIPPED          | SKIPPED        |
+---------------------+-------------------+--------------+--------------------+------------------+----------------+
| Ubuntu 18.04        | PASS              | PASS         | PASS               | PASS             | PASS           |
+---------------------+-------------------+--------------+--------------------+------------------+----------------+
| CentOS 8            | PASS              | PASS         | PASS               | PASS             | SKIPPED        |
+---------------------+-------------------+--------------+--------------------+------------------+----------------+
| openSUSE Leap 15    | PASS              | PASS         | PASS               | PASS             | SKIPPED        |
+---------------------+-------------------+--------------+--------------------+------------------+----------------+
| Fedora 31           | PASS              | PASS         | PASS               | PASS             | SKIPPED        |
+---------------------+-------------------+--------------+--------------------+------------------+----------------+
| Arch Linux          | SKIPPED           | PASS         | PASS               | PASS             | SKIPPED        |
+---------------------+-------------------+--------------+--------------------+------------------+----------------+
| Windows Server 2019 | SKIPPED           | SKIPPED      | PASS               | SKIPPED          | SKIPPED        |
+---------------------+-------------------+--------------+--------------------+------------------+----------------+

FreeBSD 11.2
	Kernel: 11.2
	Compiler: gcc 8.3

Ubuntu 18.04
	Kernel: 4.15.0-generic
	Compiler: gcc 7.4

CentOS 8
	Kernel: 4.18.0.el8_0
	Compiler: gcc 8.3.1

openSUSE Leap 15
	Kernel: 4.12.14
	Compiler: gcc 7.4.1

Fedora 31
	Kernel: 5.3.16
	Compiler: gcc 9.2.1

Arch Linux
	Kernel: latest
	Compiler: gcc latest

Windows Server 2019
	Kernel: 10.0
	Compiler: clang 9.0

To view detailed results, visit:
https://lab.dpdk.org/results/dashboard/patchsets/11440/

UNH-IOL DPDK Community Lab

To manage your email subscriptions, visit: 
https://lab.dpdk.org/results/dashboard/preferences/subscriptions/

^ permalink raw reply	[flat|nested] only message in thread

only message in thread, other threads:[~2020-06-11  5:14 UTC | newest]

Thread overview: (only message) (download: mbox.gz / follow: Atom feed)
-- links below jump to the message on this page --
2020-06-11  5:14 [dpdk-test-report] |FAILURE| pw71182-71192 [PATCH] [v8, 01/11] eal: replace rte_page_sizes with a set of constants dpdklab

automatic DPDK test reports

This inbox may be cloned and mirrored by anyone:

	git clone --mirror https://inbox.dpdk.org/test-report/0 test-report/git/0.git

	# If you have public-inbox 1.1+ installed, you may
	# initialize and index your mirror using the following commands:
	public-inbox-init -V2 test-report test-report/ https://inbox.dpdk.org/test-report \
		test-report@dpdk.org
	public-inbox-index test-report

Example config snippet for mirrors.
Newsgroup available over NNTP:
	nntp://inbox.dpdk.org/inbox.dpdk.test-report


AGPL code for this site: git clone https://public-inbox.org/public-inbox.git