* [dpdk-test-report] |FAILURE| pw72292-72316 [PATCH] [01/27] eventdev: dlb upstream prerequisites
@ 2020-06-27 14:32 dpdklab
0 siblings, 0 replies; 2+ messages in thread
From: dpdklab @ 2020-06-27 14:32 UTC (permalink / raw)
To: Test Report; +Cc: dpdk-test-reports
[-- Attachment #1: Type: text/plain, Size: 2920 bytes --]
Test-Label: iol-testing
Test-Status: FAILURE
http://dpdk.org/patch/72292
_Testing issues_
Submitter: Tim McDaniel <timothy.mcdaniel@intel.com>
Date: Saturday, June 27 2020 04:37:25
DPDK git baseline: Repo:dpdk
Branch: master
CommitID:6248368a9ae1eadf6b7fb05ab37497afdb714429
72292-72316 --> testing fail
Test environment and result as below:
+---------------------+----------------+--------------------+--------------+------------------+-------------------+
| Environment | dpdk_unit_test | dpdk_meson_compile | dpdk_compile | dpdk_compile_ovs | dpdk_compile_spdk |
+=====================+================+====================+==============+==================+===================+
| Ubuntu 18.04 | FAIL | FAIL | PASS | PASS | PASS |
+---------------------+----------------+--------------------+--------------+------------------+-------------------+
| Windows Server 2019 | SKIPPED | PASS | SKIPPED | SKIPPED | SKIPPED |
+---------------------+----------------+--------------------+--------------+------------------+-------------------+
| FreeBSD 11.2 | SKIPPED | FAIL | FAIL | SKIPPED | FAIL |
+---------------------+----------------+--------------------+--------------+------------------+-------------------+
| openSUSE Leap 15 | SKIPPED | FAIL | PASS | PASS | PASS |
+---------------------+----------------+--------------------+--------------+------------------+-------------------+
| Fedora 31 | SKIPPED | FAIL | PASS | PASS | PASS |
+---------------------+----------------+--------------------+--------------+------------------+-------------------+
| CentOS 8 | SKIPPED | FAIL | PASS | PASS | PASS |
+---------------------+----------------+--------------------+--------------+------------------+-------------------+
| Arch Linux | SKIPPED | FAIL | PASS | PASS | SKIPPED |
+---------------------+----------------+--------------------+--------------+------------------+-------------------+
Ubuntu 18.04
Kernel: 4.15.0-generic
Compiler: gcc 7.4
Windows Server 2019
Kernel: 10.0
Compiler: clang 9.0
FreeBSD 11.2
Kernel: 11.2
Compiler: gcc 8.3
openSUSE Leap 15
Kernel: 4.12.14
Compiler: gcc 7.4.1
Fedora 31
Kernel: 5.3.16
Compiler: gcc 9.2.1
CentOS 8
Kernel: 4.18.0.el8_0
Compiler: gcc 8.3.1
Arch Linux
Kernel: latest
Compiler: gcc latest
To view detailed results, visit:
https://lab.dpdk.org/results/dashboard/patchsets/11698/
UNH-IOL DPDK Community Lab
To manage your email subscriptions, visit:
https://lab.dpdk.org/results/dashboard/preferences/subscriptions/
^ permalink raw reply [flat|nested] 2+ messages in thread
* [dpdk-test-report] |FAILURE| pw72292-72316 [PATCH] [01/27] eventdev: dlb upstream prerequisites
@ 2020-06-27 5:49 dpdklab
0 siblings, 0 replies; 2+ messages in thread
From: dpdklab @ 2020-06-27 5:49 UTC (permalink / raw)
To: Ruoshan Shi, Test Report; +Cc: dpdk-test-reports
[-- Attachment #1: Type: text/plain, Size: 934 bytes --]
Test-Label: iol-nxp-Performance
Test-Status: FAILURE
http://dpdk.org/patch/72292
_Performance Testing issues_
Submitter: Tim McDaniel <timothy.mcdaniel@intel.com>
Date: Saturday, June 27 2020 04:37:25
DPDK git baseline: Repo:dpdk
Branch: master
CommitID:6248368a9ae1eadf6b7fb05ab37497afdb714429
72292-72316 --> performance testing fail
Test environment and result as below:
Ubuntu 18.04
Kernel: 4.14.122
Compiler: gcc 7.3.0
NIC: NXP LS2088A 10000 Mbps
Target: x86_64-native-linuxapp-gcc
Fail/Total: 0/0
Detail performance results:
There were no deltas reported. There may have been an issue with the test harness. If logs are available, download them from the ci website for more information.
To view detailed results, visit:
https://lab.dpdk.org/results/dashboard/patchsets/11698/
UNH-IOL DPDK Community Lab
To manage your email subscriptions, visit:
https://lab.dpdk.org/results/dashboard/preferences/subscriptions/
^ permalink raw reply [flat|nested] 2+ messages in thread
end of thread, other threads:[~2020-06-27 14:32 UTC | newest]
Thread overview: 2+ messages (download: mbox.gz / follow: Atom feed)
-- links below jump to the message on this page --
2020-06-27 14:32 [dpdk-test-report] |FAILURE| pw72292-72316 [PATCH] [01/27] eventdev: dlb upstream prerequisites dpdklab
-- strict thread matches above, loose matches on Subject: below --
2020-06-27 5:49 dpdklab
This is a public inbox, see mirroring instructions
for how to clone and mirror all data and code used for this inbox;
as well as URLs for NNTP newsgroup(s).