automatic DPDK test reports
 help / color / mirror / Atom feed
* [dpdk-test-report] |FAILURE| pw72370-72372 [PATCH] [1/4] net/qede/base: re-arrange few structures for DDC
@ 2020-06-28 10:03 dpdklab
  0 siblings, 0 replies; only message in thread
From: dpdklab @ 2020-06-28 10:03 UTC (permalink / raw)
  To: Test Report; +Cc: dpdk-test-reports

[-- Attachment #1: Type: text/plain, Size: 2908 bytes --]

Test-Label: iol-testing
Test-Status: FAILURE
http://dpdk.org/patch/72370

_Testing issues_

Submitter: Rasesh Mody <rmody@marvell.com>
Date: Sunday, June 28 2020 05:58:47 
DPDK git baseline: Repo:dpdk
  Branch: master
  CommitID:6248368a9ae1eadf6b7fb05ab37497afdb714429

72370-72372 --> testing fail

Test environment and result as below:

+---------------------+--------------------+----------------+-------------------+------------------+--------------+
|     Environment     | dpdk_meson_compile | dpdk_unit_test | dpdk_compile_spdk | dpdk_compile_ovs | dpdk_compile |
+=====================+====================+================+===================+==================+==============+
| Windows Server 2019 | PASS               | SKIPPED        | SKIPPED           | SKIPPED          | SKIPPED      |
+---------------------+--------------------+----------------+-------------------+------------------+--------------+
| FreeBSD 11.2        | FAIL               | SKIPPED        | PASS              | SKIPPED          | PASS         |
+---------------------+--------------------+----------------+-------------------+------------------+--------------+
| Fedora 31           | FAIL               | SKIPPED        | PASS              | PASS             | PASS         |
+---------------------+--------------------+----------------+-------------------+------------------+--------------+
| Ubuntu 18.04        | FAIL               | FAIL           | PASS              | PASS             | PASS         |
+---------------------+--------------------+----------------+-------------------+------------------+--------------+
| CentOS 8            | FAIL               | SKIPPED        | PASS              | PASS             | PASS         |
+---------------------+--------------------+----------------+-------------------+------------------+--------------+
| openSUSE Leap 15    | FAIL               | SKIPPED        | PASS              | PASS             | PASS         |
+---------------------+--------------------+----------------+-------------------+------------------+--------------+
| Arch Linux          | FAIL               | SKIPPED        | SKIPPED           | PASS             | PASS         |
+---------------------+--------------------+----------------+-------------------+------------------+--------------+

Windows Server 2019
	Kernel: 10.0
	Compiler: clang 9.0

FreeBSD 11.2
	Kernel: 11.2
	Compiler: gcc 8.3

Fedora 31
	Kernel: 5.3.16
	Compiler: gcc 9.2.1

Ubuntu 18.04
	Kernel: 4.15.0-generic
	Compiler: gcc 7.4

CentOS 8
	Kernel: 4.18.0.el8_0
	Compiler: gcc 8.3.1

openSUSE Leap 15
	Kernel: 4.12.14
	Compiler: gcc 7.4.1

Arch Linux
	Kernel: latest
	Compiler: gcc latest

To view detailed results, visit:
https://lab.dpdk.org/results/dashboard/patchsets/11706/

UNH-IOL DPDK Community Lab

To manage your email subscriptions, visit: 
https://lab.dpdk.org/results/dashboard/preferences/subscriptions/

^ permalink raw reply	[flat|nested] only message in thread

only message in thread, other threads:[~2020-06-28 10:03 UTC | newest]

Thread overview: (only message) (download: mbox.gz / follow: Atom feed)
-- links below jump to the message on this page --
2020-06-28 10:03 [dpdk-test-report] |FAILURE| pw72370-72372 [PATCH] [1/4] net/qede/base: re-arrange few structures for DDC dpdklab

automatic DPDK test reports

This inbox may be cloned and mirrored by anyone:

	git clone --mirror https://inbox.dpdk.org/test-report/0 test-report/git/0.git

	# If you have public-inbox 1.1+ installed, you may
	# initialize and index your mirror using the following commands:
	public-inbox-init -V2 test-report test-report/ https://inbox.dpdk.org/test-report \
		test-report@dpdk.org
	public-inbox-index test-report

Example config snippet for mirrors.
Newsgroup available over NNTP:
	nntp://inbox.dpdk.org/inbox.dpdk.test-report


AGPL code for this site: git clone https://public-inbox.org/public-inbox.git