* [dpdk-test-report] |FAILURE| pw73112-73130 [PATCH] [01/20] regex/mlx5: add RegEx PMD layer and mlx5 driver
@ 2020-07-06 13:13 dpdklab
0 siblings, 0 replies; only message in thread
From: dpdklab @ 2020-07-06 13:13 UTC (permalink / raw)
To: Test Report; +Cc: dpdk-test-reports
[-- Attachment #1: Type: text/plain, Size: 2905 bytes --]
Test-Label: iol-testing
Test-Status: FAILURE
http://dpdk.org/patch/73112
_Testing issues_
Submitter: Ori Kam <orika@mellanox.com>
Date: Sunday, July 05 2020 09:23:28
DPDK git baseline: Repo:dpdk
Branch: master
CommitID:9c99878aa1b16de26fcce82c112b401766dd910e
73112-73130 --> testing fail
Test environment and result as below:
+---------------------+----------------+--------------------+------------------+-------------------+--------------+
| Environment | dpdk_unit_test | dpdk_meson_compile | dpdk_compile_ovs | dpdk_compile_spdk | dpdk_compile |
+=====================+================+====================+==================+===================+==============+
| Ubuntu 18.04 | FAIL | FAIL | FAIL | FAIL | FAIL |
+---------------------+----------------+--------------------+------------------+-------------------+--------------+
| Windows Server 2019 | SKIPPED | PASS | SKIPPED | SKIPPED | SKIPPED |
+---------------------+----------------+--------------------+------------------+-------------------+--------------+
| Fedora 31 | SKIPPED | FAIL | FAIL | FAIL | FAIL |
+---------------------+----------------+--------------------+------------------+-------------------+--------------+
| CentOS 8 | SKIPPED | FAIL | FAIL | FAIL | FAIL |
+---------------------+----------------+--------------------+------------------+-------------------+--------------+
| openSUSE Leap 15 | SKIPPED | FAIL | FAIL | FAIL | FAIL |
+---------------------+----------------+--------------------+------------------+-------------------+--------------+
| FreeBSD 11.2 | SKIPPED | PASS | SKIPPED | PASS | PASS |
+---------------------+----------------+--------------------+------------------+-------------------+--------------+
| Arch Linux | SKIPPED | PASS | PASS | SKIPPED | PASS |
+---------------------+----------------+--------------------+------------------+-------------------+--------------+
Ubuntu 18.04
Kernel: 4.15.0-generic
Compiler: gcc 7.4
Windows Server 2019
Kernel: 10.0
Compiler: clang 9.0
Fedora 31
Kernel: 5.3.16
Compiler: gcc 9.2.1
CentOS 8
Kernel: 4.18.0.el8_0
Compiler: gcc 8.3.1
openSUSE Leap 15
Kernel: 4.12.14
Compiler: gcc 7.4.1
FreeBSD 11.2
Kernel: 11.2
Compiler: gcc 8.3
Arch Linux
Kernel: latest
Compiler: gcc latest
To view detailed results, visit:
https://lab.dpdk.org/results/dashboard/patchsets/11843/
UNH-IOL DPDK Community Lab
To manage your email subscriptions, visit:
https://lab.dpdk.org/results/dashboard/preferences/subscriptions/
^ permalink raw reply [flat|nested] only message in thread
only message in thread, other threads:[~2020-07-06 13:13 UTC | newest]
Thread overview: (only message) (download: mbox.gz / follow: Atom feed)
-- links below jump to the message on this page --
2020-07-06 13:13 [dpdk-test-report] |FAILURE| pw73112-73130 [PATCH] [01/20] regex/mlx5: add RegEx PMD layer and mlx5 driver dpdklab
This is a public inbox, see mirroring instructions
for how to clone and mirror all data and code used for this inbox;
as well as URLs for NNTP newsgroup(s).