From: dpdklab@iol.unh.edu
To: Test Report <test-report@dpdk.org>
Cc: dpdk-test-reports@iol.unh.edu
Subject: [dpdk-test-report] |FAILURE| pw73840-73854 [PATCH] [v2, 01/20] regex/mlx5: add RegEx PMD layer and mlx5 driver
Date: Mon, 13 Jul 2020 20:51:41 -0400 (EDT) [thread overview]
Message-ID: <20200714005141.5BAD66D44A@noxus.dpdklab.iol.unh.edu> (raw)
[-- Attachment #1: Type: text/plain, Size: 2905 bytes --]
Test-Label: iol-testing
Test-Status: FAILURE
http://dpdk.org/patch/73840
_Testing issues_
Submitter: Ori Kam <orika@mellanox.com>
Date: Sunday, July 12 2020 20:58:42
DPDK git baseline: Repo:dpdk
Branch: master
CommitID:87520e59fb84c3ba5dbeee10d57a534fa3a70ad2
73840-73854 --> testing fail
Test environment and result as below:
+---------------------+--------------------+----------------+-------------------+--------------+------------------+
| Environment | dpdk_meson_compile | dpdk_unit_test | dpdk_compile_spdk | dpdk_compile | dpdk_compile_ovs |
+=====================+====================+================+===================+==============+==================+
| Windows Server 2019 | PASS | SKIPPED | SKIPPED | SKIPPED | SKIPPED |
+---------------------+--------------------+----------------+-------------------+--------------+------------------+
| FreeBSD 11.2 | PASS | SKIPPED | PASS | PASS | SKIPPED |
+---------------------+--------------------+----------------+-------------------+--------------+------------------+
| Fedora 31 | FAIL | SKIPPED | PASS | PASS | PASS |
+---------------------+--------------------+----------------+-------------------+--------------+------------------+
| Ubuntu 18.04 | FAIL | FAIL | PASS | PASS | PASS |
+---------------------+--------------------+----------------+-------------------+--------------+------------------+
| CentOS 8 | FAIL | SKIPPED | PASS | PASS | PASS |
+---------------------+--------------------+----------------+-------------------+--------------+------------------+
| openSUSE Leap 15 | FAIL | SKIPPED | PASS | PASS | PASS |
+---------------------+--------------------+----------------+-------------------+--------------+------------------+
| Arch Linux | FAIL | SKIPPED | SKIPPED | PASS | PASS |
+---------------------+--------------------+----------------+-------------------+--------------+------------------+
Windows Server 2019
Kernel: 10.0
Compiler: clang 9.0
FreeBSD 11.2
Kernel: 11.2
Compiler: gcc 8.3
Fedora 31
Kernel: 5.3.16
Compiler: gcc 9.2.1
Ubuntu 18.04
Kernel: 4.15.0-generic
Compiler: gcc 7.4
CentOS 8
Kernel: 4.18.0.el8_0
Compiler: gcc 8.3.1
openSUSE Leap 15
Kernel: 4.12.14
Compiler: gcc 7.4.1
Arch Linux
Kernel: latest
Compiler: gcc latest
To view detailed results, visit:
https://lab.dpdk.org/results/dashboard/patchsets/12020/
UNH-IOL DPDK Community Lab
To manage your email subscriptions, visit:
https://lab.dpdk.org/results/dashboard/preferences/subscriptions/
next reply other threads:[~2020-07-14 0:51 UTC|newest]
Thread overview: 2+ messages / expand[flat|nested] mbox.gz Atom feed top
2020-07-14 0:51 dpdklab [this message]
-- strict thread matches above, loose matches on Subject: below --
2020-07-12 21:28 dpdklab
Reply instructions:
You may reply publicly to this message via plain-text email
using any one of the following methods:
* Save the following mbox file, import it into your mail client,
and reply-to-all from there: mbox
Avoid top-posting and favor interleaved quoting:
https://en.wikipedia.org/wiki/Posting_style#Interleaved_style
* Reply using the --to, --cc, and --in-reply-to
switches of git-send-email(1):
git send-email \
--in-reply-to=20200714005141.5BAD66D44A@noxus.dpdklab.iol.unh.edu \
--to=dpdklab@iol.unh.edu \
--cc=dpdk-test-reports@iol.unh.edu \
--cc=test-report@dpdk.org \
/path/to/YOUR_REPLY
https://kernel.org/pub/software/scm/git/docs/git-send-email.html
* If your mail client supports setting the In-Reply-To header
via mailto: links, try the mailto: link
Be sure your reply has a Subject: header at the top and a blank line
before the message body.
This is a public inbox, see mirroring instructions
for how to clone and mirror all data and code used for this inbox;
as well as URLs for NNTP newsgroup(s).