* [dpdk-test-report] |FAILURE| pw73958-73964 [PATCH] [v2, 1/7] lib/librte_pci: add rte_pci_regs.h
@ 2020-07-14 22:05 dpdklab
0 siblings, 0 replies; only message in thread
From: dpdklab @ 2020-07-14 22:05 UTC (permalink / raw)
To: Test Report; +Cc: dpdk-test-reports
[-- Attachment #1: Type: text/plain, Size: 2912 bytes --]
Test-Label: iol-testing
Test-Status: FAILURE
http://dpdk.org/patch/73958
_Testing issues_
Submitter: Manish Chopra <manishc@marvell.com>
Date: Monday, July 13 2020 15:13:13
DPDK git baseline: Repo:dpdk
Branch: master
CommitID:466032ef8012a7fddd8dda986c5977e9341e3c35
73958-73964 --> testing fail
Test environment and result as below:
+---------------------+--------------------+----------------+-------------------+--------------+------------------+
| Environment | dpdk_meson_compile | dpdk_unit_test | dpdk_compile_spdk | dpdk_compile | dpdk_compile_ovs |
+=====================+====================+================+===================+==============+==================+
| Windows Server 2019 | PASS | SKIPPED | SKIPPED | SKIPPED | SKIPPED |
+---------------------+--------------------+----------------+-------------------+--------------+------------------+
| FreeBSD 11.2 | FAIL | SKIPPED | PASS | PASS | SKIPPED |
+---------------------+--------------------+----------------+-------------------+--------------+------------------+
| Fedora 31 | FAIL | SKIPPED | PASS | PASS | PASS |
+---------------------+--------------------+----------------+-------------------+--------------+------------------+
| Ubuntu 18.04 | FAIL | FAIL | PASS | PASS | PASS |
+---------------------+--------------------+----------------+-------------------+--------------+------------------+
| CentOS 8 | FAIL | SKIPPED | PASS | PASS | PASS |
+---------------------+--------------------+----------------+-------------------+--------------+------------------+
| openSUSE Leap 15 | FAIL | SKIPPED | PASS | PASS | PASS |
+---------------------+--------------------+----------------+-------------------+--------------+------------------+
| Arch Linux | FAIL | SKIPPED | SKIPPED | PASS | PASS |
+---------------------+--------------------+----------------+-------------------+--------------+------------------+
Windows Server 2019
Kernel: 10.0
Compiler: clang 9.0
FreeBSD 11.2
Kernel: 11.2
Compiler: gcc 8.3
Fedora 31
Kernel: 5.3.16
Compiler: gcc 9.2.1
Ubuntu 18.04
Kernel: 4.15.0-generic
Compiler: gcc 7.4
CentOS 8
Kernel: 4.18.0.el8_0
Compiler: gcc 8.3.1
openSUSE Leap 15
Kernel: 4.12.14
Compiler: gcc 7.4.1
Arch Linux
Kernel: latest
Compiler: gcc latest
To view detailed results, visit:
https://lab.dpdk.org/results/dashboard/patchsets/12050/
UNH-IOL DPDK Community Lab
To manage your email subscriptions, visit:
https://lab.dpdk.org/results/dashboard/preferences/subscriptions/
^ permalink raw reply [flat|nested] only message in thread
only message in thread, other threads:[~2020-07-14 22:05 UTC | newest]
Thread overview: (only message) (download: mbox.gz / follow: Atom feed)
-- links below jump to the message on this page --
2020-07-14 22:05 [dpdk-test-report] |FAILURE| pw73958-73964 [PATCH] [v2, 1/7] lib/librte_pci: add rte_pci_regs.h dpdklab
This is a public inbox, see mirroring instructions
for how to clone and mirror all data and code used for this inbox;
as well as URLs for NNTP newsgroup(s).