* [dpdk-test-report] |FAILURE| pw75861-75862 [PATCH] [v1, 12/13] net/mlx5: separate vlan strip modification
@ 2020-08-24 11:55 dpdklab
0 siblings, 0 replies; only message in thread
From: dpdklab @ 2020-08-24 11:55 UTC (permalink / raw)
To: Test Report; +Cc: dpdk-test-reports
[-- Attachment #1: Type: text/plain, Size: 2914 bytes --]
Test-Label: iol-testing
Test-Status: FAILURE
http://dpdk.org/patch/75862
_Testing issues_
Submitter: Ophir Munk <ophirmu@mellanox.com>
Date: Thursday, August 20 2020 14:28:33
DPDK git baseline: Repo:dpdk
Branch: master
CommitID:cd6f1d7a5fde76c4f1e771de9f7aafdf59d691e4
75861-75862 --> testing fail
Test environment and result as below:
+---------------------+----------------+--------------------+--------------+------------------+-------------------+
| Environment | dpdk_unit_test | dpdk_meson_compile | dpdk_compile | dpdk_compile_ovs | dpdk_compile_spdk |
+=====================+================+====================+==============+==================+===================+
| Ubuntu 18.04 | FAIL | FAIL | FAIL | FAIL | FAIL |
+---------------------+----------------+--------------------+--------------+------------------+-------------------+
| Windows Server 2019 | SKIPPED | PASS | SKIPPED | SKIPPED | SKIPPED |
+---------------------+----------------+--------------------+--------------+------------------+-------------------+
| Fedora 31 | SKIPPED | FAIL | FAIL | FAIL | FAIL |
+---------------------+----------------+--------------------+--------------+------------------+-------------------+
| CentOS 8 | SKIPPED | FAIL | FAIL | FAIL | FAIL |
+---------------------+----------------+--------------------+--------------+------------------+-------------------+
| FreeBSD 11.2 | SKIPPED | PASS | PASS | SKIPPED | PASS |
+---------------------+----------------+--------------------+--------------+------------------+-------------------+
| openSUSE Leap 15 | SKIPPED | FAIL | FAIL | FAIL | FAIL |
+---------------------+----------------+--------------------+--------------+------------------+-------------------+
| Arch Linux | SKIPPED | FAIL | FAIL | FAIL | SKIPPED |
+---------------------+----------------+--------------------+--------------+------------------+-------------------+
Ubuntu 18.04
Kernel: 4.15.0-generic
Compiler: gcc 7.4
Windows Server 2019
Kernel: 10.0
Compiler: clang 9.0
Fedora 31
Kernel: 5.3.16
Compiler: gcc 9.2.1
CentOS 8
Kernel: 4.18.0.el8_0
Compiler: gcc 8.3.1
FreeBSD 11.2
Kernel: 11.2
Compiler: gcc 8.3
openSUSE Leap 15
Kernel: 4.12.14
Compiler: gcc 7.4.1
Arch Linux
Kernel: latest
Compiler: gcc latest
To view detailed results, visit:
https://lab.dpdk.org/results/dashboard/patchsets/12679/
UNH-IOL DPDK Community Lab
To manage your email subscriptions, visit:
https://lab.dpdk.org/results/dashboard/preferences/subscriptions/
^ permalink raw reply [flat|nested] only message in thread
only message in thread, other threads:[~2020-08-24 11:55 UTC | newest]
Thread overview: (only message) (download: mbox.gz / follow: Atom feed)
-- links below jump to the message on this page --
2020-08-24 11:55 [dpdk-test-report] |FAILURE| pw75861-75862 [PATCH] [v1, 12/13] net/mlx5: separate vlan strip modification dpdklab
This is a public inbox, see mirroring instructions
for how to clone and mirror all data and code used for this inbox;
as well as URLs for NNTP newsgroup(s).