* [dpdk-test-report] |FAILURE| pw76919-76920 [PATCH] [2/2] doc: add l3fwd-regex application user guide
@ 2020-09-08 17:12 dpdklab
0 siblings, 0 replies; 2+ messages in thread
From: dpdklab @ 2020-09-08 17:12 UTC (permalink / raw)
To: Test Report; +Cc: dpdk-test-reports
[-- Attachment #1: Type: text/plain, Size: 2657 bytes --]
Test-Label: iol-testing
Test-Status: FAILURE
http://dpdk.org/patch/76920
_Testing issues_
Submitter: Guy Kaneti <guyk@marvell.com>
Date: Tuesday, September 08 2020 12:31:44
DPDK git baseline: Repo:dpdk
Branch: master
CommitID:cd6f1d7a5fde76c4f1e771de9f7aafdf59d691e4
76919-76920 --> testing fail
Test environment and result as below:
+---------------------+--------------------+-------------------+----------------+------------------+
| Environment | dpdk_meson_compile | dpdk_compile_spdk | dpdk_unit_test | dpdk_compile_ovs |
+=====================+====================+===================+================+==================+
| Windows Server 2019 | PASS | SKIPPED | SKIPPED | SKIPPED |
+---------------------+--------------------+-------------------+----------------+------------------+
| FreeBSD 11.2 | FAIL | PASS | SKIPPED | SKIPPED |
+---------------------+--------------------+-------------------+----------------+------------------+
| Ubuntu 18.04 | FAIL | PASS | FAIL | PASS |
+---------------------+--------------------+-------------------+----------------+------------------+
| CentOS 8 | FAIL | PASS | SKIPPED | PASS |
+---------------------+--------------------+-------------------+----------------+------------------+
| openSUSE Leap 15 | FAIL | PASS | SKIPPED | PASS |
+---------------------+--------------------+-------------------+----------------+------------------+
| Fedora 31 | FAIL | PASS | SKIPPED | PASS |
+---------------------+--------------------+-------------------+----------------+------------------+
| Arch Linux | FAIL | SKIPPED | SKIPPED | PASS |
+---------------------+--------------------+-------------------+----------------+------------------+
Windows Server 2019
Kernel: 10.0
Compiler: clang 9.0
FreeBSD 11.2
Kernel: 11.2
Compiler: gcc 8.3
Ubuntu 18.04
Kernel: 4.15.0-generic
Compiler: gcc 7.4
CentOS 8
Kernel: 4.18.0.el8_0
Compiler: gcc 8.3.1
openSUSE Leap 15
Kernel: 4.12.14
Compiler: gcc 7.4.1
Fedora 31
Kernel: 5.3.16
Compiler: gcc 9.2.1
Arch Linux
Kernel: latest
Compiler: gcc latest
To view detailed results, visit:
https://lab.dpdk.org/results/dashboard/patchsets/12901/
UNH-IOL DPDK Community Lab
To manage your email subscriptions, visit:
https://lab.dpdk.org/results/dashboard/preferences/subscriptions/
^ permalink raw reply [flat|nested] 2+ messages in thread
* [dpdk-test-report] |FAILURE| pw76919-76920 [PATCH] [2/2] doc: add l3fwd-regex application user guide
@ 2020-09-08 16:36 dpdklab
0 siblings, 0 replies; 2+ messages in thread
From: dpdklab @ 2020-09-08 16:36 UTC (permalink / raw)
To: Test Report; +Cc: dpdk-test-reports
[-- Attachment #1: Type: text/plain, Size: 2657 bytes --]
Test-Label: iol-testing
Test-Status: FAILURE
http://dpdk.org/patch/76920
_Testing issues_
Submitter: Guy Kaneti <guyk@marvell.com>
Date: Tuesday, September 08 2020 12:31:44
DPDK git baseline: Repo:dpdk
Branch: master
CommitID:cd6f1d7a5fde76c4f1e771de9f7aafdf59d691e4
76919-76920 --> testing fail
Test environment and result as below:
+---------------------+--------------------+-------------------+----------------+------------------+
| Environment | dpdk_meson_compile | dpdk_compile_spdk | dpdk_unit_test | dpdk_compile_ovs |
+=====================+====================+===================+================+==================+
| Windows Server 2019 | PASS | SKIPPED | SKIPPED | SKIPPED |
+---------------------+--------------------+-------------------+----------------+------------------+
| FreeBSD 11.2 | FAIL | PASS | SKIPPED | SKIPPED |
+---------------------+--------------------+-------------------+----------------+------------------+
| CentOS 8 | FAIL | PASS | SKIPPED | PASS |
+---------------------+--------------------+-------------------+----------------+------------------+
| Fedora 31 | FAIL | PASS | SKIPPED | PASS |
+---------------------+--------------------+-------------------+----------------+------------------+
| Ubuntu 18.04 | FAIL | PASS | FAIL | PASS |
+---------------------+--------------------+-------------------+----------------+------------------+
| openSUSE Leap 15 | FAIL | PASS | SKIPPED | PASS |
+---------------------+--------------------+-------------------+----------------+------------------+
| Arch Linux | FAIL | SKIPPED | SKIPPED | PASS |
+---------------------+--------------------+-------------------+----------------+------------------+
Windows Server 2019
Kernel: 10.0
Compiler: clang 9.0
FreeBSD 11.2
Kernel: 11.2
Compiler: gcc 8.3
CentOS 8
Kernel: 4.18.0.el8_0
Compiler: gcc 8.3.1
Fedora 31
Kernel: 5.3.16
Compiler: gcc 9.2.1
Ubuntu 18.04
Kernel: 4.15.0-generic
Compiler: gcc 7.4
openSUSE Leap 15
Kernel: 4.12.14
Compiler: gcc 7.4.1
Arch Linux
Kernel: latest
Compiler: gcc latest
To view detailed results, visit:
https://lab.dpdk.org/results/dashboard/patchsets/12901/
UNH-IOL DPDK Community Lab
To manage your email subscriptions, visit:
https://lab.dpdk.org/results/dashboard/preferences/subscriptions/
^ permalink raw reply [flat|nested] 2+ messages in thread
end of thread, other threads:[~2020-09-08 17:12 UTC | newest]
Thread overview: 2+ messages (download: mbox.gz / follow: Atom feed)
-- links below jump to the message on this page --
2020-09-08 17:12 [dpdk-test-report] |FAILURE| pw76919-76920 [PATCH] [2/2] doc: add l3fwd-regex application user guide dpdklab
-- strict thread matches above, loose matches on Subject: below --
2020-09-08 16:36 dpdklab
This is a public inbox, see mirroring instructions
for how to clone and mirror all data and code used for this inbox;
as well as URLs for NNTP newsgroup(s).