* [dpdk-test-report] |FAILURE| pw80832 [PATCH] net/ice: fix RSS hash offload at vector mode
@ 2020-10-15 6:42 dpdklab
0 siblings, 0 replies; only message in thread
From: dpdklab @ 2020-10-15 6:42 UTC (permalink / raw)
To: Test Report; +Cc: dpdk-test-reports
[-- Attachment #1: Type: text/plain, Size: 1822 bytes --]
Test-Label: iol-testing
Test-Status: FAILURE
http://dpdk.org/patch/80832
_Testing issues_
Submitter: Zhang Alvin <alvinx.zhang@intel.com>
Date: Thursday, October 15 2020 13:48:53
DPDK git baseline: Repo:dpdk
Branch: master
CommitID:f4cbdbc7fbd2cf352d50f5ce7018a63dc5392b1b
80832 --> testing fail
Test environment and result as below:
+---------------------+--------------------+----------------+
| Environment | dpdk_meson_compile | dpdk_unit_test |
+=====================+====================+================+
| Windows Server 2019 | PASS | SKIPPED |
+---------------------+--------------------+----------------+
| CentOS 8 | FAIL | SKIPPED |
+---------------------+--------------------+----------------+
| openSUSE Leap 15 | FAIL | SKIPPED |
+---------------------+--------------------+----------------+
| FreeBSD 11.2 | PASS | SKIPPED |
+---------------------+--------------------+----------------+
| Ubuntu 18.04 | FAIL | FAIL |
+---------------------+--------------------+----------------+
| Arch Linux | FAIL | SKIPPED |
+---------------------+--------------------+----------------+
Windows Server 2019
Kernel: 10.0
Compiler: clang 9.0
CentOS 8
Kernel: 4.18.0.el8_0
Compiler: gcc 8.3.1
openSUSE Leap 15
Kernel: 4.12.14
Compiler: gcc 7.4.1
FreeBSD 11.2
Kernel: 11.2
Compiler: gcc 8.3
Ubuntu 18.04
Kernel: 4.15.0-generic
Compiler: gcc 7.4
Arch Linux
Kernel: latest
Compiler: gcc latest
To view detailed results, visit:
https://lab.dpdk.org/results/dashboard/patchsets/13729/
UNH-IOL DPDK Community Lab
To manage your email subscriptions, visit:
https://lab.dpdk.org/results/dashboard/preferences/subscriptions/
^ permalink raw reply [flat|nested] only message in thread
only message in thread, other threads:[~2020-10-15 6:42 UTC | newest]
Thread overview: (only message) (download: mbox.gz / follow: Atom feed)
-- links below jump to the message on this page --
2020-10-15 6:42 [dpdk-test-report] |FAILURE| pw80832 [PATCH] net/ice: fix RSS hash offload at vector mode dpdklab
This is a public inbox, see mirroring instructions
for how to clone and mirror all data and code used for this inbox;
as well as URLs for NNTP newsgroup(s).