* [dpdk-test-report] |FAILURE| pw80978-80984 [PATCH] [v7, 6/6] app/testpmd: add extended Rx queue setup
@ 2020-10-15 21:33 dpdklab
0 siblings, 0 replies; 4+ messages in thread
From: dpdklab @ 2020-10-15 21:33 UTC (permalink / raw)
To: Ajit Khaparde, Test Report; +Cc: dpdk-test-reports
[-- Attachment #1: Type: text/plain, Size: 864 bytes --]
Test-Label: iol-broadcom-Functional
Test-Status: FAILURE
http://dpdk.org/patch/80984
_Functional Testing issues_
Submitter: Slava Ovsiienko <viacheslavo@nvidia.com>
Date: Thursday, October 15 2020 20:17:24
DPDK git baseline: Repo:dpdk
Branch: master
CommitID:f4cbdbc7fbd2cf352d50f5ce7018a63dc5392b1b
80978-80984 --> functional testing fail
Test environment and result as below:
Ubuntu 18.04
Kernel: 4.15.0-65-generic
Compiler: gcc gcc (Ubuntu 7.4.0-1ubuntu1~18.04.1) 7.4.0
NIC: Broadcom Inc. brcm_57414 25000 Mbps
Target: x86_64-native-linuxapp-gcc
Fail/Total: 3/3
Failed Tests:
- mtu_update
- scatter
- stats_checks
To view detailed results, visit:
https://lab.dpdk.org/results/dashboard/patchsets/13766/
UNH-IOL DPDK Community Lab
To manage your email subscriptions, visit:
https://lab.dpdk.org/results/dashboard/preferences/subscriptions/
^ permalink raw reply [flat|nested] 4+ messages in thread
* [dpdk-test-report] |FAILURE| pw80978-80984 [PATCH] [v7, 6/6] app/testpmd: add extended Rx queue setup
@ 2020-10-16 3:23 dpdklab
0 siblings, 0 replies; 4+ messages in thread
From: dpdklab @ 2020-10-16 3:23 UTC (permalink / raw)
To: Test Report; +Cc: dpdk-test-reports
[-- Attachment #1: Type: text/plain, Size: 2004 bytes --]
Test-Label: iol-testing
Test-Status: FAILURE
http://dpdk.org/patch/80984
_Testing issues_
Submitter: Slava Ovsiienko <viacheslavo@nvidia.com>
Date: Thursday, October 15 2020 20:17:24
DPDK git baseline: Repo:dpdk
Branch: master
CommitID:f4cbdbc7fbd2cf352d50f5ce7018a63dc5392b1b
80978-80984 --> testing fail
Test environment and result as below:
+---------------------+--------------------+----------------+
| Environment | dpdk_meson_compile | dpdk_unit_test |
+=====================+====================+================+
| Windows Server 2019 | PASS | SKIPPED |
+---------------------+--------------------+----------------+
| Fedora 31 | FAIL | SKIPPED |
+---------------------+--------------------+----------------+
| FreeBSD 11.2 | FAIL | SKIPPED |
+---------------------+--------------------+----------------+
| CentOS 8 | FAIL | SKIPPED |
+---------------------+--------------------+----------------+
| openSUSE Leap 15 | FAIL | SKIPPED |
+---------------------+--------------------+----------------+
| Ubuntu 18.04 | FAIL | FAIL |
+---------------------+--------------------+----------------+
| Arch Linux | FAIL | SKIPPED |
+---------------------+--------------------+----------------+
Windows Server 2019
Kernel: 10.0
Compiler: clang 9.0
Fedora 31
Kernel: 5.3.16
Compiler: gcc 9.2.1
FreeBSD 11.2
Kernel: 11.2
Compiler: gcc 8.3
CentOS 8
Kernel: 4.18.0.el8_0
Compiler: gcc 8.3.1
openSUSE Leap 15
Kernel: 4.12.14
Compiler: gcc 7.4.1
Ubuntu 18.04
Kernel: 4.15.0-generic
Compiler: gcc 7.4
Arch Linux
Kernel: latest
Compiler: gcc latest
To view detailed results, visit:
https://lab.dpdk.org/results/dashboard/patchsets/13766/
UNH-IOL DPDK Community Lab
To manage your email subscriptions, visit:
https://lab.dpdk.org/results/dashboard/preferences/subscriptions/
^ permalink raw reply [flat|nested] 4+ messages in thread
* [dpdk-test-report] |FAILURE| pw80978-80984 [PATCH] [v7, 6/6] app/testpmd: add extended Rx queue setup
@ 2020-10-16 3:09 dpdklab
0 siblings, 0 replies; 4+ messages in thread
From: dpdklab @ 2020-10-16 3:09 UTC (permalink / raw)
To: Test Report; +Cc: dpdk-test-reports
[-- Attachment #1: Type: text/plain, Size: 2004 bytes --]
Test-Label: iol-testing
Test-Status: FAILURE
http://dpdk.org/patch/80984
_Testing issues_
Submitter: Slava Ovsiienko <viacheslavo@nvidia.com>
Date: Thursday, October 15 2020 20:17:24
DPDK git baseline: Repo:dpdk
Branch: master
CommitID:f4cbdbc7fbd2cf352d50f5ce7018a63dc5392b1b
80978-80984 --> testing fail
Test environment and result as below:
+---------------------+--------------------+----------------+
| Environment | dpdk_meson_compile | dpdk_unit_test |
+=====================+====================+================+
| Windows Server 2019 | PASS | SKIPPED |
+---------------------+--------------------+----------------+
| FreeBSD 11.2 | FAIL | SKIPPED |
+---------------------+--------------------+----------------+
| Fedora 31 | FAIL | SKIPPED |
+---------------------+--------------------+----------------+
| CentOS 8 | FAIL | SKIPPED |
+---------------------+--------------------+----------------+
| Ubuntu 18.04 | FAIL | FAIL |
+---------------------+--------------------+----------------+
| openSUSE Leap 15 | FAIL | SKIPPED |
+---------------------+--------------------+----------------+
| Arch Linux | FAIL | SKIPPED |
+---------------------+--------------------+----------------+
Windows Server 2019
Kernel: 10.0
Compiler: clang 9.0
FreeBSD 11.2
Kernel: 11.2
Compiler: gcc 8.3
Fedora 31
Kernel: 5.3.16
Compiler: gcc 9.2.1
CentOS 8
Kernel: 4.18.0.el8_0
Compiler: gcc 8.3.1
Ubuntu 18.04
Kernel: 4.15.0-generic
Compiler: gcc 7.4
openSUSE Leap 15
Kernel: 4.12.14
Compiler: gcc 7.4.1
Arch Linux
Kernel: latest
Compiler: gcc latest
To view detailed results, visit:
https://lab.dpdk.org/results/dashboard/patchsets/13766/
UNH-IOL DPDK Community Lab
To manage your email subscriptions, visit:
https://lab.dpdk.org/results/dashboard/preferences/subscriptions/
^ permalink raw reply [flat|nested] 4+ messages in thread
* [dpdk-test-report] |FAILURE| pw80978-80984 [PATCH] [v7, 6/6] app/testpmd: add extended Rx queue setup
@ 2020-10-15 21:52 dpdklab
0 siblings, 0 replies; 4+ messages in thread
From: dpdklab @ 2020-10-15 21:52 UTC (permalink / raw)
To: Ajit Khaparde, Test Report; +Cc: dpdk-test-reports
[-- Attachment #1: Type: text/plain, Size: 864 bytes --]
Test-Label: iol-broadcom-Functional
Test-Status: FAILURE
http://dpdk.org/patch/80984
_Functional Testing issues_
Submitter: Slava Ovsiienko <viacheslavo@nvidia.com>
Date: Thursday, October 15 2020 20:17:24
DPDK git baseline: Repo:dpdk
Branch: master
CommitID:f4cbdbc7fbd2cf352d50f5ce7018a63dc5392b1b
80978-80984 --> functional testing fail
Test environment and result as below:
Ubuntu 18.04
Kernel: 4.15.0-65-generic
Compiler: gcc gcc (Ubuntu 7.4.0-1ubuntu1~18.04.1) 7.4.0
NIC: Broadcom Inc. brcm_57414 25000 Mbps
Target: x86_64-native-linuxapp-gcc
Fail/Total: 3/3
Failed Tests:
- mtu_update
- scatter
- stats_checks
To view detailed results, visit:
https://lab.dpdk.org/results/dashboard/patchsets/13766/
UNH-IOL DPDK Community Lab
To manage your email subscriptions, visit:
https://lab.dpdk.org/results/dashboard/preferences/subscriptions/
^ permalink raw reply [flat|nested] 4+ messages in thread
end of thread, other threads:[~2020-10-16 3:23 UTC | newest]
Thread overview: 4+ messages (download: mbox.gz / follow: Atom feed)
-- links below jump to the message on this page --
2020-10-15 21:33 [dpdk-test-report] |FAILURE| pw80978-80984 [PATCH] [v7, 6/6] app/testpmd: add extended Rx queue setup dpdklab
2020-10-15 21:52 dpdklab
2020-10-16 3:09 dpdklab
2020-10-16 3:23 dpdklab
This is a public inbox, see mirroring instructions
for how to clone and mirror all data and code used for this inbox;
as well as URLs for NNTP newsgroup(s).