* [dpdk-test-report] |FAILURE| pw81579-81581 [PATCH] [v3, 3/3] net/ice: optimize Tx path on AVX512 vPMD
@ 2020-10-20 11:57 dpdklab
0 siblings, 0 replies; 2+ messages in thread
From: dpdklab @ 2020-10-20 11:57 UTC (permalink / raw)
To: Test Report; +Cc: dpdk-test-reports
[-- Attachment #1: Type: text/plain, Size: 1994 bytes --]
Test-Label: iol-testing
Test-Status: FAILURE
http://dpdk.org/patch/81581
_Testing issues_
Submitter: Leyi Rong <leyi.rong@intel.com>
Date: Tuesday, October 20 2020 10:51:53
DPDK git baseline: Repo:dpdk
Branch: master
CommitID:a8d0d473a0a89b3c50813e3e144e9a5377429f24
81579-81581 --> testing fail
Test environment and result as below:
+---------------------+--------------------+----------------+
| Environment | dpdk_meson_compile | dpdk_unit_test |
+=====================+====================+================+
| Windows Server 2019 | PASS | SKIPPED |
+---------------------+--------------------+----------------+
| FreeBSD 11.2 | PASS | SKIPPED |
+---------------------+--------------------+----------------+
| openSUSE Leap 15 | FAIL | SKIPPED |
+---------------------+--------------------+----------------+
| Fedora 31 | PASS | SKIPPED |
+---------------------+--------------------+----------------+
| CentOS 8 | PASS | SKIPPED |
+---------------------+--------------------+----------------+
| Ubuntu 18.04 | PASS | FAIL |
+---------------------+--------------------+----------------+
| Arch Linux | PASS | SKIPPED |
+---------------------+--------------------+----------------+
Windows Server 2019
Kernel: 10.0
Compiler: clang 9.0
FreeBSD 11.2
Kernel: 11.2
Compiler: gcc 8.3
openSUSE Leap 15
Kernel: 4.12.14
Compiler: gcc 7.4.1
Fedora 31
Kernel: 5.3.16
Compiler: gcc 9.2.1
CentOS 8
Kernel: 4.18.0.el8_0
Compiler: gcc 8.3.1
Ubuntu 18.04
Kernel: 4.15.0-generic
Compiler: gcc 7.4
Arch Linux
Kernel: latest
Compiler: gcc latest
To view detailed results, visit:
https://lab.dpdk.org/results/dashboard/patchsets/13861/
UNH-IOL DPDK Community Lab
To manage your email subscriptions, visit:
https://lab.dpdk.org/results/dashboard/preferences/subscriptions/
^ permalink raw reply [flat|nested] 2+ messages in thread
* [dpdk-test-report] |FAILURE| pw81579-81581 [PATCH] [v3, 3/3] net/ice: optimize Tx path on AVX512 vPMD
@ 2020-10-20 11:51 dpdklab
0 siblings, 0 replies; 2+ messages in thread
From: dpdklab @ 2020-10-20 11:51 UTC (permalink / raw)
To: Ajit Khaparde, Test Report; +Cc: dpdk-test-reports
[-- Attachment #1: Type: text/plain, Size: 822 bytes --]
Test-Label: iol-broadcom-Functional
Test-Status: FAILURE
http://dpdk.org/patch/81581
_Functional Testing issues_
Submitter: Leyi Rong <leyi.rong@intel.com>
Date: Tuesday, October 20 2020 10:51:53
DPDK git baseline: Repo:dpdk
Branch: master
CommitID:a8d0d473a0a89b3c50813e3e144e9a5377429f24
81579-81581 --> functional testing fail
Test environment and result as below:
Ubuntu 18.04
Kernel: 4.15.0-65-generic
Compiler: gcc gcc (Ubuntu 7.4.0-1ubuntu1~18.04.1) 7.4.0
NIC: Broadcom Inc. brcm_57414 25000 Mbps
Target: x86_64-native-linuxapp-gcc
Fail/Total: 1/1
Failed Tests:
- scatter
To view detailed results, visit:
https://lab.dpdk.org/results/dashboard/patchsets/13861/
UNH-IOL DPDK Community Lab
To manage your email subscriptions, visit:
https://lab.dpdk.org/results/dashboard/preferences/subscriptions/
^ permalink raw reply [flat|nested] 2+ messages in thread
end of thread, other threads:[~2020-10-20 11:57 UTC | newest]
Thread overview: 2+ messages (download: mbox.gz / follow: Atom feed)
-- links below jump to the message on this page --
2020-10-20 11:57 [dpdk-test-report] |FAILURE| pw81579-81581 [PATCH] [v3, 3/3] net/ice: optimize Tx path on AVX512 vPMD dpdklab
-- strict thread matches above, loose matches on Subject: below --
2020-10-20 11:51 dpdklab
This is a public inbox, see mirroring instructions
for how to clone and mirror all data and code used for this inbox;
as well as URLs for NNTP newsgroup(s).