From: dpdklab@iol.unh.edu
To: Test Report <test-report@dpdk.org>
Cc: dpdk-test-reports@iol.unh.edu
Subject: [dpdk-test-report] |FAILURE| pw81583-81586 [PATCH] [v7, 4/4] doc: update release notes for vhost sample
Date: Tue, 20 Oct 2020 08:05:44 -0400 (EDT) [thread overview]
Message-ID: <20201020120544.23E7D88E71@noxus.dpdklab.iol.unh.edu> (raw)
[-- Attachment #1: Type: text/plain, Size: 1999 bytes --]
Test-Label: iol-testing
Test-Status: FAILURE
http://dpdk.org/patch/81586
_Testing issues_
Submitter: Cheng Jiang <Cheng1.jiang@intel.com>
Date: Tuesday, October 20 2020 11:20:58
DPDK git baseline: Repo:dpdk
Branch: master
CommitID:a8d0d473a0a89b3c50813e3e144e9a5377429f24
81583-81586 --> testing fail
Test environment and result as below:
+---------------------+----------------+--------------------+
| Environment | dpdk_unit_test | dpdk_meson_compile |
+=====================+================+====================+
| Ubuntu 18.04 | FAIL | FAIL |
+---------------------+----------------+--------------------+
| Fedora 31 | SKIPPED | FAIL |
+---------------------+----------------+--------------------+
| CentOS 8 | SKIPPED | FAIL |
+---------------------+----------------+--------------------+
| openSUSE Leap 15 | SKIPPED | FAIL |
+---------------------+----------------+--------------------+
| Windows Server 2019 | SKIPPED | PASS |
+---------------------+----------------+--------------------+
| FreeBSD 11.2 | SKIPPED | PASS |
+---------------------+----------------+--------------------+
| Arch Linux | SKIPPED | FAIL |
+---------------------+----------------+--------------------+
Ubuntu 18.04
Kernel: 4.15.0-generic
Compiler: gcc 7.4
Fedora 31
Kernel: 5.3.16
Compiler: gcc 9.2.1
CentOS 8
Kernel: 4.18.0.el8_0
Compiler: gcc 8.3.1
openSUSE Leap 15
Kernel: 4.12.14
Compiler: gcc 7.4.1
Windows Server 2019
Kernel: 10.0
Compiler: clang 9.0
FreeBSD 11.2
Kernel: 11.2
Compiler: gcc 8.3
Arch Linux
Kernel: latest
Compiler: gcc latest
To view detailed results, visit:
https://lab.dpdk.org/results/dashboard/patchsets/13862/
UNH-IOL DPDK Community Lab
To manage your email subscriptions, visit:
https://lab.dpdk.org/results/dashboard/preferences/subscriptions/
reply other threads:[~2020-10-20 12:05 UTC|newest]
Thread overview: [no followups] expand[flat|nested] mbox.gz Atom feed
Reply instructions:
You may reply publicly to this message via plain-text email
using any one of the following methods:
* Save the following mbox file, import it into your mail client,
and reply-to-all from there: mbox
Avoid top-posting and favor interleaved quoting:
https://en.wikipedia.org/wiki/Posting_style#Interleaved_style
* Reply using the --to, --cc, and --in-reply-to
switches of git-send-email(1):
git send-email \
--in-reply-to=20201020120544.23E7D88E71@noxus.dpdklab.iol.unh.edu \
--to=dpdklab@iol.unh.edu \
--cc=dpdk-test-reports@iol.unh.edu \
--cc=test-report@dpdk.org \
/path/to/YOUR_REPLY
https://kernel.org/pub/software/scm/git/docs/git-send-email.html
* If your mail client supports setting the In-Reply-To header
via mailto: links, try the mailto: link
Be sure your reply has a Subject: header at the top and a blank line
before the message body.
This is a public inbox, see mirroring instructions
for how to clone and mirror all data and code used for this inbox;
as well as URLs for NNTP newsgroup(s).