* [dpdk-test-report] |FAILURE| pw82685-82687 [PATCH] [v7, 3/3] net/iavf: enable AVX512 for Tx
@ 2020-10-29 2:11 dpdklab
0 siblings, 0 replies; only message in thread
From: dpdklab @ 2020-10-29 2:11 UTC (permalink / raw)
To: Test Report; +Cc: dpdk-test-reports
[-- Attachment #1: Type: text/plain, Size: 1723 bytes --]
Test-Label: iol-testing
Test-Status: FAILURE
http://dpdk.org/patch/82687
_Testing issues_
Submitter: Wenzhuo Lu <wenzhuo.lu@intel.com>
Date: Thursday, October 29 2020 01:24:04
DPDK git baseline: Repo:dpdk-next-net-intel
Branch: master
CommitID:02e9dfca08c8350166ed5f9b12065b49a67c2a6a
82685-82687 --> testing fail
Test environment and result as below:
+---------------------+--------------------+
| Environment | dpdk_meson_compile |
+=====================+====================+
| Windows Server 2019 | PASS |
+---------------------+--------------------+
| Ubuntu 18.04 | PASS |
+---------------------+--------------------+
| FreeBSD 11.2 | PASS |
+---------------------+--------------------+
| openSUSE Leap 15 | FAIL |
+---------------------+--------------------+
| CentOS 8 | PASS |
+---------------------+--------------------+
| Fedora 31 | PASS |
+---------------------+--------------------+
| Arch Linux | PASS |
+---------------------+--------------------+
Windows Server 2019
Kernel: 10.0
Compiler: clang 9.0
Ubuntu 18.04
Kernel: 4.15.0-generic
Compiler: gcc 7.4
FreeBSD 11.2
Kernel: 11.2
Compiler: gcc 8.3
openSUSE Leap 15
Kernel: 4.12.14
Compiler: gcc 7.4.1
CentOS 8
Kernel: 4.18.0.el8_0
Compiler: gcc 8.3.1
Fedora 31
Kernel: 5.3.16
Compiler: gcc 9.2.1
Arch Linux
Kernel: latest
Compiler: gcc latest
To view detailed results, visit:
https://lab.dpdk.org/results/dashboard/patchsets/14116/
UNH-IOL DPDK Community Lab
To manage your email subscriptions, visit:
https://lab.dpdk.org/results/dashboard/preferences/subscriptions/
^ permalink raw reply [flat|nested] only message in thread
only message in thread, other threads:[~2020-10-29 2:11 UTC | newest]
Thread overview: (only message) (download: mbox.gz / follow: Atom feed)
-- links below jump to the message on this page --
2020-10-29 2:11 [dpdk-test-report] |FAILURE| pw82685-82687 [PATCH] [v7, 3/3] net/iavf: enable AVX512 for Tx dpdklab
This is a public inbox, see mirroring instructions
for how to clone and mirror all data and code used for this inbox;
as well as URLs for NNTP newsgroup(s).