* [dpdk-test-report] |WARNING| pw84264 [PATCH] [v2, 1/1] devtools: rename build test verbosity variables
@ 2020-11-17 12:09 dpdklab
0 siblings, 0 replies; only message in thread
From: dpdklab @ 2020-11-17 12:09 UTC (permalink / raw)
To: Test Report; +Cc: dpdk-test-reports
[-- Attachment #1: Type: text/plain, Size: 2335 bytes --]
Test-Label: iol-testing
Test-Status: WARNING
http://dpdk.org/patch/84264
_Testing issues_
Submitter: Thomas Monjalon <thomas@monjalon.net>
Date: Tuesday, November 17 2020 10:38:26
DPDK git baseline: Repo:dpdk
Branch: master
CommitID:2069f9eefca06190377bbff14734e2326439df42
84264 --> testing fail
Test environment and result as below:
+---------------------+--------------------+----------------+-------------------+
| Environment | dpdk_meson_compile | dpdk_unit_test | dpdk_compile_spdk |
+=====================+====================+================+===================+
| Windows Server 2019 | PASS | SKIPPED | SKIPPED |
+---------------------+--------------------+----------------+-------------------+
| Ubuntu 18.04 | PASS | PASS | FAIL |
+---------------------+--------------------+----------------+-------------------+
| FreeBSD 11.2 | PASS | SKIPPED | SKIPPED |
+---------------------+--------------------+----------------+-------------------+
| CentOS 8 | PASS | SKIPPED | SKIPPED |
+---------------------+--------------------+----------------+-------------------+
| Fedora 31 | PASS | SKIPPED | SKIPPED |
+---------------------+--------------------+----------------+-------------------+
| openSUSE Leap 15 | PASS | SKIPPED | SKIPPED |
+---------------------+--------------------+----------------+-------------------+
| Arch Linux | PASS | SKIPPED | SKIPPED |
+---------------------+--------------------+----------------+-------------------+
Windows Server 2019
Kernel: 10.0
Compiler: clang 9.0
Ubuntu 18.04
Kernel: 4.15.0-generic
Compiler: gcc 7.5
FreeBSD 11.2
Kernel: 11.2
Compiler: gcc 8.3
CentOS 8
Kernel: 4.18.0.el8_0
Compiler: gcc 8.3.1
Fedora 31
Kernel: 5.3.16
Compiler: gcc 9.2.1
openSUSE Leap 15
Kernel: 4.12.14
Compiler: gcc 7.4.1
Arch Linux
Kernel: latest
Compiler: gcc latest
To view detailed results, visit:
https://lab.dpdk.org/results/dashboard/patchsets/14525/
UNH-IOL DPDK Community Lab
To manage your email subscriptions, visit:
https://lab.dpdk.org/results/dashboard/preferences/subscriptions/
^ permalink raw reply [flat|nested] only message in thread
only message in thread, other threads:[~2020-11-17 12:10 UTC | newest]
Thread overview: (only message) (download: mbox.gz / follow: Atom feed)
-- links below jump to the message on this page --
2020-11-17 12:09 [dpdk-test-report] |WARNING| pw84264 [PATCH] [v2, 1/1] devtools: rename build test verbosity variables dpdklab
This is a public inbox, see mirroring instructions
for how to clone and mirror all data and code used for this inbox;
as well as URLs for NNTP newsgroup(s).