* [dpdk-test-report] |WARNING| pw84285 [PATCH] usertools/devbind: fix binding for built-in kernel drivers
[not found] <20201118024045.32341-1-yongxin.liu@windriver.com>
@ 2020-11-18 2:46 ` checkpatch
2020-11-18 5:28 ` [dpdk-test-report] |SUCCESS| pw84285 " 0-day Robot
1 sibling, 0 replies; 3+ messages in thread
From: checkpatch @ 2020-11-18 2:46 UTC (permalink / raw)
To: test-report; +Cc: Yongxin Liu
Test-Label: checkpatch
Test-Status: WARNING
http://dpdk.org/patch/84285
_coding style issues_
ERROR:GIT_COMMIT_ID: Please use git commit description style 'commit <12+ chars of sha1> ("<title line>")' - ie: 'commit 0123456789ab ("usertools: check if module is loaded before binding")'
#108:
In commit 681a67288 ("usertools: check if module is loaded before
WARNING:TYPO_SPELLING: 'build-in' may be misspelled - perhaps 'built-in'?
#111:
However, for build-in kernel driver, /sys/module/MODULENAME only
total: 1 errors, 1 warnings, 10 lines checked
^ permalink raw reply [flat|nested] 3+ messages in thread
* [dpdk-test-report] |SUCCESS| pw84285 usertools/devbind: fix binding for built-in kernel drivers
[not found] <20201118024045.32341-1-yongxin.liu@windriver.com>
2020-11-18 2:46 ` [dpdk-test-report] |WARNING| pw84285 [PATCH] usertools/devbind: fix binding for built-in kernel drivers checkpatch
@ 2020-11-18 5:28 ` 0-day Robot
1 sibling, 0 replies; 3+ messages in thread
From: 0-day Robot @ 2020-11-18 5:28 UTC (permalink / raw)
To: test-report; +Cc: robot
From: robot@bytheb.org
Test-Label: travis-robot
Test-Status: SUCCESS
http://dpdk.org/patch/84285
_Travis build: passed_
Build URL: https://travis-ci.com/ovsrobot/dpdk/builds/202274300
^ permalink raw reply [flat|nested] 3+ messages in thread
* [dpdk-test-report] |WARNING| pw84285 [PATCH] usertools/devbind: fix binding for built-in kernel drivers
@ 2020-11-18 4:34 dpdklab
0 siblings, 0 replies; 3+ messages in thread
From: dpdklab @ 2020-11-18 4:34 UTC (permalink / raw)
To: Test Report; +Cc: dpdk-test-reports
[-- Attachment #1: Type: text/plain, Size: 2339 bytes --]
Test-Label: iol-testing
Test-Status: WARNING
http://dpdk.org/patch/84285
_Testing issues_
Submitter: Yongxin Liu <yongxin.liu@windriver.com>
Date: Wednesday, November 18 2020 02:40:45
DPDK git baseline: Repo:dpdk
Branch: master
CommitID:2069f9eefca06190377bbff14734e2326439df42
84285 --> testing fail
Test environment and result as below:
+---------------------+--------------------+----------------+-------------------+
| Environment | dpdk_meson_compile | dpdk_unit_test | dpdk_compile_spdk |
+=====================+====================+================+===================+
| Windows Server 2019 | PASS | SKIPPED | SKIPPED |
+---------------------+--------------------+----------------+-------------------+
| FreeBSD 11.2 | PASS | SKIPPED | SKIPPED |
+---------------------+--------------------+----------------+-------------------+
| CentOS 8 | PASS | SKIPPED | SKIPPED |
+---------------------+--------------------+----------------+-------------------+
| Fedora 31 | PASS | SKIPPED | SKIPPED |
+---------------------+--------------------+----------------+-------------------+
| openSUSE Leap 15 | PASS | SKIPPED | SKIPPED |
+---------------------+--------------------+----------------+-------------------+
| Arch Linux | PASS | SKIPPED | SKIPPED |
+---------------------+--------------------+----------------+-------------------+
| Ubuntu 18.04 | PASS | PASS | FAIL |
+---------------------+--------------------+----------------+-------------------+
Windows Server 2019
Kernel: 10.0
Compiler: clang 9.0
FreeBSD 11.2
Kernel: 11.2
Compiler: gcc 8.3
CentOS 8
Kernel: 4.18.0.el8_0
Compiler: gcc 8.3.1
Fedora 31
Kernel: 5.3.16
Compiler: gcc 9.2.1
openSUSE Leap 15
Kernel: 4.12.14
Compiler: gcc 7.4.1
Arch Linux
Kernel: latest
Compiler: gcc latest
Ubuntu 18.04
Kernel: 4.15.0-generic
Compiler: gcc 7.5
To view detailed results, visit:
https://lab.dpdk.org/results/dashboard/patchsets/14538/
UNH-IOL DPDK Community Lab
To manage your email subscriptions, visit:
https://lab.dpdk.org/results/dashboard/preferences/subscriptions/
^ permalink raw reply [flat|nested] 3+ messages in thread
end of thread, other threads:[~2020-11-18 5:29 UTC | newest]
Thread overview: 3+ messages (download: mbox.gz / follow: Atom feed)
-- links below jump to the message on this page --
[not found] <20201118024045.32341-1-yongxin.liu@windriver.com>
2020-11-18 2:46 ` [dpdk-test-report] |WARNING| pw84285 [PATCH] usertools/devbind: fix binding for built-in kernel drivers checkpatch
2020-11-18 5:28 ` [dpdk-test-report] |SUCCESS| pw84285 " 0-day Robot
2020-11-18 4:34 [dpdk-test-report] |WARNING| pw84285 [PATCH] " dpdklab
This is a public inbox, see mirroring instructions
for how to clone and mirror all data and code used for this inbox;
as well as URLs for NNTP newsgroup(s).