* [dpdk-test-report] |WARNING| pw84304 [PATCH] net/virtio: improve logs in Vhost-vDPA DMA mapping
[not found] <20201118080817.669343-1-maxime.coquelin@redhat.com>
@ 2020-11-18 8:09 ` checkpatch
2020-11-18 10:30 ` [dpdk-test-report] |WARNING| pw84304 " 0-day Robot
1 sibling, 0 replies; 3+ messages in thread
From: checkpatch @ 2020-11-18 8:09 UTC (permalink / raw)
To: test-report; +Cc: Maxime Coquelin
Test-Label: checkpatch
Test-Status: WARNING
http://dpdk.org/patch/84304
_coding style issues_
CHECK:CAMELCASE: Avoid CamelCase: <PRIx64>
#87: FILE: drivers/net/virtio/virtio_user/vhost_vdpa.c:96:
+ PMD_DRV_LOG(DEBUG, "%s: iova: 0x%" PRIx64 ", addr: %p, len: 0x%" PRIx64,
total: 0 errors, 0 warnings, 1 checks, 18 lines checked
^ permalink raw reply [flat|nested] 3+ messages in thread
* [dpdk-test-report] |WARNING| pw84304 net/virtio: improve logs in Vhost-vDPA DMA mapping
[not found] <20201118080817.669343-1-maxime.coquelin@redhat.com>
2020-11-18 8:09 ` [dpdk-test-report] |WARNING| pw84304 [PATCH] net/virtio: improve logs in Vhost-vDPA DMA mapping checkpatch
@ 2020-11-18 10:30 ` 0-day Robot
1 sibling, 0 replies; 3+ messages in thread
From: 0-day Robot @ 2020-11-18 10:30 UTC (permalink / raw)
To: test-report; +Cc: maxime.coquelin, robot
From: robot@bytheb.org
Test-Label: travis-robot
Test-Status: WARNING
http://dpdk.org/patch/84304
_Travis build: failed_
Build URL: https://travis-ci.com/ovsrobot/dpdk/builds/202320452
^ permalink raw reply [flat|nested] 3+ messages in thread
* [dpdk-test-report] |WARNING| pw84304 [PATCH] net/virtio: improve logs in Vhost-vDPA DMA mapping
@ 2020-11-18 9:22 dpdklab
0 siblings, 0 replies; 3+ messages in thread
From: dpdklab @ 2020-11-18 9:22 UTC (permalink / raw)
To: Test Report; +Cc: dpdk-test-reports
[-- Attachment #1: Type: text/plain, Size: 2344 bytes --]
Test-Label: iol-testing
Test-Status: WARNING
http://dpdk.org/patch/84304
_Testing issues_
Submitter: Maxime Coquelin <maxime.coquelin@redhat.com>
Date: Wednesday, November 18 2020 08:08:17
DPDK git baseline: Repo:dpdk
Branch: master
CommitID:2069f9eefca06190377bbff14734e2326439df42
84304 --> testing fail
Test environment and result as below:
+---------------------+--------------------+----------------+-------------------+
| Environment | dpdk_meson_compile | dpdk_unit_test | dpdk_compile_spdk |
+=====================+====================+================+===================+
| Windows Server 2019 | PASS | SKIPPED | SKIPPED |
+---------------------+--------------------+----------------+-------------------+
| FreeBSD 11.2 | PASS | SKIPPED | SKIPPED |
+---------------------+--------------------+----------------+-------------------+
| Fedora 31 | PASS | SKIPPED | SKIPPED |
+---------------------+--------------------+----------------+-------------------+
| CentOS 8 | PASS | SKIPPED | SKIPPED |
+---------------------+--------------------+----------------+-------------------+
| openSUSE Leap 15 | PASS | SKIPPED | SKIPPED |
+---------------------+--------------------+----------------+-------------------+
| Arch Linux | PASS | SKIPPED | SKIPPED |
+---------------------+--------------------+----------------+-------------------+
| Ubuntu 18.04 | PASS | PASS | FAIL |
+---------------------+--------------------+----------------+-------------------+
Windows Server 2019
Kernel: 10.0
Compiler: clang 9.0
FreeBSD 11.2
Kernel: 11.2
Compiler: gcc 8.3
Fedora 31
Kernel: 5.3.16
Compiler: gcc 9.2.1
CentOS 8
Kernel: 4.18.0.el8_0
Compiler: gcc 8.3.1
openSUSE Leap 15
Kernel: 4.12.14
Compiler: gcc 7.4.1
Arch Linux
Kernel: latest
Compiler: gcc latest
Ubuntu 18.04
Kernel: 4.15.0-generic
Compiler: gcc 7.5
To view detailed results, visit:
https://lab.dpdk.org/results/dashboard/patchsets/14544/
UNH-IOL DPDK Community Lab
To manage your email subscriptions, visit:
https://lab.dpdk.org/results/dashboard/preferences/subscriptions/
^ permalink raw reply [flat|nested] 3+ messages in thread
end of thread, other threads:[~2020-11-18 10:31 UTC | newest]
Thread overview: 3+ messages (download: mbox.gz / follow: Atom feed)
-- links below jump to the message on this page --
[not found] <20201118080817.669343-1-maxime.coquelin@redhat.com>
2020-11-18 8:09 ` [dpdk-test-report] |WARNING| pw84304 [PATCH] net/virtio: improve logs in Vhost-vDPA DMA mapping checkpatch
2020-11-18 10:30 ` [dpdk-test-report] |WARNING| pw84304 " 0-day Robot
2020-11-18 9:22 [dpdk-test-report] |WARNING| pw84304 [PATCH] " dpdklab
This is a public inbox, see mirroring instructions
for how to clone and mirror all data and code used for this inbox;
as well as URLs for NNTP newsgroup(s).