automatic DPDK test reports
 help / color / mirror / Atom feed
* [dpdk-test-report] |WARNING| pw84393 [PATCH] net/mlx5: make Tx scheduling xstats names compliant
       [not found] <1605813504-19746-1-git-send-email-viacheslavo@nvidia.com>
@ 2020-11-19 19:18 ` checkpatch
  2020-11-20  0:27 ` [dpdk-test-report] |SUCCESS| pw84393 " 0-day Robot
  1 sibling, 0 replies; 4+ messages in thread
From: checkpatch @ 2020-11-19 19:18 UTC (permalink / raw)
  To: test-report; +Cc: Viacheslav Ovsiienko

Test-Label: checkpatch
Test-Status: WARNING
http://dpdk.org/patch/84393

_coding style issues_


WARNING:COMMIT_LOG_LONG_LINE: Possible unwrapped commit description (prefer a maximum 75 chars per line)
#50: 
[1] http://doc.dpdk.org/guides/prog_guide/poll_mode_drv.html?highlight=xstats#extended-statistics-api

total: 0 errors, 1 warnings, 0 checks, 22 lines checked

^ permalink raw reply	[flat|nested] 4+ messages in thread

* [dpdk-test-report] |SUCCESS| pw84393 net/mlx5: make Tx scheduling xstats names compliant
       [not found] <1605813504-19746-1-git-send-email-viacheslavo@nvidia.com>
  2020-11-19 19:18 ` [dpdk-test-report] |WARNING| pw84393 [PATCH] net/mlx5: make Tx scheduling xstats names compliant checkpatch
@ 2020-11-20  0:27 ` 0-day Robot
  1 sibling, 0 replies; 4+ messages in thread
From: 0-day Robot @ 2020-11-20  0:27 UTC (permalink / raw)
  To: test-report; +Cc: robot

From: robot@bytheb.org

Test-Label: travis-robot
Test-Status: SUCCESS
http://dpdk.org/patch/84393

_Travis build: passed_
Build URL: https://travis-ci.com/ovsrobot/dpdk/builds/202882448

^ permalink raw reply	[flat|nested] 4+ messages in thread

* [dpdk-test-report] |WARNING| pw84393 [PATCH] net/mlx5: make Tx scheduling xstats names compliant
@ 2020-11-23 18:53 dpdklab
  0 siblings, 0 replies; 4+ messages in thread
From: dpdklab @ 2020-11-23 18:53 UTC (permalink / raw)
  To: Test Report; +Cc: dpdk-test-reports

[-- Attachment #1: Type: text/plain, Size: 2344 bytes --]

Test-Label: iol-testing
Test-Status: WARNING
http://dpdk.org/patch/84393

_Testing issues_

Submitter: Viacheslav Ovsiienko <viacheslavo@nvidia.com>
Date: Thursday, November 19 2020 19:18:24 
DPDK git baseline: Repo:dpdk
  Branch: master
  CommitID:2069f9eefca06190377bbff14734e2326439df42

84393 --> testing fail

Test environment and result as below:

+---------------------+--------------------+----------------+-------------------+
|     Environment     | dpdk_meson_compile | dpdk_unit_test | dpdk_compile_spdk |
+=====================+====================+================+===================+
| Windows Server 2019 | PASS               | SKIPPED        | SKIPPED           |
+---------------------+--------------------+----------------+-------------------+
| FreeBSD 11.2        | PASS               | SKIPPED        | SKIPPED           |
+---------------------+--------------------+----------------+-------------------+
| Fedora 31           | PASS               | SKIPPED        | SKIPPED           |
+---------------------+--------------------+----------------+-------------------+
| CentOS 8            | PASS               | SKIPPED        | SKIPPED           |
+---------------------+--------------------+----------------+-------------------+
| openSUSE Leap 15    | PASS               | SKIPPED        | SKIPPED           |
+---------------------+--------------------+----------------+-------------------+
| Ubuntu 18.04        | PASS               | PASS           | FAIL              |
+---------------------+--------------------+----------------+-------------------+
| Arch Linux          | PASS               | SKIPPED        | SKIPPED           |
+---------------------+--------------------+----------------+-------------------+

Windows Server 2019
	Kernel: 10.0
	Compiler: clang 9.0

FreeBSD 11.2
	Kernel: 11.2
	Compiler: gcc 8.3

Fedora 31
	Kernel: 5.3.16
	Compiler: gcc 9.2.1

CentOS 8
	Kernel: 4.18.0.el8_0
	Compiler: gcc 8.3.1

openSUSE Leap 15
	Kernel: 4.12.14
	Compiler: gcc 7.4.1

Ubuntu 18.04
	Kernel: 4.15.0-generic
	Compiler: gcc 7.5

Arch Linux
	Kernel: latest
	Compiler: gcc latest

To view detailed results, visit:
https://lab.dpdk.org/results/dashboard/patchsets/14584/

UNH-IOL DPDK Community Lab

To manage your email subscriptions, visit: 
https://lab.dpdk.org/results/dashboard/preferences/subscriptions/

^ permalink raw reply	[flat|nested] 4+ messages in thread

* [dpdk-test-report] |WARNING| pw84393 [PATCH] net/mlx5: make Tx scheduling xstats names compliant
@ 2020-11-20 11:47 dpdklab
  0 siblings, 0 replies; 4+ messages in thread
From: dpdklab @ 2020-11-20 11:47 UTC (permalink / raw)
  To: Test Report; +Cc: dpdk-test-reports

[-- Attachment #1: Type: text/plain, Size: 2344 bytes --]

Test-Label: iol-testing
Test-Status: WARNING
http://dpdk.org/patch/84393

_Testing issues_

Submitter: Viacheslav Ovsiienko <viacheslavo@nvidia.com>
Date: Thursday, November 19 2020 19:18:24 
DPDK git baseline: Repo:dpdk
  Branch: master
  CommitID:2069f9eefca06190377bbff14734e2326439df42

84393 --> testing fail

Test environment and result as below:

+---------------------+--------------------+----------------+-------------------+
|     Environment     | dpdk_meson_compile | dpdk_unit_test | dpdk_compile_spdk |
+=====================+====================+================+===================+
| Windows Server 2019 | PASS               | SKIPPED        | SKIPPED           |
+---------------------+--------------------+----------------+-------------------+
| FreeBSD 11.2        | PASS               | SKIPPED        | SKIPPED           |
+---------------------+--------------------+----------------+-------------------+
| Fedora 31           | PASS               | SKIPPED        | SKIPPED           |
+---------------------+--------------------+----------------+-------------------+
| CentOS 8            | PASS               | SKIPPED        | SKIPPED           |
+---------------------+--------------------+----------------+-------------------+
| openSUSE Leap 15    | PASS               | SKIPPED        | SKIPPED           |
+---------------------+--------------------+----------------+-------------------+
| Ubuntu 18.04        | PASS               | PASS           | FAIL              |
+---------------------+--------------------+----------------+-------------------+
| Arch Linux          | PASS               | SKIPPED        | SKIPPED           |
+---------------------+--------------------+----------------+-------------------+

Windows Server 2019
	Kernel: 10.0
	Compiler: clang 9.0

FreeBSD 11.2
	Kernel: 11.2
	Compiler: gcc 8.3

Fedora 31
	Kernel: 5.3.16
	Compiler: gcc 9.2.1

CentOS 8
	Kernel: 4.18.0.el8_0
	Compiler: gcc 8.3.1

openSUSE Leap 15
	Kernel: 4.12.14
	Compiler: gcc 7.4.1

Ubuntu 18.04
	Kernel: 4.15.0-generic
	Compiler: gcc 7.5

Arch Linux
	Kernel: latest
	Compiler: gcc latest

To view detailed results, visit:
https://lab.dpdk.org/results/dashboard/patchsets/14584/

UNH-IOL DPDK Community Lab

To manage your email subscriptions, visit: 
https://lab.dpdk.org/results/dashboard/preferences/subscriptions/

^ permalink raw reply	[flat|nested] 4+ messages in thread

end of thread, other threads:[~2020-11-23 18:53 UTC | newest]

Thread overview: 4+ messages (download: mbox.gz / follow: Atom feed)
-- links below jump to the message on this page --
     [not found] <1605813504-19746-1-git-send-email-viacheslavo@nvidia.com>
2020-11-19 19:18 ` [dpdk-test-report] |WARNING| pw84393 [PATCH] net/mlx5: make Tx scheduling xstats names compliant checkpatch
2020-11-20  0:27 ` [dpdk-test-report] |SUCCESS| pw84393 " 0-day Robot
2020-11-20 11:47 [dpdk-test-report] |WARNING| pw84393 [PATCH] " dpdklab
2020-11-23 18:53 dpdklab

automatic DPDK test reports

This inbox may be cloned and mirrored by anyone:

	git clone --mirror https://inbox.dpdk.org/test-report/0 test-report/git/0.git

	# If you have public-inbox 1.1+ installed, you may
	# initialize and index your mirror using the following commands:
	public-inbox-init -V2 test-report test-report/ https://inbox.dpdk.org/test-report \
		test-report@dpdk.org
	public-inbox-index test-report

Example config snippet for mirrors.
Newsgroup available over NNTP:
	nntp://inbox.dpdk.org/inbox.dpdk.test-report


AGPL code for this site: git clone https://public-inbox.org/public-inbox.git