automatic DPDK test reports
 help / color / mirror / Atom feed
* [dpdk-test-report] |WARNING| pw84448 [PATCH] [v3] net/mlx5: allow unknown link speed
@ 2020-11-22 10:46 dpdklab
  0 siblings, 0 replies; 3+ messages in thread
From: dpdklab @ 2020-11-22 10:46 UTC (permalink / raw)
  To: Test Report; +Cc: dpdk-test-reports

[-- Attachment #1: Type: text/plain, Size: 2334 bytes --]

Test-Label: iol-testing
Test-Status: WARNING
http://dpdk.org/patch/84448

_Testing issues_

Submitter: Raslan Darawsheh <rasland@nvidia.com>
Date: Sunday, November 22 2020 10:04:04 
DPDK git baseline: Repo:dpdk
  Branch: master
  CommitID:8e6663b8c145a3dcbd7b298b93682814973c7fcd

84448 --> testing fail

Test environment and result as below:

+---------------------+--------------------+-------------------+----------------+
|     Environment     | dpdk_meson_compile | dpdk_compile_spdk | dpdk_unit_test |
+=====================+====================+===================+================+
| Windows Server 2019 | PASS               | SKIPPED           | SKIPPED        |
+---------------------+--------------------+-------------------+----------------+
| FreeBSD 11.2        | PASS               | SKIPPED           | SKIPPED        |
+---------------------+--------------------+-------------------+----------------+
| Fedora 31           | PASS               | SKIPPED           | SKIPPED        |
+---------------------+--------------------+-------------------+----------------+
| CentOS 8            | PASS               | SKIPPED           | SKIPPED        |
+---------------------+--------------------+-------------------+----------------+
| Ubuntu 18.04        | PASS               | FAIL              | PASS           |
+---------------------+--------------------+-------------------+----------------+
| openSUSE Leap 15    | PASS               | SKIPPED           | SKIPPED        |
+---------------------+--------------------+-------------------+----------------+
| Arch Linux          | PASS               | SKIPPED           | SKIPPED        |
+---------------------+--------------------+-------------------+----------------+

Windows Server 2019
	Kernel: 10.0
	Compiler: clang 9.0

FreeBSD 11.2
	Kernel: 11.2
	Compiler: gcc 8.3

Fedora 31
	Kernel: 5.3.16
	Compiler: gcc 9.2.1

CentOS 8
	Kernel: 4.18.0.el8_0
	Compiler: gcc 8.3.1

Ubuntu 18.04
	Kernel: 4.15.0-generic
	Compiler: gcc 7.5

openSUSE Leap 15
	Kernel: 4.12.14
	Compiler: gcc 7.4.1

Arch Linux
	Kernel: latest
	Compiler: gcc latest

To view detailed results, visit:
https://lab.dpdk.org/results/dashboard/patchsets/14609/

UNH-IOL DPDK Community Lab

To manage your email subscriptions, visit: 
https://lab.dpdk.org/results/dashboard/preferences/subscriptions/

^ permalink raw reply	[flat|nested] 3+ messages in thread

* [dpdk-test-report] |WARNING| pw84448 [PATCH] [v3] net/mlx5: allow unknown link speed
@ 2020-11-23 20:19 dpdklab
  0 siblings, 0 replies; 3+ messages in thread
From: dpdklab @ 2020-11-23 20:19 UTC (permalink / raw)
  To: Test Report; +Cc: dpdk-test-reports

[-- Attachment #1: Type: text/plain, Size: 2334 bytes --]

Test-Label: iol-testing
Test-Status: WARNING
http://dpdk.org/patch/84448

_Testing issues_

Submitter: Raslan Darawsheh <rasland@nvidia.com>
Date: Sunday, November 22 2020 10:04:04 
DPDK git baseline: Repo:dpdk
  Branch: master
  CommitID:8e6663b8c145a3dcbd7b298b93682814973c7fcd

84448 --> testing fail

Test environment and result as below:

+---------------------+--------------------+-------------------+----------------+
|     Environment     | dpdk_meson_compile | dpdk_compile_spdk | dpdk_unit_test |
+=====================+====================+===================+================+
| Windows Server 2019 | PASS               | SKIPPED           | SKIPPED        |
+---------------------+--------------------+-------------------+----------------+
| FreeBSD 11.2        | PASS               | SKIPPED           | SKIPPED        |
+---------------------+--------------------+-------------------+----------------+
| Fedora 31           | PASS               | SKIPPED           | SKIPPED        |
+---------------------+--------------------+-------------------+----------------+
| CentOS 8            | PASS               | SKIPPED           | SKIPPED        |
+---------------------+--------------------+-------------------+----------------+
| Ubuntu 18.04        | PASS               | FAIL              | PASS           |
+---------------------+--------------------+-------------------+----------------+
| openSUSE Leap 15    | PASS               | SKIPPED           | SKIPPED        |
+---------------------+--------------------+-------------------+----------------+
| Arch Linux          | PASS               | SKIPPED           | SKIPPED        |
+---------------------+--------------------+-------------------+----------------+

Windows Server 2019
	Kernel: 10.0
	Compiler: clang 9.0

FreeBSD 11.2
	Kernel: 11.2
	Compiler: gcc 8.3

Fedora 31
	Kernel: 5.3.16
	Compiler: gcc 9.2.1

CentOS 8
	Kernel: 4.18.0.el8_0
	Compiler: gcc 8.3.1

Ubuntu 18.04
	Kernel: 4.15.0-generic
	Compiler: gcc 7.5

openSUSE Leap 15
	Kernel: 4.12.14
	Compiler: gcc 7.4.1

Arch Linux
	Kernel: latest
	Compiler: gcc latest

To view detailed results, visit:
https://lab.dpdk.org/results/dashboard/patchsets/14609/

UNH-IOL DPDK Community Lab

To manage your email subscriptions, visit: 
https://lab.dpdk.org/results/dashboard/preferences/subscriptions/

^ permalink raw reply	[flat|nested] 3+ messages in thread

* [dpdk-test-report] |WARNING| pw84448 [PATCH v3] net/mlx5: allow unknown link speed
       [not found] <20201122100404.8612-1-rasland@nvidia.com>
@ 2020-11-22 10:06 ` checkpatch
  0 siblings, 0 replies; 3+ messages in thread
From: checkpatch @ 2020-11-22 10:06 UTC (permalink / raw)
  To: test-report; +Cc: Raslan Darawsheh

[-- Warning: decoded text below may be mangled, UTF-8 assumed --]
[-- Attachment #1: Type: text/plain, Size: 326 bytes --]

Test-Label: checkpatch
Test-Status: WARNING
http://dpdk.org/patch/84448

_coding style issues_


WARNING:FROM_SIGN_OFF_MISMATCH: From:/Signed-off-by: email address mismatch: 'From: "Benoît Ganne" <bganne@cisco.com>' != 'Signed-off-by: Benoît Ganne <bganne@cisco.co>'

total: 0 errors, 1 warnings, 0 checks, 47 lines checked

^ permalink raw reply	[flat|nested] 3+ messages in thread

end of thread, other threads:[~2020-11-23 20:19 UTC | newest]

Thread overview: 3+ messages (download: mbox.gz / follow: Atom feed)
-- links below jump to the message on this page --
2020-11-22 10:46 [dpdk-test-report] |WARNING| pw84448 [PATCH] [v3] net/mlx5: allow unknown link speed dpdklab
  -- strict thread matches above, loose matches on Subject: below --
2020-11-23 20:19 dpdklab
     [not found] <20201122100404.8612-1-rasland@nvidia.com>
2020-11-22 10:06 ` [dpdk-test-report] |WARNING| pw84448 [PATCH v3] " checkpatch

automatic DPDK test reports

This inbox may be cloned and mirrored by anyone:

	git clone --mirror https://inbox.dpdk.org/test-report/0 test-report/git/0.git

	# If you have public-inbox 1.1+ installed, you may
	# initialize and index your mirror using the following commands:
	public-inbox-init -V2 test-report test-report/ https://inbox.dpdk.org/test-report \
		test-report@dpdk.org
	public-inbox-index test-report

Example config snippet for mirrors.
Newsgroup available over NNTP:
	nntp://inbox.dpdk.org/inbox.dpdk.test-report


AGPL code for this site: git clone https://public-inbox.org/public-inbox.git