[-- Attachment #1: Type: text/plain, Size: 2132 bytes --] _Testing issues_ Branch: dpdk-next-net-mlx 2069f9eefca06190377bbff14734e2326439df42 --> testing fail Test environment and result as below: +---------------------+--------------------+-------------------+----------------+ | Environment | dpdk_meson_compile | dpdk_compile_spdk | dpdk_unit_test | +=====================+====================+===================+================+ | Windows Server 2019 | PASS | SKIPPED | SKIPPED | +---------------------+--------------------+-------------------+----------------+ | FreeBSD 11.2 | PASS | SKIPPED | SKIPPED | +---------------------+--------------------+-------------------+----------------+ | Fedora 31 | PASS | SKIPPED | SKIPPED | +---------------------+--------------------+-------------------+----------------+ | CentOS 8 | PASS | SKIPPED | SKIPPED | +---------------------+--------------------+-------------------+----------------+ | Ubuntu 18.04 | PASS | FAIL | PASS | +---------------------+--------------------+-------------------+----------------+ | openSUSE Leap 15 | PASS | SKIPPED | SKIPPED | +---------------------+--------------------+-------------------+----------------+ | Arch Linux | PASS | SKIPPED | SKIPPED | +---------------------+--------------------+-------------------+----------------+ Windows Server 2019 Kernel: 10.0 Compiler: clang 9.0 FreeBSD 11.2 Kernel: 11.2 Compiler: gcc 8.3 Fedora 31 Kernel: 5.3.16 Compiler: gcc 9.2.1 CentOS 8 Kernel: 4.18.0.el8_0 Compiler: gcc 8.3.1 Ubuntu 18.04 Kernel: 4.15.0-generic Compiler: gcc 7.5 openSUSE Leap 15 Kernel: 4.12.14 Compiler: gcc 7.4.1 Arch Linux Kernel: latest Compiler: gcc latest To view detailed results, visit: https://lab.dpdk.org/results/dashboard/tarballs/12645/ UNH-IOL DPDK Community Lab To manage your email subscriptions, visit: https://lab.dpdk.org/results/dashboard/preferences/subscriptions/
[-- Attachment #1: Type: text/plain, Size: 2128 bytes --] _Testing issues_ Branch: dpdk-next-net 2069f9eefca06190377bbff14734e2326439df42 --> testing fail Test environment and result as below: +---------------------+--------------------+----------------+-------------------+ | Environment | dpdk_meson_compile | dpdk_unit_test | dpdk_compile_spdk | +=====================+====================+================+===================+ | Windows Server 2019 | PASS | SKIPPED | SKIPPED | +---------------------+--------------------+----------------+-------------------+ | FreeBSD 11.2 | PASS | SKIPPED | SKIPPED | +---------------------+--------------------+----------------+-------------------+ | CentOS 8 | PASS | SKIPPED | SKIPPED | +---------------------+--------------------+----------------+-------------------+ | Fedora 31 | PASS | SKIPPED | SKIPPED | +---------------------+--------------------+----------------+-------------------+ | openSUSE Leap 15 | PASS | SKIPPED | SKIPPED | +---------------------+--------------------+----------------+-------------------+ | Arch Linux | PASS | SKIPPED | SKIPPED | +---------------------+--------------------+----------------+-------------------+ | Ubuntu 18.04 | PASS | PASS | FAIL | +---------------------+--------------------+----------------+-------------------+ Windows Server 2019 Kernel: 10.0 Compiler: clang 9.0 FreeBSD 11.2 Kernel: 11.2 Compiler: gcc 8.3 CentOS 8 Kernel: 4.18.0.el8_0 Compiler: gcc 8.3.1 Fedora 31 Kernel: 5.3.16 Compiler: gcc 9.2.1 openSUSE Leap 15 Kernel: 4.12.14 Compiler: gcc 7.4.1 Arch Linux Kernel: latest Compiler: gcc latest Ubuntu 18.04 Kernel: 4.15.0-generic Compiler: gcc 7.5 To view detailed results, visit: https://lab.dpdk.org/results/dashboard/tarballs/12649/ UNH-IOL DPDK Community Lab To manage your email subscriptions, visit: https://lab.dpdk.org/results/dashboard/preferences/subscriptions/
[-- Attachment #1: Type: text/plain, Size: 2119 bytes --] _Testing issues_ Branch: dpdk 2069f9eefca06190377bbff14734e2326439df42 --> testing fail Test environment and result as below: +---------------------+--------------------+----------------+-------------------+ | Environment | dpdk_meson_compile | dpdk_unit_test | dpdk_compile_spdk | +=====================+====================+================+===================+ | Windows Server 2019 | PASS | SKIPPED | SKIPPED | +---------------------+--------------------+----------------+-------------------+ | FreeBSD 11.2 | PASS | SKIPPED | SKIPPED | +---------------------+--------------------+----------------+-------------------+ | CentOS 8 | PASS | SKIPPED | SKIPPED | +---------------------+--------------------+----------------+-------------------+ | Fedora 31 | PASS | SKIPPED | SKIPPED | +---------------------+--------------------+----------------+-------------------+ | openSUSE Leap 15 | PASS | SKIPPED | SKIPPED | +---------------------+--------------------+----------------+-------------------+ | Arch Linux | PASS | SKIPPED | SKIPPED | +---------------------+--------------------+----------------+-------------------+ | Ubuntu 18.04 | PASS | PASS | FAIL | +---------------------+--------------------+----------------+-------------------+ Windows Server 2019 Kernel: 10.0 Compiler: clang 9.0 FreeBSD 11.2 Kernel: 11.2 Compiler: gcc 8.3 CentOS 8 Kernel: 4.18.0.el8_0 Compiler: gcc 8.3.1 Fedora 31 Kernel: 5.3.16 Compiler: gcc 9.2.1 openSUSE Leap 15 Kernel: 4.12.14 Compiler: gcc 7.4.1 Arch Linux Kernel: latest Compiler: gcc latest Ubuntu 18.04 Kernel: 4.15.0-generic Compiler: gcc 7.5 To view detailed results, visit: https://lab.dpdk.org/results/dashboard/tarballs/12655/ UNH-IOL DPDK Community Lab To manage your email subscriptions, visit: https://lab.dpdk.org/results/dashboard/preferences/subscriptions/
[-- Attachment #1: Type: text/plain, Size: 2133 bytes --] _Testing issues_ Branch: dpdk-next-net-brcm 2069f9eefca06190377bbff14734e2326439df42 --> testing fail Test environment and result as below: +---------------------+--------------------+-------------------+----------------+ | Environment | dpdk_meson_compile | dpdk_compile_spdk | dpdk_unit_test | +=====================+====================+===================+================+ | Windows Server 2019 | PASS | SKIPPED | SKIPPED | +---------------------+--------------------+-------------------+----------------+ | FreeBSD 11.2 | PASS | SKIPPED | SKIPPED | +---------------------+--------------------+-------------------+----------------+ | CentOS 8 | PASS | SKIPPED | SKIPPED | +---------------------+--------------------+-------------------+----------------+ | Fedora 31 | PASS | SKIPPED | SKIPPED | +---------------------+--------------------+-------------------+----------------+ | openSUSE Leap 15 | PASS | SKIPPED | SKIPPED | +---------------------+--------------------+-------------------+----------------+ | Ubuntu 18.04 | PASS | FAIL | PASS | +---------------------+--------------------+-------------------+----------------+ | Arch Linux | PASS | SKIPPED | SKIPPED | +---------------------+--------------------+-------------------+----------------+ Windows Server 2019 Kernel: 10.0 Compiler: clang 9.0 FreeBSD 11.2 Kernel: 11.2 Compiler: gcc 8.3 CentOS 8 Kernel: 4.18.0.el8_0 Compiler: gcc 8.3.1 Fedora 31 Kernel: 5.3.16 Compiler: gcc 9.2.1 openSUSE Leap 15 Kernel: 4.12.14 Compiler: gcc 7.4.1 Ubuntu 18.04 Kernel: 4.15.0-generic Compiler: gcc 7.5 Arch Linux Kernel: latest Compiler: gcc latest To view detailed results, visit: https://lab.dpdk.org/results/dashboard/tarballs/12670/ UNH-IOL DPDK Community Lab To manage your email subscriptions, visit: https://lab.dpdk.org/results/dashboard/preferences/subscriptions/
[-- Attachment #1: Type: text/plain, Size: 2133 bytes --] _Testing issues_ Branch: dpdk-next-eventdev 2069f9eefca06190377bbff14734e2326439df42 --> testing fail Test environment and result as below: +---------------------+-------------------+--------------------+----------------+ | Environment | dpdk_compile_spdk | dpdk_meson_compile | dpdk_unit_test | +=====================+===================+====================+================+ | Ubuntu 18.04 | FAIL | PASS | PASS | +---------------------+-------------------+--------------------+----------------+ | Windows Server 2019 | SKIPPED | PASS | SKIPPED | +---------------------+-------------------+--------------------+----------------+ | FreeBSD 11.2 | SKIPPED | PASS | SKIPPED | +---------------------+-------------------+--------------------+----------------+ | CentOS 8 | SKIPPED | PASS | SKIPPED | +---------------------+-------------------+--------------------+----------------+ | Fedora 31 | SKIPPED | PASS | SKIPPED | +---------------------+-------------------+--------------------+----------------+ | openSUSE Leap 15 | SKIPPED | PASS | SKIPPED | +---------------------+-------------------+--------------------+----------------+ | Arch Linux | SKIPPED | PASS | SKIPPED | +---------------------+-------------------+--------------------+----------------+ Ubuntu 18.04 Kernel: 4.15.0-generic Compiler: gcc 7.5 Windows Server 2019 Kernel: 10.0 Compiler: clang 9.0 FreeBSD 11.2 Kernel: 11.2 Compiler: gcc 8.3 CentOS 8 Kernel: 4.18.0.el8_0 Compiler: gcc 8.3.1 Fedora 31 Kernel: 5.3.16 Compiler: gcc 9.2.1 openSUSE Leap 15 Kernel: 4.12.14 Compiler: gcc 7.4.1 Arch Linux Kernel: latest Compiler: gcc latest To view detailed results, visit: https://lab.dpdk.org/results/dashboard/tarballs/12712/ UNH-IOL DPDK Community Lab To manage your email subscriptions, visit: https://lab.dpdk.org/results/dashboard/preferences/subscriptions/
[-- Attachment #1: Type: text/plain, Size: 2133 bytes --] _Testing issues_ Branch: dpdk-next-eventdev 2069f9eefca06190377bbff14734e2326439df42 --> testing fail Test environment and result as below: +---------------------+-------------------+--------------------+----------------+ | Environment | dpdk_compile_spdk | dpdk_meson_compile | dpdk_unit_test | +=====================+===================+====================+================+ | Ubuntu 18.04 | FAIL | PASS | PASS | +---------------------+-------------------+--------------------+----------------+ | Windows Server 2019 | SKIPPED | PASS | SKIPPED | +---------------------+-------------------+--------------------+----------------+ | FreeBSD 11.2 | SKIPPED | PASS | SKIPPED | +---------------------+-------------------+--------------------+----------------+ | CentOS 8 | SKIPPED | PASS | SKIPPED | +---------------------+-------------------+--------------------+----------------+ | Fedora 31 | SKIPPED | PASS | SKIPPED | +---------------------+-------------------+--------------------+----------------+ | openSUSE Leap 15 | SKIPPED | PASS | SKIPPED | +---------------------+-------------------+--------------------+----------------+ | Arch Linux | SKIPPED | PASS | SKIPPED | +---------------------+-------------------+--------------------+----------------+ Ubuntu 18.04 Kernel: 4.15.0-generic Compiler: gcc 7.5 Windows Server 2019 Kernel: 10.0 Compiler: clang 9.0 FreeBSD 11.2 Kernel: 11.2 Compiler: gcc 8.3 CentOS 8 Kernel: 4.18.0.el8_0 Compiler: gcc 8.3.1 Fedora 31 Kernel: 5.3.16 Compiler: gcc 9.2.1 openSUSE Leap 15 Kernel: 4.12.14 Compiler: gcc 7.4.1 Arch Linux Kernel: latest Compiler: gcc latest To view detailed results, visit: https://lab.dpdk.org/results/dashboard/tarballs/12712/ UNH-IOL DPDK Community Lab To manage your email subscriptions, visit: https://lab.dpdk.org/results/dashboard/preferences/subscriptions/