[-- Attachment #1: Type: text/plain, Size: 2338 bytes --]
Test-Label: iol-testing
Test-Status: FAILURE
http://dpdk.org/patch/84985
_Testing issues_
Submitter: Alexander Kozyrev <akozyrev@nvidia.com>
Date: Thursday, December 10 2020 15:14:23
DPDK git baseline: Repo:dpdk
Branch: master
CommitID:ecc69f98c7e3dd5ecab94047edb65ccff0dce5b9
84985 --> testing fail
Test environment and result as below:
+---------------------+-------------------+--------------------+----------------+
| Environment | dpdk_compile_spdk | dpdk_meson_compile | dpdk_unit_test |
+=====================+===================+====================+================+
| Ubuntu 18.04 | PASS | FAIL | PASS |
+---------------------+-------------------+--------------------+----------------+
| Windows Server 2019 | SKIPPED | PASS | SKIPPED |
+---------------------+-------------------+--------------------+----------------+
| FreeBSD 11.2 | SKIPPED | PASS | SKIPPED |
+---------------------+-------------------+--------------------+----------------+
| CentOS 8 | SKIPPED | PASS | SKIPPED |
+---------------------+-------------------+--------------------+----------------+
| Fedora 31 | SKIPPED | PASS | SKIPPED |
+---------------------+-------------------+--------------------+----------------+
| openSUSE Leap 15 | SKIPPED | PASS | SKIPPED |
+---------------------+-------------------+--------------------+----------------+
| Arch Linux | SKIPPED | PASS | SKIPPED |
+---------------------+-------------------+--------------------+----------------+
Ubuntu 18.04
Kernel: 4.15.0-generic
Compiler: gcc 7.5
Windows Server 2019
Kernel: 10.0
Compiler: clang 9.0
FreeBSD 11.2
Kernel: 11.2
Compiler: gcc 8.3
CentOS 8
Kernel: 4.18.0.el8_0
Compiler: gcc 8.3.1
Fedora 31
Kernel: 5.3.16
Compiler: gcc 9.2.1
openSUSE Leap 15
Kernel: 4.12.14
Compiler: gcc 7.4.1
Arch Linux
Kernel: latest
Compiler: gcc latest
To view detailed results, visit:
https://lab.dpdk.org/results/dashboard/patchsets/14771/
UNH-IOL DPDK Community Lab
To manage your email subscriptions, visit:
https://lab.dpdk.org/results/dashboard/preferences/subscriptions/