From: dpdklab@iol.unh.edu
To: Test Report <test-report@dpdk.org>
Cc: dpdk-test-reports@iol.unh.edu
Subject: [dpdk-test-report] |FAILURE| [GIT MASTER] 4e8caa32c07d5e3f7876e49725f9a5716d3badfa
Date: Fri, 15 Jan 2021 17:07:40 -0500 (EST) [thread overview]
Message-ID: <20210115220740.0B81888E5F@noxus.dpdklab.iol.unh.edu> (raw)
[-- Attachment #1: Type: text/plain, Size: 4322 bytes --]
_Testing issues_
Branch: dpdk-next-net-intel
4e8caa32c07d5e3f7876e49725f9a5716d3badfa --> testing fail
Test environment and result as below:
+---------------------+----------------------+--------------------+----------------+-------------------+
| Environment | dpdk_mingw64_compile | dpdk_meson_compile | dpdk_unit_test | dpdk_compile_spdk |
+=====================+======================+====================+================+===================+
| Windows Server 2019 | PASS | PASS | SKIPPED | SKIPPED |
+---------------------+----------------------+--------------------+----------------+-------------------+
| FreeBSD 11.2 | SKIPPED | PASS | SKIPPED | SKIPPED |
+---------------------+----------------------+--------------------+----------------+-------------------+
| Fedora 31 | SKIPPED | PASS | SKIPPED | PASS |
+---------------------+----------------------+--------------------+----------------+-------------------+
| CentOS 8 | SKIPPED | PASS | SKIPPED | SKIPPED |
+---------------------+----------------------+--------------------+----------------+-------------------+
| openSUSE Leap 15 | SKIPPED | PASS | SKIPPED | SKIPPED |
+---------------------+----------------------+--------------------+----------------+-------------------+
| Arch Linux | SKIPPED | PASS | SKIPPED | SKIPPED |
+---------------------+----------------------+--------------------+----------------+-------------------+
| Ubuntu 18.04 ARM | SKIPPED | FAIL | SKIPPED | SKIPPED |
+---------------------+----------------------+--------------------+----------------+-------------------+
| Ubuntu 18.04 | SKIPPED | PASS | PASS | PASS |
+---------------------+----------------------+--------------------+----------------+-------------------+
==== 20 line log output for Ubuntu 18.04 ARM (dpdk_meson_compile): ====
3162 | (rte_cpu_get_flag_enabled(RTE_CPUFLAG_AVX2) == 1 ||
| ^~~~~~~~~~~~~~~~
../drivers/net/i40e/i40e_rxtx.c: In function ‘i40e_set_tx_function’:
../drivers/net/i40e/i40e_rxtx.c:3338:29: error: ‘RTE_CPUFLAG_AVX512F’ undeclared (first use in this function)
3338 | rte_cpu_get_flag_enabled(RTE_CPUFLAG_AVX512F) == 1 &&
| ^~~~~~~~~~~~~~~~~~~
../drivers/net/i40e/i40e_rxtx.c:3339:29: error: ‘RTE_CPUFLAG_AVX512BW’ undeclared (first use in this function)
3339 | rte_cpu_get_flag_enabled(RTE_CPUFLAG_AVX512BW) == 1)
| ^~~~~~~~~~~~~~~~~~~~
../drivers/net/i40e/i40e_rxtx.c:3347:30: error: ‘RTE_CPUFLAG_AVX2’ undeclared (first use in this function)
3347 | (rte_cpu_get_flag_enabled(RTE_CPUFLAG_AVX2) == 1 ||
| ^~~~~~~~~~~~~~~~
cc1: all warnings being treated as errors
[1268/2788] Generating rte_net_fm10k.sym_chk with a custom command (wrapped by meson to capture output)
[1269/2788] Compiling C object drivers/libtmp_rte_net_i40e.a.p/net_i40e_i40e_fdir.c.o
[1270/2788] Compiling C object drivers/libtmp_rte_net_i40e.a.p/net_i40e_i40e_ethdev_vf.c.o
[1271/2788] Compiling C object drivers/net/i40e/base/libi40e_base.a.p/i40e_common.c.o
[1272/2788] Compiling C object drivers/libtmp_rte_net_i40e.a.p/net_i40e_i40e_ethdev.c.o
ninja: build stopped: subcommand failed.
[1] Error running command.
==== End log output ====
Windows Server 2019
Kernel: 10.0
Compiler: clang 9.0
FreeBSD 11.2
Kernel: 11.2
Compiler: gcc 8.3
Fedora 31
Kernel: 5.3.16
Compiler: gcc 9.2.1
CentOS 8
Kernel: 4.18.0.el8_0
Compiler: gcc 8.3.1
openSUSE Leap 15
Kernel: 4.12.14
Compiler: gcc 7.4.1
Arch Linux
Kernel: latest
Compiler: gcc latest
Ubuntu 18.04 ARM
Kernel: 5.4.0-53-generic
Compiler: gcc 9.3
Ubuntu 18.04
Kernel: 4.15.0-generic
Compiler: gcc 7.5
To view detailed results, visit:
https://lab.dpdk.org/results/dashboard/tarballs/13301/
UNH-IOL DPDK Community Lab
To manage your email subscriptions, visit:
https://lab.dpdk.org/results/dashboard/preferences/subscriptions/
reply other threads:[~2021-01-15 22:07 UTC|newest]
Thread overview: [no followups] expand[flat|nested] mbox.gz Atom feed
Reply instructions:
You may reply publicly to this message via plain-text email
using any one of the following methods:
* Save the following mbox file, import it into your mail client,
and reply-to-all from there: mbox
Avoid top-posting and favor interleaved quoting:
https://en.wikipedia.org/wiki/Posting_style#Interleaved_style
* Reply using the --to, --cc, and --in-reply-to
switches of git-send-email(1):
git send-email \
--in-reply-to=20210115220740.0B81888E5F@noxus.dpdklab.iol.unh.edu \
--to=dpdklab@iol.unh.edu \
--cc=dpdk-test-reports@iol.unh.edu \
--cc=test-report@dpdk.org \
/path/to/YOUR_REPLY
https://kernel.org/pub/software/scm/git/docs/git-send-email.html
* If your mail client supports setting the In-Reply-To header
via mailto: links, try the mailto: link
Be sure your reply has a Subject: header at the top and a blank line
before the message body.
This is a public inbox, see mirroring instructions
for how to clone and mirror all data and code used for this inbox;
as well as URLs for NNTP newsgroup(s).