automatic DPDK test reports
 help / color / mirror / Atom feed
* [dpdk-test-report] |WARNING| pw86999 [PATCH] net/i40e: disable AVX512 for Windows
       [not found] <20210120164016.26745-1-david.marchand@redhat.com>
@ 2021-01-20 16:41 ` checkpatch
  0 siblings, 0 replies; 3+ messages in thread
From: checkpatch @ 2021-01-20 16:41 UTC (permalink / raw)
  To: test-report; +Cc: David Marchand

Test-Label: checkpatch
Test-Status: WARNING
http://dpdk.org/patch/86999

_coding style issues_


WARNING:TYPO_SPELLING: 'seh' may be misspelled - perhaps 'she'?
#113: 
{standard input}:112: Error: invalid register for .seh_savexmm

WARNING:TYPO_SPELLING: 'seh' may be misspelled - perhaps 'she'?
#114: 
{standard input}:114: Error: invalid register for .seh_savexmm

WARNING:TYPO_SPELLING: 'seh' may be misspelled - perhaps 'she'?
#115: 
{standard input}:116: Error: invalid register for .seh_savexmm

WARNING:TYPO_SPELLING: 'seh' may be misspelled - perhaps 'she'?
#116: 
{standard input}:118: Error: invalid register for .seh_savexmm

total: 0 errors, 4 warnings, 0 checks, 8 lines checked

^ permalink raw reply	[flat|nested] 3+ messages in thread

* [dpdk-test-report] |WARNING| pw86999 [PATCH] net/i40e: disable AVX512 for Windows
@ 2021-01-27 21:54 dpdklab
  0 siblings, 0 replies; 3+ messages in thread
From: dpdklab @ 2021-01-27 21:54 UTC (permalink / raw)
  To: Test Report; +Cc: dpdk-test-reports

[-- Attachment #1: Type: text/plain, Size: 4425 bytes --]

Test-Label: iol-testing
Test-Status: WARNING
http://dpdk.org/patch/86999

_Testing issues_

Submitter: David Marchand <david.marchand@redhat.com>
Date: Wednesday, January 20 2021 16:40:16 
DPDK git baseline: Repo:dpdk-next-net-intel
  Branch: master
  CommitID:5c527f7b482cc6eda06aa7cfe831e2303fe99599

86999 --> testing fail

Test environment and result as below:

+---------------------+----------------------+--------------------+-------------------+----------------+
|     Environment     | dpdk_mingw64_compile | dpdk_meson_compile | dpdk_compile_spdk | dpdk_unit_test |
+=====================+======================+====================+===================+================+
| Windows Server 2019 | FAIL                 | PASS               | SKIPPED           | SKIPPED        |
+---------------------+----------------------+--------------------+-------------------+----------------+
| FreeBSD 11.2        | SKIPPED              | PASS               | SKIPPED           | SKIPPED        |
+---------------------+----------------------+--------------------+-------------------+----------------+
| CentOS 8            | SKIPPED              | PASS               | SKIPPED           | SKIPPED        |
+---------------------+----------------------+--------------------+-------------------+----------------+
| openSUSE Leap 15    | SKIPPED              | PASS               | SKIPPED           | SKIPPED        |
+---------------------+----------------------+--------------------+-------------------+----------------+
| Ubuntu 18.04        | SKIPPED              | PASS               | PASS              | PASS           |
+---------------------+----------------------+--------------------+-------------------+----------------+
| Fedora 31           | SKIPPED              | PASS               | PASS              | SKIPPED        |
+---------------------+----------------------+--------------------+-------------------+----------------+
| Arch Linux          | SKIPPED              | PASS               | SKIPPED           | SKIPPED        |
+---------------------+----------------------+--------------------+-------------------+----------------+
| Ubuntu 18.04 ARM    | SKIPPED              | PASS               | SKIPPED           | PASS           |
+---------------------+----------------------+--------------------+-------------------+----------------+

==== 20 line log output for Windows Server 2019 (dpdk_mingw64_compile): ====
{standard input}:3509: Error: invalid register for .seh_savexmm
{standard input}:3511: Error: invalid register for .seh_savexmm
{standard input}:3513: Error: invalid register for .seh_savexmm
{standard input}:3515: Error: invalid register for .seh_savexmm
{standard input}:3517: Error: invalid register for .seh_savexmm
{standard input}:3519: Error: invalid register for .seh_savexmm
{standard input}:3521: Error: invalid register for .seh_savexmm
{standard input}:4204: Error: invalid register for .seh_savexmm
{standard input}:4205: Error: invalid register for .seh_savexmm
{standard input}:4206: Error: invalid register for .seh_savexmm
{standard input}:4207: Error: invalid register for .seh_savexmm
{standard input}:4208: Error: invalid register for .seh_savexmm
{standard input}:4209: Error: invalid register for .seh_savexmm
{standard input}:4210: Error: invalid register for .seh_savexmm
{standard input}:4211: Error: invalid register for .seh_savexmm
{standard input}:4212: Error: invalid register for .seh_savexmm
{standard input}:4213: Error: invalid register for .seh_savexmm
{standard input}:4214: Error: invalid register for .seh_savexmm
[182/230] Compiling C object drivers/a715181@@rte_net_i40e@sta/net_i40e_i40e_pf.c.obj.
ninja: build stopped: subcommand failed.
==== End log output ====

Windows Server 2019
	Kernel: 10.0
	Compiler: clang 9.0 and gcc 8.1.0 (MinGW)

FreeBSD 11.2
	Kernel: 11.2
	Compiler: gcc 8.3

CentOS 8
	Kernel: 4.18.0.el8_0
	Compiler: gcc 8.3.1

openSUSE Leap 15
	Kernel: 4.12.14
	Compiler: gcc 7.4.1

Ubuntu 18.04
	Kernel: 4.15.0-generic
	Compiler: gcc 7.5

Fedora 31
	Kernel: 5.3.16
	Compiler: gcc 9.2.1

Arch Linux
	Kernel: latest
	Compiler: gcc latest

Ubuntu 18.04 ARM
	Kernel: 5.4.0-53-generic
	Compiler: gcc 9.3

To view detailed results, visit:
https://lab.dpdk.org/results/dashboard/patchsets/15307/

UNH-IOL DPDK Community Lab

To manage your email subscriptions, visit: 
https://lab.dpdk.org/results/dashboard/preferences/subscriptions/

^ permalink raw reply	[flat|nested] 3+ messages in thread

* [dpdk-test-report] |WARNING| pw86999 [PATCH] net/i40e: disable AVX512 for Windows
@ 2021-01-27 20:16 dpdklab
  0 siblings, 0 replies; 3+ messages in thread
From: dpdklab @ 2021-01-27 20:16 UTC (permalink / raw)
  To: Test Report; +Cc: dpdk-test-reports

[-- Attachment #1: Type: text/plain, Size: 4505 bytes --]

Test-Label: iol-testing
Test-Status: WARNING
http://dpdk.org/patch/86999

_Testing issues_

Submitter: David Marchand <david.marchand@redhat.com>
Date: Wednesday, January 20 2021 16:40:16 
DPDK git baseline: Repo:dpdk-next-net-intel
  Branch: master
  CommitID:5c527f7b482cc6eda06aa7cfe831e2303fe99599

86999 --> testing fail

Test environment and result as below:

+---------------------+----------------------+--------------------+-------------------+----------------+
|     Environment     | dpdk_mingw64_compile | dpdk_meson_compile | dpdk_compile_spdk | dpdk_unit_test |
+=====================+======================+====================+===================+================+
| Windows Server 2019 | FAIL                 | PASS               | SKIPPED           | SKIPPED        |
+---------------------+----------------------+--------------------+-------------------+----------------+
| FreeBSD 11.2        | SKIPPED              | PASS               | SKIPPED           | SKIPPED        |
+---------------------+----------------------+--------------------+-------------------+----------------+
| CentOS 8            | SKIPPED              | PASS               | SKIPPED           | SKIPPED        |
+---------------------+----------------------+--------------------+-------------------+----------------+
| openSUSE Leap 15    | SKIPPED              | PASS               | SKIPPED           | SKIPPED        |
+---------------------+----------------------+--------------------+-------------------+----------------+
| Ubuntu 18.04        | SKIPPED              | PASS               | PASS              | PASS           |
+---------------------+----------------------+--------------------+-------------------+----------------+
| Arch Linux          | SKIPPED              | PASS               | SKIPPED           | SKIPPED        |
+---------------------+----------------------+--------------------+-------------------+----------------+
| Fedora 31           | SKIPPED              | PASS               | PASS              | SKIPPED        |
+---------------------+----------------------+--------------------+-------------------+----------------+
| Ubuntu 18.04 ARM    | SKIPPED              | PASS               | SKIPPED           | PASS           |
+---------------------+----------------------+--------------------+-------------------+----------------+

==== 20 line log output for Windows Server 2019 (dpdk_mingw64_compile): ====
{standard input}:1671: Error: invalid register for .seh_savexmm
{standard input}:1673: Error: invalid register for .seh_savexmm
{standard input}:1675: Error: invalid register for .seh_savexmm
{standard input}:1677: Error: invalid register for .seh_savexmm
{standard input}:1679: Error: invalid register for .seh_savexmm
{standard input}:1681: Error: invalid register for .seh_savexmm
{standard input}:2257: Error: invalid register for .seh_savexmm
{standard input}:2258: Error: invalid register for .seh_savexmm
{standard input}:2259: Error: invalid register for .seh_savexmm
{standard input}:2260: Error: invalid register for .seh_savexmm
{standard input}:2261: Error: invalid register for .seh_savexmm
{standard input}:2262: Error: invalid register for .seh_savexmm
{standard input}:2263: Error: invalid register for .seh_savexmm
{standard input}:2264: Error: invalid register for .seh_savexmm
{standard input}:2265: Error: invalid register for .seh_savexmm
[175/230] Compiling C object drivers/a715181@@rte_net_i40e@sta/net_i40e_rte_pmd_i40e.c.obj.
[176/230] Compiling C object drivers/a715181@@rte_net_i40e@sta/net_i40e_i40e_ethdev.c.obj.
[177/230] Compiling C object drivers/a715181@@rte_net_i40e@sta/net_i40e_i40e_hash.c.obj.
[178/230] Compiling C object drivers/a715181@@rte_net_i40e@sta/net_i40e_i40e_pf.c.obj.
ninja: build stopped: subcommand failed.
==== End log output ====

Windows Server 2019
	Kernel: 10.0
	Compiler: clang 9.0 and gcc 8.1.0 (MinGW)

FreeBSD 11.2
	Kernel: 11.2
	Compiler: gcc 8.3

CentOS 8
	Kernel: 4.18.0.el8_0
	Compiler: gcc 8.3.1

openSUSE Leap 15
	Kernel: 4.12.14
	Compiler: gcc 7.4.1

Ubuntu 18.04
	Kernel: 4.15.0-generic
	Compiler: gcc 7.5

Arch Linux
	Kernel: latest
	Compiler: gcc latest

Fedora 31
	Kernel: 5.3.16
	Compiler: gcc 9.2.1

Ubuntu 18.04 ARM
	Kernel: 5.4.0-53-generic
	Compiler: gcc 9.3

To view detailed results, visit:
https://lab.dpdk.org/results/dashboard/patchsets/15307/

UNH-IOL DPDK Community Lab

To manage your email subscriptions, visit: 
https://lab.dpdk.org/results/dashboard/preferences/subscriptions/

^ permalink raw reply	[flat|nested] 3+ messages in thread

end of thread, other threads:[~2021-01-27 21:54 UTC | newest]

Thread overview: 3+ messages (download: mbox.gz / follow: Atom feed)
-- links below jump to the message on this page --
     [not found] <20210120164016.26745-1-david.marchand@redhat.com>
2021-01-20 16:41 ` [dpdk-test-report] |WARNING| pw86999 [PATCH] net/i40e: disable AVX512 for Windows checkpatch
2021-01-27 20:16 dpdklab
2021-01-27 21:54 dpdklab

automatic DPDK test reports

This inbox may be cloned and mirrored by anyone:

	git clone --mirror https://inbox.dpdk.org/test-report/0 test-report/git/0.git

	# If you have public-inbox 1.1+ installed, you may
	# initialize and index your mirror using the following commands:
	public-inbox-init -V2 test-report test-report/ https://inbox.dpdk.org/test-report \
		test-report@dpdk.org
	public-inbox-index test-report

Example config snippet for mirrors.
Newsgroup available over NNTP:
	nntp://inbox.dpdk.org/inbox.dpdk.test-report


AGPL code for this site: git clone https://public-inbox.org/public-inbox.git