automatic DPDK test reports
 help / color / mirror / Atom feed
* [dpdk-test-report] |FAILURE| [GIT MASTER] d70160ce3ac98b2687e7c40bcadee004779b5305
@ 2021-01-20 20:40 dpdklab
  0 siblings, 0 replies; 2+ messages in thread
From: dpdklab @ 2021-01-20 20:40 UTC (permalink / raw)
  To: Test Report; +Cc: dpdk-test-reports

[-- Attachment #1: Type: text/plain, Size: 4066 bytes --]

_Testing issues_

Branch: dpdk-next-net-mlx

d70160ce3ac98b2687e7c40bcadee004779b5305 --> testing fail

Test environment and result as below:

+---------------------+----------------------+--------------------+-------------------+----------------+
|     Environment     | dpdk_mingw64_compile | dpdk_meson_compile | dpdk_compile_spdk | dpdk_unit_test |
+=====================+======================+====================+===================+================+
| Windows Server 2019 | FAIL                 | FAIL               | SKIPPED           | SKIPPED        |
+---------------------+----------------------+--------------------+-------------------+----------------+
| FreeBSD 11.2        | SKIPPED              | PASS               | SKIPPED           | SKIPPED        |
+---------------------+----------------------+--------------------+-------------------+----------------+
| CentOS 8            | SKIPPED              | PASS               | SKIPPED           | SKIPPED        |
+---------------------+----------------------+--------------------+-------------------+----------------+
| openSUSE Leap 15    | SKIPPED              | PASS               | SKIPPED           | SKIPPED        |
+---------------------+----------------------+--------------------+-------------------+----------------+
| Fedora 31           | SKIPPED              | PASS               | PASS              | SKIPPED        |
+---------------------+----------------------+--------------------+-------------------+----------------+
| Arch Linux          | SKIPPED              | PASS               | SKIPPED           | SKIPPED        |
+---------------------+----------------------+--------------------+-------------------+----------------+
| Ubuntu 18.04        | SKIPPED              | PASS               | PASS              | PASS           |
+---------------------+----------------------+--------------------+-------------------+----------------+

==== 20 line log output for Windows Server 2019 (dpdk_mingw64_compile): ====
{standard input}:3548: Error: invalid register for .seh_savexmm
{standard input}:4116: Error: invalid register for .seh_savexmm
{standard input}:4117: Error: invalid register for .seh_savexmm
{standard input}:4118: Error: invalid register for .seh_savexmm
{standard input}:4119: Error: invalid register for .seh_savexmm
{standard input}:4120: Error: invalid register for .seh_savexmm
{standard input}:4121: Error: invalid register for .seh_savexmm
{standard input}:4122: Error: invalid register for .seh_savexmm
{standard input}:4123: Error: invalid register for .seh_savexmm
{standard input}:4124: Error: invalid register for .seh_savexmm
{standard input}:4125: Error: invalid register for .seh_savexmm
{standard input}:4126: Error: invalid register for .seh_savexmm
{standard input}:4127: Error: invalid register for .seh_savexmm
{standard input}:4128: Error: invalid register for .seh_savexmm
[160/225] Compiling C object drivers/a715181@@rte_net_i40e@sta/net_i40e_i40e_rxtx.c.obj.
[161/225] Compiling C object drivers/a715181@@rte_mempool_ring@sta/mempool_ring_rte_mempool_ring.c.obj.
[162/225] Compiling C object drivers/a715181@@rte_mempool_ring@sha/mempool_ring_rte_mempool_ring.c.obj.
[163/225] Compiling C object drivers/a715181@@rte_net_i40e@sta/net_i40e_i40e_ethdev.c.obj.
[164/225] Compiling C object drivers/net/i40e/base/2660ee9@@i40e_base@sta/i40e_common.c.obj.
ninja: build stopped: subcommand failed.
==== End log output ====

Windows Server 2019
	Kernel: 10.0
	Compiler: clang 9.0 and gcc 8.1.0 (MinGW)

FreeBSD 11.2
	Kernel: 11.2
	Compiler: gcc 8.3

CentOS 8
	Kernel: 4.18.0.el8_0
	Compiler: gcc 8.3.1

openSUSE Leap 15
	Kernel: 4.12.14
	Compiler: gcc 7.4.1

Fedora 31
	Kernel: 5.3.16
	Compiler: gcc 9.2.1

Arch Linux
	Kernel: latest
	Compiler: gcc latest

Ubuntu 18.04
	Kernel: 4.15.0-generic
	Compiler: gcc 7.5

To view detailed results, visit:
https://lab.dpdk.org/results/dashboard/tarballs/13397/

UNH-IOL DPDK Community Lab

To manage your email subscriptions, visit: 
https://lab.dpdk.org/results/dashboard/preferences/subscriptions/

^ permalink raw reply	[flat|nested] 2+ messages in thread

* [dpdk-test-report] |FAILURE| [GIT MASTER] d70160ce3ac98b2687e7c40bcadee004779b5305
@ 2021-01-20  5:28 dpdklab
  0 siblings, 0 replies; 2+ messages in thread
From: dpdklab @ 2021-01-20  5:28 UTC (permalink / raw)
  To: Ali Alnubani, Thomas Monjalon, Test Report; +Cc: dpdk-test-reports

[-- Attachment #1: Type: text/plain, Size: 3752 bytes --]

_Performance Testing issues_

Branch: dpdk-next-net-mlx

d70160ce3ac98b2687e7c40bcadee004779b5305 --> performance testing fail

Test environment and result as below:

Ubuntu 18.04
Kernel: 4.15.0-generic
Compiler: gcc 7.4
NIC: Mellanox ConnectX-5 100000 Mbps
Target: x86_64-native-linuxapp-gcc
Fail/Total: 0/6

Detail performance results: 
+------------+---------+-------------------------------------+
| frame_size | txd/rxd | throughput difference from expected |
+============+=========+=====================================+
| 64         | 256     | 0.367                               |
+------------+---------+-------------------------------------+
| 128        | 256     | 0.310                               |
+------------+---------+-------------------------------------+
| 256        | 256     | -0.117                              |
+------------+---------+-------------------------------------+
| 512        | 256     | 0.060                               |
+------------+---------+-------------------------------------+
| 1024       | 256     | 0.123                               |
+------------+---------+-------------------------------------+
| 1518       | 256     | -0.024                              |
+------------+---------+-------------------------------------+

Ubuntu 18.04
Kernel: 4.15.0-generic
Compiler: gcc 7.4
NIC: Mellanox ConnectX-4 Lx 25000 Mbps
Target: x86_64-native-linuxapp-gcc
Fail/Total: 0/6

Detail performance results: 
+------------+---------+-------------------------------------+
| frame_size | txd/rxd | throughput difference from expected |
+============+=========+=====================================+
| 64         | 256     | 0.119                               |
+------------+---------+-------------------------------------+
| 128        | 256     | -0.980                              |
+------------+---------+-------------------------------------+
| 256        | 256     | 0.049                               |
+------------+---------+-------------------------------------+
| 512        | 256     | 0.041                               |
+------------+---------+-------------------------------------+
| 1024       | 256     | -0.005                              |
+------------+---------+-------------------------------------+
| 1518       | 256     | -0.002                              |
+------------+---------+-------------------------------------+

Ubuntu 18.04
Kernel: 4.15.0-generic
Compiler: gcc 7.4
NIC: Mellanox ConnectX-4 Lx 40000 Mbps
Target: x86_64-native-linuxapp-gcc
Fail/Total: 1/6

Detail performance results: 
+------------+---------+-------------------------------------+
| frame_size | txd/rxd | throughput difference from expected |
+============+=========+=====================================+
| 64         | 256     | 0.160                               |
+------------+---------+-------------------------------------+
| 128        | 256     | -0.157                              |
+------------+---------+-------------------------------------+
| 256        | 256     | -1.015                              |
+------------+---------+-------------------------------------+
| 512        | 256     | -0.026                              |
+------------+---------+-------------------------------------+
| 1024       | 256     | 0.017                               |
+------------+---------+-------------------------------------+
| 1518       | 256     | 0.010                               |
+------------+---------+-------------------------------------+

To view detailed results, visit:
https://lab.dpdk.org/results/dashboard/tarballs/13397/

UNH-IOL DPDK Community Lab

To manage your email subscriptions, visit: 
https://lab.dpdk.org/results/dashboard/preferences/subscriptions/

^ permalink raw reply	[flat|nested] 2+ messages in thread

end of thread, other threads:[~2021-01-20 20:40 UTC | newest]

Thread overview: 2+ messages (download: mbox.gz / follow: Atom feed)
-- links below jump to the message on this page --
2021-01-20 20:40 [dpdk-test-report] |FAILURE| [GIT MASTER] d70160ce3ac98b2687e7c40bcadee004779b5305 dpdklab
  -- strict thread matches above, loose matches on Subject: below --
2021-01-20  5:28 dpdklab

automatic DPDK test reports

This inbox may be cloned and mirrored by anyone:

	git clone --mirror https://inbox.dpdk.org/test-report/0 test-report/git/0.git

	# If you have public-inbox 1.1+ installed, you may
	# initialize and index your mirror using the following commands:
	public-inbox-init -V2 test-report test-report/ https://inbox.dpdk.org/test-report \
		test-report@dpdk.org
	public-inbox-index test-report

Example config snippet for mirrors.
Newsgroup available over NNTP:
	nntp://inbox.dpdk.org/inbox.dpdk.test-report


AGPL code for this site: git clone https://public-inbox.org/public-inbox.git