automatic DPDK test reports
 help / color / mirror / Atom feed
From: dpdklab@iol.unh.edu
To: Test Report <test-report@dpdk.org>
Cc: dpdk-test-reports@iol.unh.edu
Subject: [dpdk-test-report] |WARNING| pw86733 [PATCH] common/sfc_efx/base: apply mask to value on match field set
Date: Wed, 20 Jan 2021 16:46:41 -0500 (EST)
Message-ID: <20210120214641.5880530685@noxus.dpdklab.iol.unh.edu> (raw)

[-- Attachment #1: Type: text/plain, Size: 4185 bytes --]

Test-Label: iol-testing
Test-Status: WARNING
http://dpdk.org/patch/86733

_Testing issues_

Submitter: Ivan Malov <Ivan.Malov@oktetlabs.ru>
Date: Sunday, January 17 2021 22:21:11 
DPDK git baseline: Repo:dpdk
  Branch: master
  CommitID:e03d2c3c705e40281bda2f11a947f4d3d5e062e6

86733 --> testing fail

Test environment and result as below:

+---------------------+----------------------+--------------------+-------------------+----------------+
|     Environment     | dpdk_mingw64_compile | dpdk_meson_compile | dpdk_compile_spdk | dpdk_unit_test |
+=====================+======================+====================+===================+================+
| Windows Server 2019 | FAIL                 | PASS               | SKIPPED           | SKIPPED        |
+---------------------+----------------------+--------------------+-------------------+----------------+
| FreeBSD 11.2        | SKIPPED              | PASS               | SKIPPED           | SKIPPED        |
+---------------------+----------------------+--------------------+-------------------+----------------+
| CentOS 8            | SKIPPED              | PASS               | SKIPPED           | SKIPPED        |
+---------------------+----------------------+--------------------+-------------------+----------------+
| openSUSE Leap 15    | SKIPPED              | PASS               | SKIPPED           | SKIPPED        |
+---------------------+----------------------+--------------------+-------------------+----------------+
| Arch Linux          | SKIPPED              | PASS               | SKIPPED           | SKIPPED        |
+---------------------+----------------------+--------------------+-------------------+----------------+
| Fedora 31           | SKIPPED              | PASS               | PASS              | SKIPPED        |
+---------------------+----------------------+--------------------+-------------------+----------------+
| Ubuntu 18.04        | SKIPPED              | PASS               | PASS              | PASS           |
+---------------------+----------------------+--------------------+-------------------+----------------+

==== 20 line log output for Windows Server 2019 (dpdk_mingw64_compile): ====
{standard input}:1669: Error: invalid register for .seh_savexmm
{standard input}:1671: Error: invalid register for .seh_savexmm
{standard input}:1673: Error: invalid register for .seh_savexmm
{standard input}:1675: Error: invalid register for .seh_savexmm
{standard input}:1677: Error: invalid register for .seh_savexmm
{standard input}:1679: Error: invalid register for .seh_savexmm
{standard input}:1681: Error: invalid register for .seh_savexmm
{standard input}:2257: Error: invalid register for .seh_savexmm
{standard input}:2258: Error: invalid register for .seh_savexmm
{standard input}:2259: Error: invalid register for .seh_savexmm
{standard input}:2260: Error: invalid register for .seh_savexmm
{standard input}:2261: Error: invalid register for .seh_savexmm
{standard input}:2262: Error: invalid register for .seh_savexmm
{standard input}:2263: Error: invalid register for .seh_savexmm
{standard input}:2264: Error: invalid register for .seh_savexmm
{standard input}:2265: Error: invalid register for .seh_savexmm
[185/229] Compiling C object drivers/a715181@@rte_net_i40e@sha/net_i40e_i40e_ethdev_vf.c.obj.
[186/229] Compiling C object drivers/a715181@@rte_net_i40e@sha/net_i40e_i40e_tm.c.obj.
[187/229] Compiling C object drivers/a715181@@rte_net_i40e@sha/net_i40e_i40e_ethdev.c.obj.
ninja: build stopped: subcommand failed.
==== End log output ====

Windows Server 2019
	Kernel: 10.0
	Compiler: clang 9.0 and gcc 8.1.0 (MinGW)

FreeBSD 11.2
	Kernel: 11.2
	Compiler: gcc 8.3

CentOS 8
	Kernel: 4.18.0.el8_0
	Compiler: gcc 8.3.1

openSUSE Leap 15
	Kernel: 4.12.14
	Compiler: gcc 7.4.1

Arch Linux
	Kernel: latest
	Compiler: gcc latest

Fedora 31
	Kernel: 5.3.16
	Compiler: gcc 9.2.1

Ubuntu 18.04
	Kernel: 4.15.0-generic
	Compiler: gcc 7.5

To view detailed results, visit:
https://lab.dpdk.org/results/dashboard/patchsets/15238/

UNH-IOL DPDK Community Lab

To manage your email subscriptions, visit: 
https://lab.dpdk.org/results/dashboard/preferences/subscriptions/

             reply	other threads:[~2021-01-20 21:47 UTC|newest]

Thread overview: 2+ messages / expand[flat|nested]  mbox.gz  Atom feed  top
2021-01-20 21:46 dpdklab [this message]
2021-01-20 22:12 dpdklab

Reply instructions:

You may reply publicly to this message via plain-text email
using any one of the following methods:

* Save the following mbox file, import it into your mail client,
  and reply-to-all from there: mbox

  Avoid top-posting and favor interleaved quoting:
  https://en.wikipedia.org/wiki/Posting_style#Interleaved_style

* Reply using the --to, --cc, and --in-reply-to
  switches of git-send-email(1):

  git send-email \
    --in-reply-to=20210120214641.5880530685@noxus.dpdklab.iol.unh.edu \
    --to=dpdklab@iol.unh.edu \
    --cc=dpdk-test-reports@iol.unh.edu \
    --cc=test-report@dpdk.org \
    /path/to/YOUR_REPLY

  https://kernel.org/pub/software/scm/git/docs/git-send-email.html

* If your mail client supports setting the In-Reply-To header
  via mailto: links, try the mailto: link

automatic DPDK test reports

This inbox may be cloned and mirrored by anyone:

	git clone --mirror https://inbox.dpdk.org/test-report/0 test-report/git/0.git

	# If you have public-inbox 1.1+ installed, you may
	# initialize and index your mirror using the following commands:
	public-inbox-init -V2 test-report test-report/ https://inbox.dpdk.org/test-report \
		test-report@dpdk.org
	public-inbox-index test-report

Example config snippet for mirrors.
Newsgroup available over NNTP:
	nntp://inbox.dpdk.org/inbox.dpdk.test-report


AGPL code for this site: git clone https://public-inbox.org/public-inbox.git