[-- Attachment #1: Type: text/plain, Size: 4246 bytes --]
Test-Label: iol-testing
Test-Status: WARNING
http://dpdk.org/patch/86888
_Testing issues_
Submitter: Heinrich Kuhn <heinrich.kuhn@netronome.com>
Date: Tuesday, January 19 2021 11:56:17
DPDK git baseline: Repo:dpdk
Branch: master
CommitID:05a732f7f78d6be13c7e593f67040cf0e55e503d
86887-86888 --> testing fail
Test environment and result as below:
+---------------------+----------------------+--------------------+-------------------+----------------+
| Environment | dpdk_mingw64_compile | dpdk_meson_compile | dpdk_compile_spdk | dpdk_unit_test |
+=====================+======================+====================+===================+================+
| Windows Server 2019 | FAIL | PASS | SKIPPED | SKIPPED |
+---------------------+----------------------+--------------------+-------------------+----------------+
| FreeBSD 11.2 | SKIPPED | PASS | SKIPPED | SKIPPED |
+---------------------+----------------------+--------------------+-------------------+----------------+
| CentOS 8 | SKIPPED | PASS | SKIPPED | SKIPPED |
+---------------------+----------------------+--------------------+-------------------+----------------+
| openSUSE Leap 15 | SKIPPED | PASS | SKIPPED | SKIPPED |
+---------------------+----------------------+--------------------+-------------------+----------------+
| Arch Linux | SKIPPED | PASS | SKIPPED | SKIPPED |
+---------------------+----------------------+--------------------+-------------------+----------------+
| Fedora 31 | SKIPPED | PASS | PASS | SKIPPED |
+---------------------+----------------------+--------------------+-------------------+----------------+
| Ubuntu 18.04 | SKIPPED | PASS | PASS | PASS |
+---------------------+----------------------+--------------------+-------------------+----------------+
==== 20 line log output for Windows Server 2019 (dpdk_mingw64_compile): ====
{standard input}:3517: Error: invalid register for .seh_savexmm
{standard input}:3519: Error: invalid register for .seh_savexmm
{standard input}:3521: Error: invalid register for .seh_savexmm
{standard input}:4204: Error: invalid register for .seh_savexmm
{standard input}:4205: Error: invalid register for .seh_savexmm
{standard input}:4206: Error: invalid register for .seh_savexmm
{standard input}:4207: Error: invalid register for .seh_savexmm
{standard input}:4208: Error: invalid register for .seh_savexmm
{standard input}:4209: Error: invalid register for .seh_savexmm
{standard input}:4210: Error: invalid register for .seh_savexmm
{standard input}:4211: Error: invalid register for .seh_savexmm
{standard input}:4212: Error: invalid register for .seh_savexmm
{standard input}:4213: Error: invalid register for .seh_savexmm
{standard input}:4214: Error: invalid register for .seh_savexmm
[181/229] Compiling C object drivers/a715181@@rte_net_i40e@sta/net_i40e_i40e_ethdev.c.obj.
[182/229] Compiling C object drivers/a715181@@rte_net_i40e@sha/net_i40e_i40e_fdir.c.obj.
[183/229] Compiling C object drivers/a715181@@rte_net_i40e@sha/net_i40e_i40e_tm.c.obj.
[184/229] Compiling C object drivers/a715181@@rte_net_i40e@sha/net_i40e_i40e_rxtx.c.obj.
[185/229] Compiling C object drivers/a715181@@rte_net_i40e@sha/net_i40e_i40e_ethdev.c.obj.
ninja: build stopped: subcommand failed.
==== End log output ====
Windows Server 2019
Kernel: 10.0
Compiler: clang 9.0 and gcc 8.1.0 (MinGW)
FreeBSD 11.2
Kernel: 11.2
Compiler: gcc 8.3
CentOS 8
Kernel: 4.18.0.el8_0
Compiler: gcc 8.3.1
openSUSE Leap 15
Kernel: 4.12.14
Compiler: gcc 7.4.1
Arch Linux
Kernel: latest
Compiler: gcc latest
Fedora 31
Kernel: 5.3.16
Compiler: gcc 9.2.1
Ubuntu 18.04
Kernel: 4.15.0-generic
Compiler: gcc 7.5
To view detailed results, visit:
https://lab.dpdk.org/results/dashboard/patchsets/15281/
UNH-IOL DPDK Community Lab
To manage your email subscriptions, visit:
https://lab.dpdk.org/results/dashboard/preferences/subscriptions/