* [dpdk-test-report] |WARNING| pw87020-87023 [PATCH] [v11, 4/4] examples/ifpga: add example for opae ifpga API
@ 2021-01-28 14:19 dpdklab
0 siblings, 0 replies; only message in thread
From: dpdklab @ 2021-01-28 14:19 UTC (permalink / raw)
To: Test Report; +Cc: dpdk-test-reports
[-- Attachment #1: Type: text/plain, Size: 4521 bytes --]
Test-Label: iol-testing
Test-Status: WARNING
http://dpdk.org/patch/87023
_Testing issues_
Submitter: Wei Huang <wei.huang@intel.com>
Date: Thursday, January 21 2021 06:03:34
DPDK git baseline: Repo:dpdk
Branch: master
CommitID:4080917cbcb8fb41bf6b3618039a72cee0b7525e
87020-87023 --> testing fail
Test environment and result as below:
+---------------------+----------------------+--------------------+-------------------+----------------+
| Environment | dpdk_mingw64_compile | dpdk_meson_compile | dpdk_compile_spdk | dpdk_unit_test |
+=====================+======================+====================+===================+================+
| Windows Server 2019 | FAIL | PASS | SKIPPED | SKIPPED |
+---------------------+----------------------+--------------------+-------------------+----------------+
| FreeBSD 11.2 | SKIPPED | PASS | SKIPPED | SKIPPED |
+---------------------+----------------------+--------------------+-------------------+----------------+
| Ubuntu 18.04 | SKIPPED | PASS | PASS | PASS |
+---------------------+----------------------+--------------------+-------------------+----------------+
| CentOS 8 | SKIPPED | PASS | SKIPPED | SKIPPED |
+---------------------+----------------------+--------------------+-------------------+----------------+
| openSUSE Leap 15 | SKIPPED | PASS | SKIPPED | SKIPPED |
+---------------------+----------------------+--------------------+-------------------+----------------+
| Arch Linux | SKIPPED | PASS | SKIPPED | SKIPPED |
+---------------------+----------------------+--------------------+-------------------+----------------+
| Fedora 31 | SKIPPED | PASS | PASS | SKIPPED |
+---------------------+----------------------+--------------------+-------------------+----------------+
| Ubuntu 18.04 ARM | SKIPPED | PASS | SKIPPED | PASS |
+---------------------+----------------------+--------------------+-------------------+----------------+
==== 20 line log output for Windows Server 2019 (dpdk_mingw64_compile): ====
{standard input}:1673: Error: invalid register for .seh_savexmm
{standard input}:1675: Error: invalid register for .seh_savexmm
{standard input}:1677: Error: invalid register for .seh_savexmm
{standard input}:1679: Error: invalid register for .seh_savexmm
{standard input}:1681: Error: invalid register for .seh_savexmm
{standard input}:2257: Error: invalid register for .seh_savexmm
{standard input}:2258: Error: invalid register for .seh_savexmm
{standard input}:2259: Error: invalid register for .seh_savexmm
{standard input}:2260: Error: invalid register for .seh_savexmm
{standard input}:2261: Error: invalid register for .seh_savexmm
{standard input}:2262: Error: invalid register for .seh_savexmm
{standard input}:2263: Error: invalid register for .seh_savexmm
{standard input}:2264: Error: invalid register for .seh_savexmm
{standard input}:2265: Error: invalid register for .seh_savexmm
[166/232] Compiling C object drivers/a715181@@rte_net_i40e@sta/net_i40e_i40e_flow.c.obj.
[167/232] Compiling C object drivers/a715181@@rte_net_i40e@sta/net_i40e_i40e_vf_representor.c.obj.
[168/232] Compiling C object drivers/a715181@@rte_net_i40e@sta/net_i40e_i40e_hash.c.obj.
[169/232] Compiling C object drivers/a715181@@rte_net_i40e@sta/net_i40e_rte_pmd_i40e.c.obj.
[170/232] Compiling C object drivers/a715181@@rte_net_i40e@sha/net_i40e_i40e_ethdev.c.obj.
ninja: build stopped: subcommand failed.
==== End log output ====
Windows Server 2019
Kernel: 10.0
Compiler: clang 9.0 and gcc 8.1.0 (MinGW)
FreeBSD 11.2
Kernel: 11.2
Compiler: gcc 8.3
Ubuntu 18.04
Kernel: 4.15.0-generic
Compiler: gcc 7.5
CentOS 8
Kernel: 4.18.0.el8_0
Compiler: gcc 8.3.1
openSUSE Leap 15
Kernel: 4.12.14
Compiler: gcc 7.4.1
Arch Linux
Kernel: latest
Compiler: gcc latest
Fedora 31
Kernel: 5.3.16
Compiler: gcc 9.2.1
Ubuntu 18.04 ARM
Kernel: 5.4.0-53-generic
Compiler: gcc 9.3
To view detailed results, visit:
https://lab.dpdk.org/results/dashboard/patchsets/15314/
UNH-IOL DPDK Community Lab
To manage your email subscriptions, visit:
https://lab.dpdk.org/results/dashboard/preferences/subscriptions/
^ permalink raw reply [flat|nested] only message in thread
only message in thread, other threads:[~2021-01-28 14:19 UTC | newest]
Thread overview: (only message) (download: mbox.gz / follow: Atom feed)
-- links below jump to the message on this page --
2021-01-28 14:19 [dpdk-test-report] |WARNING| pw87020-87023 [PATCH] [v11, 4/4] examples/ifpga: add example for opae ifpga API dpdklab
This is a public inbox, see mirroring instructions
for how to clone and mirror all data and code used for this inbox;
as well as URLs for NNTP newsgroup(s).