* [dpdk-test-report] |FAILURE| pw87397-87398 [PATCH] [v2, 2/2] net/i40e: fix mingw build error
@ 2021-01-31 6:42 dpdklab
0 siblings, 0 replies; only message in thread
From: dpdklab @ 2021-01-31 6:42 UTC (permalink / raw)
To: Test Report; +Cc: dpdk-test-reports
[-- Attachment #1: Type: text/plain, Size: 4467 bytes --]
Test-Label: iol-testing
Test-Status: FAILURE
http://dpdk.org/patch/87398
_Testing issues_
Submitter: Leyi Rong <leyi.rong@intel.com>
Date: Wednesday, January 27 2021 08:47:45
DPDK git baseline: Repo:dpdk
Branch: master
CommitID:6a2cf58a045f58c9744194f4d44394c7af1a0027
87397-87398 --> testing fail
Test environment and result as below:
+---------------------+----------------------+----------------+--------------------+-------------------+
| Environment | dpdk_mingw64_compile | dpdk_unit_test | dpdk_meson_compile | dpdk_compile_spdk |
+=====================+======================+================+====================+===================+
| Windows Server 2019 | FAIL | SKIPPED | FAIL | SKIPPED |
+---------------------+----------------------+----------------+--------------------+-------------------+
| Ubuntu 18.04 | SKIPPED | FAIL | PASS | PASS |
+---------------------+----------------------+----------------+--------------------+-------------------+
| Ubuntu 18.04 ARM | SKIPPED | PASS | PASS | SKIPPED |
+---------------------+----------------------+----------------+--------------------+-------------------+
| FreeBSD 11.2 | SKIPPED | SKIPPED | FAIL | SKIPPED |
+---------------------+----------------------+----------------+--------------------+-------------------+
| CentOS 8 | SKIPPED | SKIPPED | PASS | SKIPPED |
+---------------------+----------------------+----------------+--------------------+-------------------+
| openSUSE Leap 15 | SKIPPED | SKIPPED | PASS | SKIPPED |
+---------------------+----------------------+----------------+--------------------+-------------------+
| Arch Linux | SKIPPED | SKIPPED | PASS | SKIPPED |
+---------------------+----------------------+----------------+--------------------+-------------------+
| Fedora 31 | SKIPPED | SKIPPED | PASS | PASS |
+---------------------+----------------------+----------------+--------------------+-------------------+
==== 20 line log output for Windows Server 2019 (dpdk_mingw64_compile): ====
{standard input}:3517: Error: invalid register for .seh_savexmm
{standard input}:3519: Error: invalid register for .seh_savexmm
{standard input}:3521: Error: invalid register for .seh_savexmm
{standard input}:4204: Error: invalid register for .seh_savexmm
{standard input}:4205: Error: invalid register for .seh_savexmm
{standard input}:4206: Error: invalid register for .seh_savexmm
{standard input}:4207: Error: invalid register for .seh_savexmm
{standard input}:4208: Error: invalid register for .seh_savexmm
{standard input}:4209: Error: invalid register for .seh_savexmm
{standard input}:4210: Error: invalid register for .seh_savexmm
{standard input}:4211: Error: invalid register for .seh_savexmm
{standard input}:4212: Error: invalid register for .seh_savexmm
{standard input}:4213: Error: invalid register for .seh_savexmm
{standard input}:4214: Error: invalid register for .seh_savexmm
[145/227] Generating rte_mempool_ring.pmd.c with a custom command.
[146/227] Compiling C object lib/76b5a35@@rte_hash@sta/librte_hash_rte_cuckoo_hash.c.obj.
[147/227] Generating rte_bus_vdev.pmd.c with a custom command.
[148/227] Compiling C object drivers/a715181@@tmp_rte_bus_pci@sta/bus_pci_pci_common.c.obj.
[149/227] Compiling C object drivers/a715181@@tmp_rte_bus_pci@sta/bus_pci_windows_pci.c.obj.
ninja: build stopped: subcommand failed.
==== End log output ====
Windows Server 2019
Kernel: 10.0
Compiler: clang 9.0 and gcc 8.1.0 (MinGW)
Ubuntu 18.04
Kernel: 4.15.0-generic
Compiler: gcc 7.5
Ubuntu 18.04 ARM
Kernel: 5.4.0-53-generic
Compiler: gcc 9.3
FreeBSD 11.2
Kernel: 11.2
Compiler: gcc 8.3
CentOS 8
Kernel: 4.18.0.el8_0
Compiler: gcc 8.3.1
openSUSE Leap 15
Kernel: 4.12.14
Compiler: gcc 7.4.1
Arch Linux
Kernel: latest
Compiler: gcc latest
Fedora 31
Kernel: 5.3.16
Compiler: gcc 9.2.1
To view detailed results, visit:
https://lab.dpdk.org/results/dashboard/patchsets/15394/
UNH-IOL DPDK Community Lab
To manage your email subscriptions, visit:
https://lab.dpdk.org/results/dashboard/preferences/subscriptions/
^ permalink raw reply [flat|nested] only message in thread
only message in thread, other threads:[~2021-01-31 6:42 UTC | newest]
Thread overview: (only message) (download: mbox.gz / follow: Atom feed)
-- links below jump to the message on this page --
2021-01-31 6:42 [dpdk-test-report] |FAILURE| pw87397-87398 [PATCH] [v2, 2/2] net/i40e: fix mingw build error dpdklab
This is a public inbox, see mirroring instructions
for how to clone and mirror all data and code used for this inbox;
as well as URLs for NNTP newsgroup(s).