* [dpdk-test-report] |WARNING| pw87749 [PATCH] cryptodev: support multiple cipher block sizes
[not found] <1612449252-395208-1-git-send-email-matan@nvidia.com>
@ 2021-02-04 14:35 ` checkpatch
2021-02-04 19:15 ` [dpdk-test-report] |WARNING| pw87749 " 0-day Robot
1 sibling, 0 replies; 3+ messages in thread
From: checkpatch @ 2021-02-04 14:35 UTC (permalink / raw)
To: test-report; +Cc: Matan Azrad
Test-Label: checkpatch
Test-Status: WARNING
http://dpdk.org/patch/87749
_coding style issues_
WARNING:TYPO_SPELLING: 'MULITPLE' may be misspelled - perhaps 'MULTIPLE'?
#81:
RTE_CRYPTODEV_FF_CIPHER_MULITPLE_BLOCKS.
WARNING:TYPO_SPELLING: 'MULITPLE' may be misspelled - perhaps 'MULTIPLE'?
#110: FILE: lib/librte_cryptodev/rte_crypto_sym.h:270:
+ /**< When RTE_CRYPTODEV_FF_CIPHER_MULITPLE_BLOCKS is reported, this is
total: 0 errors, 2 warnings, 57 lines checked
^ permalink raw reply [flat|nested] 3+ messages in thread
* [dpdk-test-report] |WARNING| pw87749 cryptodev: support multiple cipher block sizes
[not found] <1612449252-395208-1-git-send-email-matan@nvidia.com>
2021-02-04 14:35 ` [dpdk-test-report] |WARNING| pw87749 [PATCH] cryptodev: support multiple cipher block sizes checkpatch
@ 2021-02-04 19:15 ` 0-day Robot
1 sibling, 0 replies; 3+ messages in thread
From: 0-day Robot @ 2021-02-04 19:15 UTC (permalink / raw)
To: test-report; +Cc: matan, robot
From: robot@bytheb.org
Test-Label: travis-robot
Test-Status: WARNING
http://dpdk.org/patch/87749
_Travis build: failed_
Build URL: https://travis-ci.com/ovsrobot/dpdk/builds/216091750
^ permalink raw reply [flat|nested] 3+ messages in thread
* [dpdk-test-report] |WARNING| pw87749 [PATCH] cryptodev: support multiple cipher block sizes
@ 2021-02-05 9:57 dpdklab
0 siblings, 0 replies; 3+ messages in thread
From: dpdklab @ 2021-02-05 9:57 UTC (permalink / raw)
To: Test Report; +Cc: dpdk-test-reports
[-- Attachment #1: Type: text/plain, Size: 4375 bytes --]
Test-Label: iol-testing
Test-Status: WARNING
http://dpdk.org/patch/87749
_Testing issues_
Submitter: Matan Azrad <matan@nvidia.com>
Date: Thursday, February 04 2021 14:34:12
DPDK git baseline: Repo:dpdk
Branch: master
CommitID:f6f2d22401531ba06f5a1c967853453b0cbb8a9d
87749 --> testing fail
Test environment and result as below:
+---------------------+----------------------+--------------------+-------------------+----------------+
| Environment | dpdk_mingw64_compile | dpdk_meson_compile | dpdk_compile_spdk | dpdk_unit_test |
+=====================+======================+====================+===================+================+
| Windows Server 2019 | FAIL | PASS | SKIPPED | SKIPPED |
+---------------------+----------------------+--------------------+-------------------+----------------+
| FreeBSD 11.2 | SKIPPED | PASS | SKIPPED | SKIPPED |
+---------------------+----------------------+--------------------+-------------------+----------------+
| Ubuntu 18.04 | SKIPPED | PASS | FAIL | PASS |
+---------------------+----------------------+--------------------+-------------------+----------------+
| CentOS 8 | SKIPPED | PASS | SKIPPED | SKIPPED |
+---------------------+----------------------+--------------------+-------------------+----------------+
| openSUSE Leap 15 | SKIPPED | PASS | SKIPPED | SKIPPED |
+---------------------+----------------------+--------------------+-------------------+----------------+
| Arch Linux | SKIPPED | PASS | SKIPPED | SKIPPED |
+---------------------+----------------------+--------------------+-------------------+----------------+
| Fedora 31 | SKIPPED | PASS | FAIL | SKIPPED |
+---------------------+----------------------+--------------------+-------------------+----------------+
| Ubuntu 18.04 ARM | SKIPPED | PASS | SKIPPED | PASS |
+---------------------+----------------------+--------------------+-------------------+----------------+
==== 20 line log output for Windows Server 2019 (dpdk_mingw64_compile): ====
{standard input}:3507: Error: invalid register for .seh_savexmm
{standard input}:3509: Error: invalid register for .seh_savexmm
{standard input}:3511: Error: invalid register for .seh_savexmm
{standard input}:3513: Error: invalid register for .seh_savexmm
{standard input}:3515: Error: invalid register for .seh_savexmm
{standard input}:3517: Error: invalid register for .seh_savexmm
{standard input}:3519: Error: invalid register for .seh_savexmm
{standard input}:3521: Error: invalid register for .seh_savexmm
{standard input}:4204: Error: invalid register for .seh_savexmm
{standard input}:4205: Error: invalid register for .seh_savexmm
{standard input}:4206: Error: invalid register for .seh_savexmm
{standard input}:4207: Error: invalid register for .seh_savexmm
{standard input}:4208: Error: invalid register for .seh_savexmm
{standard input}:4209: Error: invalid register for .seh_savexmm
{standard input}:4210: Error: invalid register for .seh_savexmm
{standard input}:4211: Error: invalid register for .seh_savexmm
{standard input}:4212: Error: invalid register for .seh_savexmm
{standard input}:4213: Error: invalid register for .seh_savexmm
{standard input}:4214: Error: invalid register for .seh_savexmm
ninja: build stopped: subcommand failed.
==== End log output ====
Windows Server 2019
Kernel: 10.0
Compiler: clang 9.0 and gcc 8.1.0 (MinGW)
FreeBSD 11.2
Kernel: 11.2
Compiler: gcc 8.3
Ubuntu 18.04
Kernel: 4.15.0-generic
Compiler: gcc 7.5
CentOS 8
Kernel: 4.18.0.el8_0
Compiler: gcc 8.3.1
openSUSE Leap 15
Kernel: 4.12.14
Compiler: gcc 7.4.1
Arch Linux
Kernel: latest
Compiler: gcc latest
Fedora 31
Kernel: 5.3.16
Compiler: gcc 9.2.1
Ubuntu 18.04 ARM
Kernel: 5.4.0-53-generic
Compiler: gcc 9.3
To view detailed results, visit:
https://lab.dpdk.org/results/dashboard/patchsets/15544/
UNH-IOL DPDK Community Lab
To manage your email subscriptions, visit:
https://lab.dpdk.org/results/dashboard/preferences/subscriptions/
^ permalink raw reply [flat|nested] 3+ messages in thread
end of thread, other threads:[~2021-02-05 9:57 UTC | newest]
Thread overview: 3+ messages (download: mbox.gz / follow: Atom feed)
-- links below jump to the message on this page --
[not found] <1612449252-395208-1-git-send-email-matan@nvidia.com>
2021-02-04 14:35 ` [dpdk-test-report] |WARNING| pw87749 [PATCH] cryptodev: support multiple cipher block sizes checkpatch
2021-02-04 19:15 ` [dpdk-test-report] |WARNING| pw87749 " 0-day Robot
2021-02-05 9:57 [dpdk-test-report] |WARNING| pw87749 [PATCH] " dpdklab
This is a public inbox, see mirroring instructions
for how to clone and mirror all data and code used for this inbox;
as well as URLs for NNTP newsgroup(s).