* [dpdk-test-report] |WARNING| pw87709 [PATCH] [v3, 1/1] net/pcap: imissed stats support
@ 2021-02-04 22:02 dpdklab
0 siblings, 0 replies; only message in thread
From: dpdklab @ 2021-02-04 22:02 UTC (permalink / raw)
To: Test Report; +Cc: dpdk-test-reports
[-- Attachment #1: Type: text/plain, Size: 4383 bytes --]
Test-Label: iol-testing
Test-Status: WARNING
http://dpdk.org/patch/87709
_Testing issues_
Submitter: Ido Goshen <ido@cgstowernetworks.com>
Date: Wednesday, February 03 2021 23:07:50
DPDK git baseline: Repo:dpdk
Branch: master
CommitID:f6f2d22401531ba06f5a1c967853453b0cbb8a9d
87709 --> testing fail
Test environment and result as below:
+---------------------+----------------------+-------------------+----------------+--------------------+
| Environment | dpdk_mingw64_compile | dpdk_compile_spdk | dpdk_unit_test | dpdk_meson_compile |
+=====================+======================+===================+================+====================+
| Windows Server 2019 | FAIL | SKIPPED | SKIPPED | PASS |
+---------------------+----------------------+-------------------+----------------+--------------------+
| Fedora 31 | SKIPPED | FAIL | SKIPPED | PASS |
+---------------------+----------------------+-------------------+----------------+--------------------+
| Ubuntu 18.04 | SKIPPED | FAIL | PASS | PASS |
+---------------------+----------------------+-------------------+----------------+--------------------+
| Ubuntu 18.04 ARM | SKIPPED | SKIPPED | PASS | PASS |
+---------------------+----------------------+-------------------+----------------+--------------------+
| FreeBSD 11.2 | SKIPPED | SKIPPED | SKIPPED | PASS |
+---------------------+----------------------+-------------------+----------------+--------------------+
| CentOS 8 | SKIPPED | SKIPPED | SKIPPED | PASS |
+---------------------+----------------------+-------------------+----------------+--------------------+
| openSUSE Leap 15 | SKIPPED | SKIPPED | SKIPPED | PASS |
+---------------------+----------------------+-------------------+----------------+--------------------+
| Arch Linux | SKIPPED | SKIPPED | SKIPPED | PASS |
+---------------------+----------------------+-------------------+----------------+--------------------+
==== 20 line log output for Windows Server 2019 (dpdk_mingw64_compile): ====
{standard input}:3507: Error: invalid register for .seh_savexmm
{standard input}:3509: Error: invalid register for .seh_savexmm
{standard input}:3511: Error: invalid register for .seh_savexmm
{standard input}:3513: Error: invalid register for .seh_savexmm
{standard input}:3515: Error: invalid register for .seh_savexmm
{standard input}:3517: Error: invalid register for .seh_savexmm
{standard input}:3519: Error: invalid register for .seh_savexmm
{standard input}:3521: Error: invalid register for .seh_savexmm
{standard input}:4204: Error: invalid register for .seh_savexmm
{standard input}:4205: Error: invalid register for .seh_savexmm
{standard input}:4206: Error: invalid register for .seh_savexmm
{standard input}:4207: Error: invalid register for .seh_savexmm
{standard input}:4208: Error: invalid register for .seh_savexmm
{standard input}:4209: Error: invalid register for .seh_savexmm
{standard input}:4210: Error: invalid register for .seh_savexmm
{standard input}:4211: Error: invalid register for .seh_savexmm
{standard input}:4212: Error: invalid register for .seh_savexmm
{standard input}:4213: Error: invalid register for .seh_savexmm
{standard input}:4214: Error: invalid register for .seh_savexmm
ninja: build stopped: subcommand failed.
==== End log output ====
Windows Server 2019
Kernel: 10.0
Compiler: clang 9.0 and gcc 8.1.0 (MinGW)
Fedora 31
Kernel: 5.3.16
Compiler: gcc 9.2.1
Ubuntu 18.04
Kernel: 4.15.0-generic
Compiler: gcc 7.5
Ubuntu 18.04 ARM
Kernel: 5.4.0-53-generic
Compiler: gcc 9.3
FreeBSD 11.2
Kernel: 11.2
Compiler: gcc 8.3
CentOS 8
Kernel: 4.18.0.el8_0
Compiler: gcc 8.3.1
openSUSE Leap 15
Kernel: 4.12.14
Compiler: gcc 7.4.1
Arch Linux
Kernel: latest
Compiler: gcc latest
To view detailed results, visit:
https://lab.dpdk.org/results/dashboard/patchsets/15523/
UNH-IOL DPDK Community Lab
To manage your email subscriptions, visit:
https://lab.dpdk.org/results/dashboard/preferences/subscriptions/
^ permalink raw reply [flat|nested] only message in thread
only message in thread, other threads:[~2021-02-04 22:02 UTC | newest]
Thread overview: (only message) (download: mbox.gz / follow: Atom feed)
-- links below jump to the message on this page --
2021-02-04 22:02 [dpdk-test-report] |WARNING| pw87709 [PATCH] [v3, 1/1] net/pcap: imissed stats support dpdklab
This is a public inbox, see mirroring instructions
for how to clone and mirror all data and code used for this inbox;
as well as URLs for NNTP newsgroup(s).