From: dpdklab@iol.unh.edu
To: Test Report <test-report@dpdk.org>
Cc: dpdk-test-reports@iol.unh.edu
Subject: [dpdk-test-report] |FAILURE| pw87816 [PATCH] [v1] net/ixgbe: fix UDP zero checksum error for Arm NEON path
Date: Mon, 8 Feb 2021 05:41:15 -0500 (EST) [thread overview]
Message-ID: <20210208104115.1E47730681@noxus.dpdklab.iol.unh.edu> (raw)
[-- Attachment #1: Type: text/plain, Size: 4810 bytes --]
Test-Label: iol-testing
Test-Status: FAILURE
http://dpdk.org/patch/87816
_Testing issues_
Submitter: Feifei Wang <feifei.wang2@arm.com>
Date: Monday, February 08 2021 09:07:04
DPDK git baseline: Repo:dpdk
Branch: master
CommitID:a69f94e934ccf9a6a6401e4f272cb2407783c2cb
87816 --> testing fail
Test environment and result as below:
+---------------------+----------------------+--------------------+----------------+-------------------+
| Environment | dpdk_mingw64_compile | dpdk_meson_compile | dpdk_unit_test | dpdk_compile_spdk |
+=====================+======================+====================+================+===================+
| Windows Server 2019 | PASS | PASS | SKIPPED | SKIPPED |
+---------------------+----------------------+--------------------+----------------+-------------------+
| Ubuntu 18.04 ARM | SKIPPED | FAIL | SKIPPED | SKIPPED |
+---------------------+----------------------+--------------------+----------------+-------------------+
| FreeBSD 11.2 | SKIPPED | PASS | SKIPPED | SKIPPED |
+---------------------+----------------------+--------------------+----------------+-------------------+
| CentOS 8 | SKIPPED | PASS | SKIPPED | SKIPPED |
+---------------------+----------------------+--------------------+----------------+-------------------+
| openSUSE Leap 15 | SKIPPED | PASS | SKIPPED | SKIPPED |
+---------------------+----------------------+--------------------+----------------+-------------------+
| Arch Linux | SKIPPED | PASS | SKIPPED | SKIPPED |
+---------------------+----------------------+--------------------+----------------+-------------------+
| Fedora 31 | SKIPPED | PASS | SKIPPED | FAIL |
+---------------------+----------------------+--------------------+----------------+-------------------+
| Ubuntu 18.04 | SKIPPED | PASS | PASS | FAIL |
+---------------------+----------------------+--------------------+----------------+-------------------+
==== 20 line log output for Ubuntu 18.04 ARM (dpdk_meson_compile): ====
[1346/2803] Compiling C object drivers/libtmp_rte_net_mlx5.a.p/net_mlx5_mlx5_utils.c.o
[1347/2803] Compiling C object drivers/libtmp_rte_net_memif.a.p/net_memif_rte_eth_memif.c.o
[1348/2803] Compiling C object drivers/libtmp_rte_net_mlx5.a.p/net_mlx5_linux_mlx5_ethdev_os.c.o
[1349/2803] Compiling C object drivers/libtmp_rte_net_netvsc.a.p/net_netvsc_hn_ethdev.c.o
[1350/2803] Compiling C object drivers/libtmp_rte_net_mlx5.a.p/net_mlx5_linux_mlx5_verbs.c.o
[1351/2803] Generating symbol file lib/librte_hash.so.21.1.p/librte_hash.so.21.1.symbols
[1352/2803] Compiling C object drivers/libtmp_rte_net_mlx5.a.p/net_mlx5_mlx5_flow_verbs.c.o
[1353/2803] Compiling C object drivers/libtmp_rte_net_mlx5.a.p/net_mlx5_mlx5_txq.c.o
[1354/2803] Compiling C object drivers/libtmp_rte_net_mlx5.a.p/net_mlx5_mlx5_devx.c.o
[1355/2803] Compiling C object drivers/libtmp_rte_net_mlx5.a.p/net_mlx5_mlx5_rxq.c.o
[1356/2803] Compiling C object drivers/libtmp_rte_net_mlx5.a.p/net_mlx5_mlx5_rxtx_vec.c.o
[1357/2803] Compiling C object drivers/libtmp_rte_net_netvsc.a.p/net_netvsc_hn_rxtx.c.o
[1358/2803] Compiling C object drivers/libtmp_rte_net_mlx5.a.p/net_mlx5_linux_mlx5_os.c.o
[1359/2803] Generating rte_common_sfc_efx.sym_chk with a custom command (wrapped by meson to capture output)
[1360/2803] Compiling C object drivers/libtmp_rte_net_i40e.a.p/net_i40e_i40e_ethdev.c.o
[1361/2803] Compiling C object drivers/libtmp_rte_net_ixgbe.a.p/net_ixgbe_ixgbe_ethdev.c.o
[1362/2803] Compiling C object drivers/libtmp_rte_net_ixgbe.a.p/net_ixgbe_ixgbe_rxtx.c.o
[1363/2803] Compiling C object drivers/libtmp_rte_net_mlx5.a.p/net_mlx5_mlx5_rxtx.c.o
ninja: build stopped: subcommand failed.
[1] Error running command.
==== End log output ====
Windows Server 2019
Kernel: 10.0
Compiler: clang 9.0 and gcc 8.1.0 (MinGW)
Ubuntu 18.04 ARM
Kernel: 5.4.0-53-generic
Compiler: gcc 9.3
FreeBSD 11.2
Kernel: 11.2
Compiler: gcc 8.3
CentOS 8
Kernel: 4.18.0.el8_0
Compiler: gcc 8.3.1
openSUSE Leap 15
Kernel: 4.12.14
Compiler: gcc 7.4.1
Arch Linux
Kernel: latest
Compiler: gcc latest
Fedora 31
Kernel: 5.3.16
Compiler: gcc 9.2.1
Ubuntu 18.04
Kernel: 4.15.0-generic
Compiler: gcc 7.5
To view detailed results, visit:
https://lab.dpdk.org/results/dashboard/patchsets/15573/
UNH-IOL DPDK Community Lab
To manage your email subscriptions, visit:
https://lab.dpdk.org/results/dashboard/preferences/subscriptions/
reply other threads:[~2021-02-08 10:41 UTC|newest]
Thread overview: [no followups] expand[flat|nested] mbox.gz Atom feed
Reply instructions:
You may reply publicly to this message via plain-text email
using any one of the following methods:
* Save the following mbox file, import it into your mail client,
and reply-to-all from there: mbox
Avoid top-posting and favor interleaved quoting:
https://en.wikipedia.org/wiki/Posting_style#Interleaved_style
* Reply using the --to, --cc, and --in-reply-to
switches of git-send-email(1):
git send-email \
--in-reply-to=20210208104115.1E47730681@noxus.dpdklab.iol.unh.edu \
--to=dpdklab@iol.unh.edu \
--cc=dpdk-test-reports@iol.unh.edu \
--cc=test-report@dpdk.org \
/path/to/YOUR_REPLY
https://kernel.org/pub/software/scm/git/docs/git-send-email.html
* If your mail client supports setting the In-Reply-To header
via mailto: links, try the mailto: link
Be sure your reply has a Subject: header at the top and a blank line
before the message body.
This is a public inbox, see mirroring instructions
for how to clone and mirror all data and code used for this inbox;
as well as URLs for NNTP newsgroup(s).