* [dpdk-test-report] |FAILURE| [GIT MASTER] a98acf06d544d186684be58d69f48f1f90beda5d
@ 2021-02-10 0:44 dpdklab
0 siblings, 0 replies; only message in thread
From: dpdklab @ 2021-02-10 0:44 UTC (permalink / raw)
To: Test Report; +Cc: dpdk-test-reports
[-- Attachment #1: Type: text/plain, Size: 3629 bytes --]
_Testing issues_
Branch: dpdk-next-net-intel
a98acf06d544d186684be58d69f48f1f90beda5d --> testing fail
Test environment and result as below:
+---------------------+----------------------+--------------------+-------------------+----------------+
| Environment | dpdk_mingw64_compile | dpdk_meson_compile | dpdk_compile_spdk | dpdk_unit_test |
+=====================+======================+====================+===================+================+
| Windows Server 2019 | PASS | PASS | SKIPPED | SKIPPED |
+---------------------+----------------------+--------------------+-------------------+----------------+
| FreeBSD 11.2 | SKIPPED | PASS | SKIPPED | SKIPPED |
+---------------------+----------------------+--------------------+-------------------+----------------+
| Ubuntu 18.04 | SKIPPED | PASS | FAIL | FAIL |
+---------------------+----------------------+--------------------+-------------------+----------------+
| CentOS 8 | SKIPPED | PASS | SKIPPED | SKIPPED |
+---------------------+----------------------+--------------------+-------------------+----------------+
| openSUSE Leap 15 | SKIPPED | PASS | SKIPPED | SKIPPED |
+---------------------+----------------------+--------------------+-------------------+----------------+
| Ubuntu 18.04 ARM | SKIPPED | PASS | SKIPPED | PASS |
+---------------------+----------------------+--------------------+-------------------+----------------+
| Fedora 31 | SKIPPED | PASS | FAIL | SKIPPED |
+---------------------+----------------------+--------------------+-------------------+----------------+
| Arch Linux | SKIPPED | PASS | SKIPPED | SKIPPED |
+---------------------+----------------------+--------------------+-------------------+----------------+
==== 20 line log output for Ubuntu 18.04 (dpdk_compile_spdk): ====
make[1]: *** [nvme] Error 2
/spdk/mk/spdk.subdirs.mk:44: recipe for target 'nvme' failed
/spdk/mk/spdk.subdirs.mk:44: recipe for target 'examples' failed
make: *** [examples] Error 2
CXX test/cpp_headers/nvme.o
CXX test/cpp_headers/trace.o
CXX test/cpp_headers/net.o
CXX test/cpp_headers/env.o
CXX test/cpp_headers/iscsi_spec.o
/spdk/mk/spdk.subdirs.mk:44: recipe for target 'env' failed
make[1]: *** [env] Error 2
CXX test/cpp_headers/lvol.o
CXX test/cpp_headers/nvmf_cmd.o
CXX test/cpp_headers/histogram_data.o
CXX test/cpp_headers/queue.o
CXX test/cpp_headers/ioat_spec.o
CXX test/cpp_headers/mmio.o
/spdk/mk/spdk.subdirs.mk:44: recipe for target 'test' failed
make: *** [test] Error 2
[2] Error running command.
==== End log output ====
Windows Server 2019
Kernel: 10.0
Compiler: clang 9.0 and gcc 8.1.0 (MinGW)
FreeBSD 11.2
Kernel: 11.2
Compiler: gcc 8.3
Ubuntu 18.04
Kernel: 4.15.0-generic
Compiler: gcc 7.5
CentOS 8
Kernel: 4.18.0.el8_0
Compiler: gcc 8.3.1
openSUSE Leap 15
Kernel: 4.12.14
Compiler: gcc 7.4.1
Ubuntu 18.04 ARM
Kernel: 5.4.0-53-generic
Compiler: gcc 9.3
Fedora 31
Kernel: 5.3.16
Compiler: gcc 9.2.1
Arch Linux
Kernel: latest
Compiler: gcc latest
To view detailed results, visit:
https://lab.dpdk.org/results/dashboard/tarballs/13751/
UNH-IOL DPDK Community Lab
To manage your email subscriptions, visit:
https://lab.dpdk.org/results/dashboard/preferences/subscriptions/
^ permalink raw reply [flat|nested] only message in thread
only message in thread, other threads:[~2021-02-10 0:44 UTC | newest]
Thread overview: (only message) (download: mbox.gz / follow: Atom feed)
-- links below jump to the message on this page --
2021-02-10 0:44 [dpdk-test-report] |FAILURE| [GIT MASTER] a98acf06d544d186684be58d69f48f1f90beda5d dpdklab
This is a public inbox, see mirroring instructions
for how to clone and mirror all data and code used for this inbox;
as well as URLs for NNTP newsgroup(s).