* [dpdk-test-report] |FAILURE| pw87838 [PATCH] bus/pci: fix probing for non-netuio bound devices
@ 2021-02-10 3:43 dpdklab
0 siblings, 0 replies; only message in thread
From: dpdklab @ 2021-02-10 3:43 UTC (permalink / raw)
To: Test Report; +Cc: dpdk-test-reports
[-- Attachment #1: Type: text/plain, Size: 4166 bytes --]
Test-Label: iol-testing
Test-Status: FAILURE
http://dpdk.org/patch/87838
_Testing issues_
Submitter: Pallavi Kadam <pallavi.kadam@intel.com>
Date: Wednesday, February 10 2021 01:40:08
DPDK git baseline: Repo:dpdk
Branch: master
CommitID:0d32fd0945d8bd235ca57b8c15463fd72ba5b8c4
87838 --> testing fail
Test environment and result as below:
+---------------------+----------------------+--------------------+-------------------+----------------+
| Environment | dpdk_mingw64_compile | dpdk_meson_compile | dpdk_compile_spdk | dpdk_unit_test |
+=====================+======================+====================+===================+================+
| Windows Server 2019 | PASS | PASS | SKIPPED | SKIPPED |
+---------------------+----------------------+--------------------+-------------------+----------------+
| Ubuntu 18.04 ARM | SKIPPED | PASS | SKIPPED | SKIPPED |
+---------------------+----------------------+--------------------+-------------------+----------------+
| FreeBSD 11.2 | SKIPPED | PASS | SKIPPED | SKIPPED |
+---------------------+----------------------+--------------------+-------------------+----------------+
| Ubuntu 18.04 | SKIPPED | PASS | FAIL | FAIL |
+---------------------+----------------------+--------------------+-------------------+----------------+
| CentOS 8 | SKIPPED | PASS | SKIPPED | SKIPPED |
+---------------------+----------------------+--------------------+-------------------+----------------+
| openSUSE Leap 15 | SKIPPED | PASS | SKIPPED | SKIPPED |
+---------------------+----------------------+--------------------+-------------------+----------------+
| Arch Linux | SKIPPED | PASS | SKIPPED | SKIPPED |
+---------------------+----------------------+--------------------+-------------------+----------------+
| Fedora 31 | SKIPPED | PASS | FAIL | SKIPPED |
+---------------------+----------------------+--------------------+-------------------+----------------+
==== 20 line log output for Fedora 31 (dpdk_compile_spdk): ====
make: *** Waiting for unfinished jobs....
CC test/bdev/bdevperf/bdevperf.o
LINK bdevio
LINK spdk_trace
make: *** [/spdk/mk/spdk.subdirs.mk:44: app] Error 2
/usr/bin/ld.bfd: /dpdk/build/lib/librte_ethdev.a(librte_ethdev_rte_class_eth.c.o): in function `eth_mac_cmp':
rte_class_eth.c:(.text+0x1d4): undefined reference to `rte_ether_unformat_addr'
collect2: error: ld returned 1 exit status
make[3]: *** [/spdk/mk/spdk.app.mk:65: bdevio] Error 1
make[2]: *** [/spdk/mk/spdk.subdirs.mk:44: bdevio] Error 2
make[2]: *** Waiting for unfinished jobs....
LINK bdevperf
/usr/bin/ld.bfd: /dpdk/build/lib/librte_ethdev.a(librte_ethdev_rte_class_eth.c.o): in function `eth_mac_cmp':
rte_class_eth.c:(.text+0x1d4): undefined reference to `rte_ether_unformat_addr'
collect2: error: ld returned 1 exit status
make[3]: *** [/spdk/mk/spdk.app.mk:65: bdevperf] Error 1
make[2]: *** [/spdk/mk/spdk.subdirs.mk:44: bdevperf] Error 2
make[1]: *** [/spdk/mk/spdk.subdirs.mk:44: bdev] Error 2
make: *** [/spdk/mk/spdk.subdirs.mk:44: test] Error 2
[2] Error running command.
==== End log output ====
Windows Server 2019
Kernel: 10.0
Compiler: clang 9.0 and gcc 8.1.0 (MinGW)
Ubuntu 18.04 ARM
Kernel: 5.4.0-53-generic
Compiler: gcc 9.3
FreeBSD 11.2
Kernel: 11.2
Compiler: gcc 8.3
Ubuntu 18.04
Kernel: 4.15.0-generic
Compiler: gcc 7.5
CentOS 8
Kernel: 4.18.0.el8_0
Compiler: gcc 8.3.1
openSUSE Leap 15
Kernel: 4.12.14
Compiler: gcc 7.4.1
Arch Linux
Kernel: latest
Compiler: gcc latest
Fedora 31
Kernel: 5.3.16
Compiler: gcc 9.2.1
To view detailed results, visit:
https://lab.dpdk.org/results/dashboard/patchsets/15588/
UNH-IOL DPDK Community Lab
To manage your email subscriptions, visit:
https://lab.dpdk.org/results/dashboard/preferences/subscriptions/
^ permalink raw reply [flat|nested] only message in thread
only message in thread, other threads:[~2021-02-10 3:44 UTC | newest]
Thread overview: (only message) (download: mbox.gz / follow: Atom feed)
-- links below jump to the message on this page --
2021-02-10 3:43 [dpdk-test-report] |FAILURE| pw87838 [PATCH] bus/pci: fix probing for non-netuio bound devices dpdklab
This is a public inbox, see mirroring instructions
for how to clone and mirror all data and code used for this inbox;
as well as URLs for NNTP newsgroup(s).