* [dpdk-test-report] |FAILURE| pw87880 [PATCH] usertools: check 0-division with hugepage size
@ 2021-02-11 23:23 dpdklab
0 siblings, 0 replies; only message in thread
From: dpdklab @ 2021-02-11 23:23 UTC (permalink / raw)
To: Test Report; +Cc: dpdk-test-reports
[-- Attachment #1: Type: text/plain, Size: 3590 bytes --]
Test-Label: iol-testing
Test-Status: FAILURE
http://dpdk.org/patch/87880
_Testing issues_
Submitter: Thomas Monjalon <thomas@monjalon.net>
Date: Thursday, February 11 2021 22:05:44
DPDK git baseline: Repo:dpdk
Branch: master
CommitID:618f0f4ac689f9255eecbef9202e77e35a9a7ceb
87880 --> testing fail
Test environment and result as below:
+---------------------+----------------------+--------------------+----------------+
| Environment | dpdk_mingw64_compile | dpdk_meson_compile | dpdk_unit_test |
+=====================+======================+====================+================+
| Windows Server 2019 | PASS | PASS | SKIPPED |
+---------------------+----------------------+--------------------+----------------+
| FreeBSD 11.2 | SKIPPED | PASS | SKIPPED |
+---------------------+----------------------+--------------------+----------------+
| Fedora 31 | SKIPPED | PASS | SKIPPED |
+---------------------+----------------------+--------------------+----------------+
| CentOS 8 | SKIPPED | PASS | SKIPPED |
+---------------------+----------------------+--------------------+----------------+
| openSUSE Leap 15 | SKIPPED | PASS | SKIPPED |
+---------------------+----------------------+--------------------+----------------+
| Arch Linux | SKIPPED | PASS | SKIPPED |
+---------------------+----------------------+--------------------+----------------+
| Ubuntu 18.04 | SKIPPED | PASS | FAIL |
+---------------------+----------------------+--------------------+----------------+
| Ubuntu 18.04 ARM | SKIPPED | PASS | PASS |
+---------------------+----------------------+--------------------+----------------+
==== 20 line log output for Ubuntu 18.04 (dpdk_unit_test): ====
94/95 DPDK:fast-tests / pdump_autotest OK 5.24s
Summary of Failures:
50/95 DPDK:fast-tests / red_autotest FAIL 1.35s (exit status 1)
76/95 DPDK:fast-tests / ipsec_autotest SKIP 0.17s
77/95 DPDK:fast-tests / kni_autotest SKIP 0.17s
81/95 DPDK:fast-tests / power_cpufreq_autotest SKIP 0.17s
83/95 DPDK:fast-tests / power_kvm_vm_autotest SKIP 0.17s
95/95 DPDK:fast-tests / compressdev_autotest SKIP 0.17s
Ok: 89
Expected Fail: 0
Fail: 1
Unexpected Pass: 0
Skipped: 5
Timeout: 0
Full log written to /home/jenkins-local/jenkins-agent/workspace/Ubuntu18.04-Unit-Test-DPDK/dpdk/build/meson-logs/testlog.txt
[1] Error running command.
==== End log output ====
Windows Server 2019
Kernel: 10.0
Compiler: clang 9.0 and gcc 8.1.0 (MinGW)
FreeBSD 11.2
Kernel: 11.2
Compiler: gcc 8.3
Fedora 31
Kernel: 5.3.16
Compiler: gcc 9.2.1
CentOS 8
Kernel: 4.18.0.el8_0
Compiler: gcc 8.3.1
openSUSE Leap 15
Kernel: 4.12.14
Compiler: gcc 7.4.1
Arch Linux
Kernel: latest
Compiler: gcc latest
Ubuntu 18.04
Kernel: 4.15.0-generic
Compiler: gcc 7.5
Ubuntu 18.04 ARM
Kernel: 5.4.0-53-generic
Compiler: gcc 9.3
To view detailed results, visit:
https://lab.dpdk.org/results/dashboard/patchsets/15608/
UNH-IOL DPDK Community Lab
To manage your email subscriptions, visit:
https://lab.dpdk.org/results/dashboard/preferences/subscriptions/
^ permalink raw reply [flat|nested] only message in thread
only message in thread, other threads:[~2021-02-11 23:23 UTC | newest]
Thread overview: (only message) (download: mbox.gz / follow: Atom feed)
-- links below jump to the message on this page --
2021-02-11 23:23 [dpdk-test-report] |FAILURE| pw87880 [PATCH] usertools: check 0-division with hugepage size dpdklab
This is a public inbox, see mirroring instructions
for how to clone and mirror all data and code used for this inbox;
as well as URLs for NNTP newsgroup(s).