Test-Label: checkpatch Test-Status: SUCCESS http://dpdk.org/patch/87968 _coding style OK_
[-- Attachment #1: Type: text/plain, Size: 1258 bytes --] Test-Label: iol-broadcom-Performance Test-Status: SUCCESS http://dpdk.org/patch/87968 _Performance Testing PASS_ Submitter: Li Feng <fengli@smartx.com> Date: Thursday, February 18 2021 06:12:53 DPDK git baseline: Repo:dpdk Branch: master CommitID:442155f70c6bbdf59aa1f7b4d8039b5140f62927 87968 --> performance testing pass Test environment and result as below: Ubuntu 18.04 Kernel: 4.15.0-65-generic Compiler: gcc gcc (Ubuntu 7.4.0-1ubuntu1~18.04.1) 7.4.0 NIC: Broadcom Inc. brcm_57414 25000 Mbps Target: x86_64-native-linuxapp-gcc Fail/Total: 0/2 Detail performance results: +------------+---------+-------------------------------------+ | frame_size | txd/rxd | throughput difference from expected | +============+=========+=====================================+ | 64 | 512 | 0.0% | +------------+---------+-------------------------------------+ | 64 | 2048 | 0.4604593885527765% | +------------+---------+-------------------------------------+ To view detailed results, visit: https://lab.dpdk.org/results/dashboard/patchsets/15642/ UNH-IOL DPDK Community Lab To manage your email subscriptions, visit: https://lab.dpdk.org/results/dashboard/preferences/subscriptions/
[-- Attachment #1: Type: text/plain, Size: 785 bytes --] Test-Label: iol-broadcom-Functional Test-Status: SUCCESS http://dpdk.org/patch/87968 _Functional Testing PASS_ Submitter: Li Feng <fengli@smartx.com> Date: Thursday, February 18 2021 06:12:53 DPDK git baseline: Repo:dpdk Branch: master CommitID:442155f70c6bbdf59aa1f7b4d8039b5140f62927 87968 --> functional testing pass Test environment and result as below: Ubuntu 18.04 Kernel: 4.15.0-65-generic Compiler: gcc gcc (Ubuntu 7.4.0-1ubuntu1~18.04.1) 7.4.0 NIC: Broadcom Inc. brcm_57414 25000 Mbps Target: x86_64-native-linuxapp-gcc Fail/Total: 0/3 To view detailed results, visit: https://lab.dpdk.org/results/dashboard/patchsets/15642/ UNH-IOL DPDK Community Lab To manage your email subscriptions, visit: https://lab.dpdk.org/results/dashboard/preferences/subscriptions/
[-- Attachment #1: Type: text/plain, Size: 2576 bytes --] Test-Label: iol-intel-Performance Test-Status: SUCCESS http://dpdk.org/patch/87968 _Performance Testing PASS_ Submitter: Li Feng <fengli@smartx.com> Date: Thursday, February 18 2021 06:12:53 DPDK git baseline: Repo:dpdk Branch: master CommitID:442155f70c6bbdf59aa1f7b4d8039b5140f62927 87968 --> performance testing pass Test environment and result as below: Ubuntu 18.04 Kernel: 4.15.0-generic Compiler: gcc 7.4 NIC: Intel Corporation Ethernet Converged Network Adapter 82599ES 10000 Mbps Target: x86_64-native-linuxapp-gcc Fail/Total: 0/2 Detail performance results: +------------+---------+-------------------------------------+ | frame_size | txd/rxd | throughput difference from expected | +============+=========+=====================================+ | 64 | 512 | 1.7235912302953336% | +------------+---------+-------------------------------------+ | 64 | 2048 | 1.7409290700680906% | +------------+---------+-------------------------------------+ Ubuntu 18.04 Kernel: 4.15.0-generic Compiler: gcc 7.4 NIC: Intel Corporation Ethernet Converged Network Adapter XL710-QDA2 40000 Mbps Target: x86_64-native-linuxapp-gcc Fail/Total: 0/2 Detail performance results: +------------+---------+-------------------------------------+ | frame_size | txd/rxd | throughput difference from expected | +============+=========+=====================================+ | 64 | 512 | 5.570090471530429% | +------------+---------+-------------------------------------+ | 64 | 2048 | 5.028309181153812% | +------------+---------+-------------------------------------+ Ubuntu 18.04 ARM Kernel: 4.15.0-132-generic Compiler: gcc 7.5 NIC: Arm Intel Corporation Ethernet Converged Network Adapter XL710-QDA2 40000 Mbps Target: x86_64-native-linuxapp-gcc Fail/Total: 0/2 Detail performance results: +------------+---------+-------------------------------------+ | frame_size | txd/rxd | throughput difference from expected | +============+=========+=====================================+ | 64 | 512 | -1.2285355298059484% | +------------+---------+-------------------------------------+ | 64 | 2048 | -0.9477351916376253% | +------------+---------+-------------------------------------+ To view detailed results, visit: https://lab.dpdk.org/results/dashboard/patchsets/15642/ UNH-IOL DPDK Community Lab To manage your email subscriptions, visit: https://lab.dpdk.org/results/dashboard/preferences/subscriptions/
[-- Attachment #1: Type: text/plain, Size: 4834 bytes --] Test-Label: iol-mellanox-Performance Test-Status: SUCCESS http://dpdk.org/patch/87968 _Performance Testing PASS_ Submitter: Li Feng <fengli@smartx.com> Date: Thursday, February 18 2021 06:12:53 DPDK git baseline: Repo:dpdk Branch: master CommitID:442155f70c6bbdf59aa1f7b4d8039b5140f62927 87968 --> performance testing pass Test environment and result as below: Ubuntu 18.04 Kernel: 4.15.0-generic Compiler: gcc 7.4 NIC: Mellanox ConnectX-4 Lx 25000 Mbps Target: x86_64-native-linuxapp-gcc Fail/Total: 0/6 Detail performance results: +------------+---------+-------------------------------------+ | frame_size | txd/rxd | throughput difference from expected | +============+=========+=====================================+ | 64 | 256 | -0.3014103730664287% | +------------+---------+-------------------------------------+ | 128 | 256 | 0.0% | +------------+---------+-------------------------------------+ | 256 | 256 | -1.4287818529974978% | +------------+---------+-------------------------------------+ | 512 | 256 | -0.4874294510005163% | +------------+---------+-------------------------------------+ | 1024 | 256 | 0.11711560983770576% | +------------+---------+-------------------------------------+ | 1518 | 256 | -0.2702702702702732% | +------------+---------+-------------------------------------+ Ubuntu 18.04 Kernel: 4.15.0-generic Compiler: gcc 7.4 NIC: Mellanox ConnectX-5 100000 Mbps Target: x86_64-native-linuxapp-gcc Fail/Total: 0/6 Detail performance results: +------------+---------+-------------------------------------+ | frame_size | txd/rxd | throughput difference from expected | +============+=========+=====================================+ | 64 | 256 | 0.17184358990986584% | +------------+---------+-------------------------------------+ | 128 | 256 | 0.2536050795061188% | +------------+---------+-------------------------------------+ | 256 | 256 | 0.17237072195851988% | +------------+---------+-------------------------------------+ | 512 | 256 | 0.021950041705074873% | +------------+---------+-------------------------------------+ | 1024 | 256 | -1.3484680378936693% | +------------+---------+-------------------------------------+ | 1518 | 256 | 0.011750881316092195% | +------------+---------+-------------------------------------+ Ubuntu 18.04 ARM Kernel: 4.15.0-132-generic Compiler: gcc 7.5 NIC: Arm Mellanox ConnectX-5 10000 Mbps Target: x86_64-native-linuxapp-gcc Fail/Total: 0/4 Detail performance results: +------------+---------+-------------------------------------+ | frame_size | txd/rxd | throughput difference from expected | +============+=========+=====================================+ | 64 | 128 | -1.8735608122252487% | +------------+---------+-------------------------------------+ | 64 | 256 | -2.0894274968658517% | +------------+---------+-------------------------------------+ | 64 | 512 | -1.880844804034888% | +------------+---------+-------------------------------------+ | 64 | 2048 | -1.7831074035453531% | +------------+---------+-------------------------------------+ Ubuntu 18.04 Kernel: 4.15.0-generic Compiler: gcc 7.4 NIC: Mellanox ConnectX-4 Lx 40000 Mbps Target: x86_64-native-linuxapp-gcc Fail/Total: 0/6 Detail performance results: +------------+---------+-------------------------------------+ | frame_size | txd/rxd | throughput difference from expected | +============+=========+=====================================+ | 64 | 256 | -0.09134505594883673% | +------------+---------+-------------------------------------+ | 128 | 256 | 1.2719336281906677% | +------------+---------+-------------------------------------+ | 256 | 256 | -0.051147157679378004% | +------------+---------+-------------------------------------+ | 512 | 256 | -0.1593710157246129% | +------------+---------+-------------------------------------+ | 1024 | 256 | 0.010450412791299464% | +------------+---------+-------------------------------------+ | 1518 | 256 | 0.03076923076922738% | +------------+---------+-------------------------------------+ To view detailed results, visit: https://lab.dpdk.org/results/dashboard/patchsets/15642/ UNH-IOL DPDK Community Lab To manage your email subscriptions, visit: https://lab.dpdk.org/results/dashboard/preferences/subscriptions/
From: robot@bytheb.org Test-Label: travis-robot Test-Status: FAILURE http://dpdk.org/patch/87968 _travis build: failed_ Build URL: https://travis-ci.com/ovsrobot/dpdk/builds/217458872
From: robot@bytheb.org Test-Label: github-robot Test-Status: SUCCESS http://dpdk.org/patch/87968 _github build: passed_ Build URL: https://github.com/ovsrobot/dpdk/actions/runs/577365728
[-- Attachment #1: Type: text/plain, Size: 3011 bytes --] Test-Label: iol-testing Test-Status: SUCCESS http://dpdk.org/patch/87968 _Testing PASS_ Submitter: Li Feng <fengli@smartx.com> Date: Thursday, February 18 2021 06:12:53 DPDK git baseline: Repo:dpdk Branch: master CommitID:442155f70c6bbdf59aa1f7b4d8039b5140f62927 87968 --> testing pass Test environment and result as below: +---------------------+----------------------+--------------------+-------------------+----------------+ | Environment | dpdk_mingw64_compile | dpdk_meson_compile | dpdk_compile_spdk | dpdk_unit_test | +=====================+======================+====================+===================+================+ | Windows Server 2019 | PASS | PASS | SKIPPED | SKIPPED | +---------------------+----------------------+--------------------+-------------------+----------------+ | FreeBSD 11.2 | SKIPPED | PASS | SKIPPED | SKIPPED | +---------------------+----------------------+--------------------+-------------------+----------------+ | CentOS 8 | SKIPPED | PASS | SKIPPED | SKIPPED | +---------------------+----------------------+--------------------+-------------------+----------------+ | openSUSE Leap 15 | SKIPPED | PASS | SKIPPED | SKIPPED | +---------------------+----------------------+--------------------+-------------------+----------------+ | Arch Linux | SKIPPED | PASS | SKIPPED | SKIPPED | +---------------------+----------------------+--------------------+-------------------+----------------+ | Fedora 31 | SKIPPED | PASS | PASS | SKIPPED | +---------------------+----------------------+--------------------+-------------------+----------------+ | Ubuntu 18.04 | SKIPPED | PASS | PASS | PASS | +---------------------+----------------------+--------------------+-------------------+----------------+ | Ubuntu 18.04 ARM | SKIPPED | PASS | SKIPPED | PASS | +---------------------+----------------------+--------------------+-------------------+----------------+ Windows Server 2019 Kernel: 10.0 Compiler: clang 9.0 and gcc 8.1.0 (MinGW) FreeBSD 11.2 Kernel: 11.2 Compiler: gcc 8.3 CentOS 8 Kernel: 4.18.0.el8_0 Compiler: gcc 8.3.1 openSUSE Leap 15 Kernel: 4.12.14 Compiler: gcc 7.4.1 Arch Linux Kernel: latest Compiler: gcc latest Fedora 31 Kernel: 5.3.16 Compiler: gcc 9.2.1 Ubuntu 18.04 Kernel: 4.15.0-generic Compiler: gcc 7.5 Ubuntu 18.04 ARM Kernel: 5.4.0-53-generic Compiler: gcc 9.3 To view detailed results, visit: https://lab.dpdk.org/results/dashboard/patchsets/15642/ UNH-IOL DPDK Community Lab To manage your email subscriptions, visit: https://lab.dpdk.org/results/dashboard/preferences/subscriptions/