* [dpdk-test-report] |FAILURE| pw87975-87979 [PATCH] [5/5] doc/guides/l3_forward: update documentation for FIB
@ 2021-02-18 16:44 dpdklab
0 siblings, 0 replies; only message in thread
From: dpdklab @ 2021-02-18 16:44 UTC (permalink / raw)
To: Test Report; +Cc: dpdk-test-reports
[-- Attachment #1: Type: text/plain, Size: 6008 bytes --]
Test-Label: iol-testing
Test-Status: FAILURE
http://dpdk.org/patch/87979
_Testing issues_
Submitter: Conor Walsh <conor.walsh@intel.com>
Date: Thursday, February 18 2021 12:15:52
DPDK git baseline: Repo:dpdk
Branch: master
CommitID:442155f70c6bbdf59aa1f7b4d8039b5140f62927
87975-87979 --> testing fail
Test environment and result as below:
+---------------------+----------------------+--------------------+-------------------+----------------+
| Environment | dpdk_mingw64_compile | dpdk_meson_compile | dpdk_compile_spdk | dpdk_unit_test |
+=====================+======================+====================+===================+================+
| Windows Server 2019 | PASS | PASS | SKIPPED | SKIPPED |
+---------------------+----------------------+--------------------+-------------------+----------------+
| FreeBSD 11.2 | SKIPPED | FAIL | SKIPPED | SKIPPED |
+---------------------+----------------------+--------------------+-------------------+----------------+
| CentOS 8 | SKIPPED | PASS | SKIPPED | SKIPPED |
+---------------------+----------------------+--------------------+-------------------+----------------+
| openSUSE Leap 15 | SKIPPED | PASS | SKIPPED | SKIPPED |
+---------------------+----------------------+--------------------+-------------------+----------------+
| Ubuntu 18.04 | SKIPPED | PASS | PASS | PASS |
+---------------------+----------------------+--------------------+-------------------+----------------+
| Arch Linux | SKIPPED | PASS | SKIPPED | SKIPPED |
+---------------------+----------------------+--------------------+-------------------+----------------+
| Fedora 31 | SKIPPED | PASS | PASS | SKIPPED |
+---------------------+----------------------+--------------------+-------------------+----------------+
| Ubuntu 18.04 ARM | SKIPPED | FAIL | SKIPPED | SKIPPED |
+---------------------+----------------------+--------------------+-------------------+----------------+
==== 20 line log output for FreeBSD 11.2 (dpdk_meson_compile): ====
[2011/2097] Linking target examples/dpdk-l2fwd-jobstats
[2012/2097] Compiling C object examples/dpdk-l2fwd-keepalive.p/l2fwd-keepalive_main.c.o
[2013/2097] Linking target examples/dpdk-l2fwd-keepalive
[2014/2097] Compiling C object examples/dpdk-l3fwd.p/l3fwd_l3fwd_fib.c.o
FAILED: examples/dpdk-l3fwd.p/l3fwd_l3fwd_fib.c.o
cc -Iexamples/dpdk-l3fwd.p -Iexamples -I../examples -Iexamples/l3fwd -I../examples/l3fwd -I. -I.. -Iconfig -I../config -Ilib/librte_eal/include -I../lib/librte_eal/include -Ilib/librte_eal/freebsd/include -I../lib/librte_eal/freebsd/include -Ilib/librte_eal/x86/include -I../lib/librte_eal/x86/include -Ilib/librte_eal/common -I../lib/librte_eal/common -Ilib/librte_eal -I../lib/librte_eal -Ilib/librte_kvargs -I../lib/librte_kvargs -Ilib/librte_metrics -I../lib/librte_metrics -Ilib/librte_telemetry -I../lib/librte_telemetry -Ilib/librte_mempool -I../lib/librte_mempool -Ilib/librte_ring -I../lib/librte_ring -Ilib/librte_net -I../lib/librte_net -Ilib/librte_mbuf -I../lib/librte_mbuf -Ilib/librte_ethdev -I../lib/librte_ethdev -Ilib/librte_meter -I../lib/librte_meter -Ilib/librte_cmdline -I../lib/librte_cmdline -Ilib/librte_hash -I../lib/librte_hash -Ilib/librte_rcu -I../lib/librte_rcu -Ilib/librte_lpm -I../lib/librte_lpm -Ilib/librte_fib -I../lib/librte_fib -Ilib/librte_rib -I../lib/librte_rib -Ilib/librte_eventdev -I../lib/librte_eventdev -Ilib/librte_timer -I../lib/librte_timer -Ilib/librte_cryptodev -I../lib/librte_cryptodev -Xclang -fcolor-diagnostics -pipe -D_FILE_OFFSET_BITS=64 -Wall -Winvalid-pch -Werror -O3 -include rte_config.h -Wextra -Wcast-qual -Wdeprecated -Wformat -Wformat-nonliteral -Wformat-security -Wmissing-declarations -Wmissing-prototypes -Wnested-externs -Wold-style-definition -Wpointer-arith -Wsign-compare -Wstrict-prototypes -Wundef -Wwrite-strings -Wno-address-of-packed-member -Wno-missing-field-initializers -D_GNU_SOURCE -D__BSD_VISIBLE -march=native -mno-avx512f -DALLOW_EXPERIMENTAL_API -MD -MQ examples/dpdk-l3fwd.p/l3fwd_l3fwd_fib.c.o -MF examples/dpdk-l3fwd.p/l3fwd_l3fwd_fib.c.o.d -o examples/dpdk-l3fwd.p/l3fwd_l3fwd_fib.c.o -c ../examples/l3fwd/l3fwd_fib.c
../examples/l3fwd/l3fwd_fib.c:418:17: error: use of undeclared identifier 'AF_INET'
if (inet_ntop(AF_INET, &in, abuf, sizeof(abuf)) != NULL) {
^
../examples/l3fwd/l3fwd_fib.c:463:17: error: use of undeclared identifier 'AF_INET6'
if (inet_ntop(AF_INET6, ipv6_l3fwd_common_route_array[i].ip,
^
2 errors generated.
[2015/2097] Compiling C object examples/dpdk-l2fwd-crypto.p/l2fwd-crypto_main.c.o
[2016/2097] Compiling C object examples/dpdk-l3fwd.p/l3fwd_l3fwd_event.c.o
[2017/2097] Compiling C object examples/dpdk-l3fwd.p/l3fwd_l3fwd_lpm.c.o
[2018/2097] Compiling C object examples/dpdk-l3fwd.p/l3fwd_l3fwd_em.c.o
[2019/2097] Compiling C object app/test/dpdk-test.p/test_ring_perf.c.o
ninja: build stopped: subcommand failed.
[1] Error running command.
==== End log output ====
Windows Server 2019
Kernel: 10.0
Compiler: clang 9.0 and gcc 8.1.0 (MinGW)
FreeBSD 11.2
Kernel: 11.2
Compiler: gcc 8.3
CentOS 8
Kernel: 4.18.0.el8_0
Compiler: gcc 8.3.1
openSUSE Leap 15
Kernel: 4.12.14
Compiler: gcc 7.4.1
Ubuntu 18.04
Kernel: 4.15.0-generic
Compiler: gcc 7.5
Arch Linux
Kernel: latest
Compiler: gcc latest
Fedora 31
Kernel: 5.3.16
Compiler: gcc 9.2.1
Ubuntu 18.04 ARM
Kernel: 5.4.0-53-generic
Compiler: gcc 9.3
To view detailed results, visit:
https://lab.dpdk.org/results/dashboard/patchsets/15645/
UNH-IOL DPDK Community Lab
To manage your email subscriptions, visit:
https://lab.dpdk.org/results/dashboard/preferences/subscriptions/
^ permalink raw reply [flat|nested] only message in thread
only message in thread, other threads:[~2021-02-18 16:44 UTC | newest]
Thread overview: (only message) (download: mbox.gz / follow: Atom feed)
-- links below jump to the message on this page --
2021-02-18 16:44 [dpdk-test-report] |FAILURE| pw87975-87979 [PATCH] [5/5] doc/guides/l3_forward: update documentation for FIB dpdklab
This is a public inbox, see mirroring instructions
for how to clone and mirror all data and code used for this inbox;
as well as URLs for NNTP newsgroup(s).