automatic DPDK test reports
 help / color / mirror / Atom feed
* [dpdk-test-report] |SUCCESS| pw88003 [PATCH] net/bnxt: refactor HWRM rings allocation routine
       [not found] <20210219092803.12756-1-somnath.kotur@broadcom.com>
@ 2021-02-19  9:29 ` checkpatch
  2021-02-19 11:05 ` [dpdk-test-report] |FAILURE| pw88003 " 0-day Robot
  2021-02-19 11:09 ` [dpdk-test-report] |SUCCESS| pw88003 [dpdk-dev] [PATCH] " 0-day Robot
  2 siblings, 0 replies; 7+ messages in thread
From: checkpatch @ 2021-02-19  9:29 UTC (permalink / raw)
  To: test-report

Test-Label: checkpatch
Test-Status: SUCCESS
http://dpdk.org/patch/88003

_coding style OK_



^ permalink raw reply	[flat|nested] 7+ messages in thread

* [dpdk-test-report] |FAILURE| pw88003 net/bnxt: refactor HWRM rings allocation routine
       [not found] <20210219092803.12756-1-somnath.kotur@broadcom.com>
  2021-02-19  9:29 ` [dpdk-test-report] |SUCCESS| pw88003 [PATCH] net/bnxt: refactor HWRM rings allocation routine checkpatch
@ 2021-02-19 11:05 ` 0-day Robot
  2021-02-19 11:09 ` [dpdk-test-report] |SUCCESS| pw88003 [dpdk-dev] [PATCH] " 0-day Robot
  2 siblings, 0 replies; 7+ messages in thread
From: 0-day Robot @ 2021-02-19 11:05 UTC (permalink / raw)
  To: test-report; +Cc: somnath.kotur, robot

From: robot@bytheb.org

Test-Label: travis-robot
Test-Status: FAILURE
http://dpdk.org/patch/88003

_travis build: failed_
Build URL: https://travis-ci.com/ovsrobot/dpdk/builds/217603631

^ permalink raw reply	[flat|nested] 7+ messages in thread

* [dpdk-test-report] |SUCCESS| pw88003 [dpdk-dev] [PATCH] net/bnxt: refactor HWRM rings allocation routine
       [not found] <20210219092803.12756-1-somnath.kotur@broadcom.com>
  2021-02-19  9:29 ` [dpdk-test-report] |SUCCESS| pw88003 [PATCH] net/bnxt: refactor HWRM rings allocation routine checkpatch
  2021-02-19 11:05 ` [dpdk-test-report] |FAILURE| pw88003 " 0-day Robot
@ 2021-02-19 11:09 ` 0-day Robot
  2 siblings, 0 replies; 7+ messages in thread
From: 0-day Robot @ 2021-02-19 11:09 UTC (permalink / raw)
  To: test-report; +Cc: robot

From: robot@bytheb.org

Test-Label: github-robot
Test-Status: SUCCESS
http://dpdk.org/patch/88003

_github build: passed_
Build URL: https://github.com/ovsrobot/dpdk/actions/runs/581066165

^ permalink raw reply	[flat|nested] 7+ messages in thread

* [dpdk-test-report] |SUCCESS| pw88003 [PATCH] net/bnxt: refactor HWRM rings allocation routine
@ 2021-02-19 14:18 dpdklab
  0 siblings, 0 replies; 7+ messages in thread
From: dpdklab @ 2021-02-19 14:18 UTC (permalink / raw)
  To: Test Report; +Cc: dpdk-test-reports

[-- Attachment #1: Type: text/plain, Size: 3024 bytes --]

Test-Label: iol-testing
Test-Status: SUCCESS
http://dpdk.org/patch/88003

_Testing PASS_

Submitter: Somnath Kotur <somnath.kotur@broadcom.com>
Date: Friday, February 19 2021 09:28:03 
DPDK git baseline: Repo:dpdk
  Branch: master
  CommitID:442155f70c6bbdf59aa1f7b4d8039b5140f62927

88003 --> testing pass

Test environment and result as below:

+---------------------+----------------------+--------------------+----------------+-------------------+
|     Environment     | dpdk_mingw64_compile | dpdk_meson_compile | dpdk_unit_test | dpdk_compile_spdk |
+=====================+======================+====================+================+===================+
| Windows Server 2019 | PASS                 | PASS               | SKIPPED        | SKIPPED           |
+---------------------+----------------------+--------------------+----------------+-------------------+
| FreeBSD 11.2        | SKIPPED              | PASS               | SKIPPED        | SKIPPED           |
+---------------------+----------------------+--------------------+----------------+-------------------+
| Ubuntu 18.04        | SKIPPED              | PASS               | PASS           | PASS              |
+---------------------+----------------------+--------------------+----------------+-------------------+
| CentOS 8            | SKIPPED              | PASS               | SKIPPED        | SKIPPED           |
+---------------------+----------------------+--------------------+----------------+-------------------+
| openSUSE Leap 15    | SKIPPED              | PASS               | SKIPPED        | SKIPPED           |
+---------------------+----------------------+--------------------+----------------+-------------------+
| Arch Linux          | SKIPPED              | PASS               | SKIPPED        | SKIPPED           |
+---------------------+----------------------+--------------------+----------------+-------------------+
| Fedora 31           | SKIPPED              | PASS               | SKIPPED        | PASS              |
+---------------------+----------------------+--------------------+----------------+-------------------+
| Ubuntu 18.04 ARM    | SKIPPED              | PASS               | PASS           | SKIPPED           |
+---------------------+----------------------+--------------------+----------------+-------------------+


Windows Server 2019
	Kernel: 10.0
	Compiler: clang 9.0 and gcc 8.1.0 (MinGW)

FreeBSD 11.2
	Kernel: 11.2
	Compiler: gcc 8.3

Ubuntu 18.04
	Kernel: 4.15.0-generic
	Compiler: gcc 7.5

CentOS 8
	Kernel: 4.18.0.el8_0
	Compiler: gcc 8.3.1

openSUSE Leap 15
	Kernel: 4.12.14
	Compiler: gcc 7.4.1

Arch Linux
	Kernel: latest
	Compiler: gcc latest

Fedora 31
	Kernel: 5.3.16
	Compiler: gcc 9.2.1

Ubuntu 18.04 ARM
	Kernel: 5.4.0-53-generic
	Compiler: gcc 9.3

To view detailed results, visit:
https://lab.dpdk.org/results/dashboard/patchsets/15660/

UNH-IOL DPDK Community Lab

To manage your email subscriptions, visit: 
https://lab.dpdk.org/results/dashboard/preferences/subscriptions/

^ permalink raw reply	[flat|nested] 7+ messages in thread

* [dpdk-test-report] |SUCCESS| pw88003 [PATCH] net/bnxt: refactor HWRM rings allocation routine
@ 2021-02-19 11:09 dpdklab
  0 siblings, 0 replies; 7+ messages in thread
From: dpdklab @ 2021-02-19 11:09 UTC (permalink / raw)
  To: Test Report; +Cc: dpdk-test-reports

[-- Attachment #1: Type: text/plain, Size: 2589 bytes --]

Test-Label: iol-intel-Performance
Test-Status: SUCCESS
http://dpdk.org/patch/88003

_Performance Testing PASS_

Submitter: Somnath Kotur <somnath.kotur@broadcom.com>
Date: Friday, February 19 2021 09:28:03 
DPDK git baseline: Repo:dpdk
  Branch: master
  CommitID:442155f70c6bbdf59aa1f7b4d8039b5140f62927

88003 --> performance testing pass

Test environment and result as below:

Ubuntu 18.04
Kernel: 4.15.0-generic
Compiler: gcc 7.4
NIC: Intel Corporation Ethernet Converged Network Adapter 82599ES 10000 Mbps
Target: x86_64-native-linuxapp-gcc
Fail/Total: 0/2

Detail performance results: 
+------------+---------+-------------------------------------+
| frame_size | txd/rxd | throughput difference from expected |
+============+=========+=====================================+
| 64         | 512     | 0.24914%                            |
+------------+---------+-------------------------------------+
| 64         | 2048    | 2.06268%                            |
+------------+---------+-------------------------------------+

Ubuntu 18.04
Kernel: 4.15.0-generic
Compiler: gcc 7.4
NIC: Intel Corporation Ethernet Converged Network Adapter XL710-QDA2 40000 Mbps
Target: x86_64-native-linuxapp-gcc
Fail/Total: 0/2

Detail performance results: 
+------------+---------+-------------------------------------+
| frame_size | txd/rxd | throughput difference from expected |
+============+=========+=====================================+
| 64         | 512     | 5.09277%                            |
+------------+---------+-------------------------------------+
| 64         | 2048    | 4.99339%                            |
+------------+---------+-------------------------------------+

Ubuntu 18.04 ARM
Kernel: 4.15.0-132-generic
Compiler: gcc 7.5
NIC: Arm Intel Corporation Ethernet Converged Network Adapter XL710-QDA2 40000 Mbps
Target: x86_64-native-linuxapp-gcc
Fail/Total: 0/2

Detail performance results: 
+------------+---------+-------------------------------------+
| frame_size | txd/rxd | throughput difference from expected |
+============+=========+=====================================+
| 64         | 512     | -1.20061%                           |
+------------+---------+-------------------------------------+
| 64         | 2048    | -1.4216%                            |
+------------+---------+-------------------------------------+

To view detailed results, visit:
https://lab.dpdk.org/results/dashboard/patchsets/15660/

UNH-IOL DPDK Community Lab

To manage your email subscriptions, visit: 
https://lab.dpdk.org/results/dashboard/preferences/subscriptions/

^ permalink raw reply	[flat|nested] 7+ messages in thread

* [dpdk-test-report] |SUCCESS| pw88003 [PATCH] net/bnxt: refactor HWRM rings allocation routine
@ 2021-02-19 10:24 dpdklab
  0 siblings, 0 replies; 7+ messages in thread
From: dpdklab @ 2021-02-19 10:24 UTC (permalink / raw)
  To: Ajit Khaparde, Test Report; +Cc: dpdk-test-reports

[-- Attachment #1: Type: text/plain, Size: 798 bytes --]

Test-Label: iol-broadcom-Functional
Test-Status: SUCCESS
http://dpdk.org/patch/88003

_Functional Testing PASS_

Submitter: Somnath Kotur <somnath.kotur@broadcom.com>
Date: Friday, February 19 2021 09:28:03 
DPDK git baseline: Repo:dpdk
  Branch: master
  CommitID:442155f70c6bbdf59aa1f7b4d8039b5140f62927

88003 --> functional testing pass

Test environment and result as below:

Ubuntu 18.04
Kernel: 4.15.0-65-generic
Compiler: gcc gcc (Ubuntu 7.4.0-1ubuntu1~18.04.1) 7.4.0
NIC: Broadcom Inc. brcm_57414 25000 Mbps
Target: x86_64-native-linuxapp-gcc
Fail/Total: 0/3


To view detailed results, visit:
https://lab.dpdk.org/results/dashboard/patchsets/15660/

UNH-IOL DPDK Community Lab

To manage your email subscriptions, visit: 
https://lab.dpdk.org/results/dashboard/preferences/subscriptions/

^ permalink raw reply	[flat|nested] 7+ messages in thread

* [dpdk-test-report] |SUCCESS| pw88003 [PATCH] net/bnxt: refactor HWRM rings allocation routine
@ 2021-02-19 10:15 dpdklab
  0 siblings, 0 replies; 7+ messages in thread
From: dpdklab @ 2021-02-19 10:15 UTC (permalink / raw)
  To: Ajit Khaparde, Test Report; +Cc: dpdk-test-reports

[-- Attachment #1: Type: text/plain, Size: 1271 bytes --]

Test-Label: iol-broadcom-Performance
Test-Status: SUCCESS
http://dpdk.org/patch/88003

_Performance Testing PASS_

Submitter: Somnath Kotur <somnath.kotur@broadcom.com>
Date: Friday, February 19 2021 09:28:03 
DPDK git baseline: Repo:dpdk
  Branch: master
  CommitID:442155f70c6bbdf59aa1f7b4d8039b5140f62927

88003 --> performance testing pass

Test environment and result as below:

Ubuntu 18.04
Kernel: 4.15.0-65-generic
Compiler: gcc gcc (Ubuntu 7.4.0-1ubuntu1~18.04.1) 7.4.0
NIC: Broadcom Inc. brcm_57414 25000 Mbps
Target: x86_64-native-linuxapp-gcc
Fail/Total: 0/2

Detail performance results: 
+------------+---------+-------------------------------------+
| frame_size | txd/rxd | throughput difference from expected |
+============+=========+=====================================+
| 64         | 512     | 0.00533%                            |
+------------+---------+-------------------------------------+
| 64         | 2048    | 0.48723%                            |
+------------+---------+-------------------------------------+

To view detailed results, visit:
https://lab.dpdk.org/results/dashboard/patchsets/15660/

UNH-IOL DPDK Community Lab

To manage your email subscriptions, visit: 
https://lab.dpdk.org/results/dashboard/preferences/subscriptions/

^ permalink raw reply	[flat|nested] 7+ messages in thread

end of thread, other threads:[~2021-02-19 14:18 UTC | newest]

Thread overview: 7+ messages (download: mbox.gz / follow: Atom feed)
-- links below jump to the message on this page --
     [not found] <20210219092803.12756-1-somnath.kotur@broadcom.com>
2021-02-19  9:29 ` [dpdk-test-report] |SUCCESS| pw88003 [PATCH] net/bnxt: refactor HWRM rings allocation routine checkpatch
2021-02-19 11:05 ` [dpdk-test-report] |FAILURE| pw88003 " 0-day Robot
2021-02-19 11:09 ` [dpdk-test-report] |SUCCESS| pw88003 [dpdk-dev] [PATCH] " 0-day Robot
2021-02-19 14:18 [dpdk-test-report] |SUCCESS| pw88003 " dpdklab
  -- strict thread matches above, loose matches on Subject: below --
2021-02-19 11:09 dpdklab
2021-02-19 10:24 dpdklab
2021-02-19 10:15 dpdklab

automatic DPDK test reports

This inbox may be cloned and mirrored by anyone:

	git clone --mirror https://inbox.dpdk.org/test-report/0 test-report/git/0.git

	# If you have public-inbox 1.1+ installed, you may
	# initialize and index your mirror using the following commands:
	public-inbox-init -V2 test-report test-report/ https://inbox.dpdk.org/test-report \
		test-report@dpdk.org
	public-inbox-index test-report

Example config snippet for mirrors.
Newsgroup available over NNTP:
	nntp://inbox.dpdk.org/inbox.dpdk.test-report


AGPL code for this site: git clone https://public-inbox.org/public-inbox.git