automatic DPDK test reports
 help / color / mirror / Atom feed
* [dpdk-test-report] |SUCCESS| pw88014 [PATCH] examples/pipeline: make pipeline quanta configurable
       [not found] <20210219142619.43960-1-cristian.dumitrescu@intel.com>
@ 2021-02-19 14:27 ` checkpatch
  2021-02-19 16:05 ` [dpdk-test-report] |FAILURE| pw88014 " 0-day Robot
  2021-02-19 16:09 ` [dpdk-test-report] |SUCCESS| pw88014 [dpdk-dev] [PATCH] " 0-day Robot
  2 siblings, 0 replies; 8+ messages in thread
From: checkpatch @ 2021-02-19 14:27 UTC (permalink / raw)
  To: test-report

Test-Label: checkpatch
Test-Status: SUCCESS
http://dpdk.org/patch/88014

_coding style OK_



^ permalink raw reply	[flat|nested] 8+ messages in thread

* [dpdk-test-report] |FAILURE| pw88014 examples/pipeline: make pipeline quanta configurable
       [not found] <20210219142619.43960-1-cristian.dumitrescu@intel.com>
  2021-02-19 14:27 ` [dpdk-test-report] |SUCCESS| pw88014 [PATCH] examples/pipeline: make pipeline quanta configurable checkpatch
@ 2021-02-19 16:05 ` 0-day Robot
  2021-02-19 16:09 ` [dpdk-test-report] |SUCCESS| pw88014 [dpdk-dev] [PATCH] " 0-day Robot
  2 siblings, 0 replies; 8+ messages in thread
From: 0-day Robot @ 2021-02-19 16:05 UTC (permalink / raw)
  To: test-report; +Cc: cristian.dumitrescu, robot

From: robot@bytheb.org

Test-Label: travis-robot
Test-Status: FAILURE
http://dpdk.org/patch/88014

_travis build: failed_
Build URL: https://travis-ci.com/ovsrobot/dpdk/builds/217633955

^ permalink raw reply	[flat|nested] 8+ messages in thread

* [dpdk-test-report] |SUCCESS| pw88014 [dpdk-dev] [PATCH] examples/pipeline: make pipeline quanta configurable
       [not found] <20210219142619.43960-1-cristian.dumitrescu@intel.com>
  2021-02-19 14:27 ` [dpdk-test-report] |SUCCESS| pw88014 [PATCH] examples/pipeline: make pipeline quanta configurable checkpatch
  2021-02-19 16:05 ` [dpdk-test-report] |FAILURE| pw88014 " 0-day Robot
@ 2021-02-19 16:09 ` 0-day Robot
  2 siblings, 0 replies; 8+ messages in thread
From: 0-day Robot @ 2021-02-19 16:09 UTC (permalink / raw)
  To: test-report; +Cc: robot

From: robot@bytheb.org

Test-Label: github-robot
Test-Status: SUCCESS
http://dpdk.org/patch/88014

_github build: passed_
Build URL: https://github.com/ovsrobot/dpdk/actions/runs/581790840

^ permalink raw reply	[flat|nested] 8+ messages in thread

* [dpdk-test-report] |SUCCESS| pw88014 [PATCH] examples/pipeline: make pipeline quanta configurable
@ 2021-02-19 18:25 dpdklab
  0 siblings, 0 replies; 8+ messages in thread
From: dpdklab @ 2021-02-19 18:25 UTC (permalink / raw)
  To: Test Report; +Cc: dpdk-test-reports

[-- Attachment #1: Type: text/plain, Size: 3033 bytes --]

Test-Label: iol-testing
Test-Status: SUCCESS
http://dpdk.org/patch/88014

_Testing PASS_

Submitter: Cristian Dumitrescu <cristian.dumitrescu@intel.com>
Date: Friday, February 19 2021 14:26:19 
DPDK git baseline: Repo:dpdk
  Branch: master
  CommitID:442155f70c6bbdf59aa1f7b4d8039b5140f62927

88014 --> testing pass

Test environment and result as below:

+---------------------+----------------------+--------------------+----------------+-------------------+
|     Environment     | dpdk_mingw64_compile | dpdk_meson_compile | dpdk_unit_test | dpdk_compile_spdk |
+=====================+======================+====================+================+===================+
| Windows Server 2019 | PASS                 | PASS               | SKIPPED        | SKIPPED           |
+---------------------+----------------------+--------------------+----------------+-------------------+
| FreeBSD 11.2        | SKIPPED              | PASS               | SKIPPED        | SKIPPED           |
+---------------------+----------------------+--------------------+----------------+-------------------+
| CentOS 8            | SKIPPED              | PASS               | SKIPPED        | SKIPPED           |
+---------------------+----------------------+--------------------+----------------+-------------------+
| openSUSE Leap 15    | SKIPPED              | PASS               | SKIPPED        | SKIPPED           |
+---------------------+----------------------+--------------------+----------------+-------------------+
| Arch Linux          | SKIPPED              | PASS               | SKIPPED        | SKIPPED           |
+---------------------+----------------------+--------------------+----------------+-------------------+
| Fedora 31           | SKIPPED              | PASS               | SKIPPED        | PASS              |
+---------------------+----------------------+--------------------+----------------+-------------------+
| Ubuntu 18.04        | SKIPPED              | PASS               | PASS           | PASS              |
+---------------------+----------------------+--------------------+----------------+-------------------+
| Ubuntu 18.04 ARM    | SKIPPED              | PASS               | PASS           | SKIPPED           |
+---------------------+----------------------+--------------------+----------------+-------------------+


Windows Server 2019
	Kernel: 10.0
	Compiler: clang 9.0 and gcc 8.1.0 (MinGW)

FreeBSD 11.2
	Kernel: 11.2
	Compiler: gcc 8.3

CentOS 8
	Kernel: 4.18.0.el8_0
	Compiler: gcc 8.3.1

openSUSE Leap 15
	Kernel: 4.12.14
	Compiler: gcc 7.4.1

Arch Linux
	Kernel: latest
	Compiler: gcc latest

Fedora 31
	Kernel: 5.3.16
	Compiler: gcc 9.2.1

Ubuntu 18.04
	Kernel: 4.15.0-generic
	Compiler: gcc 7.5

Ubuntu 18.04 ARM
	Kernel: 5.4.0-53-generic
	Compiler: gcc 9.3

To view detailed results, visit:
https://lab.dpdk.org/results/dashboard/patchsets/15665/

UNH-IOL DPDK Community Lab

To manage your email subscriptions, visit: 
https://lab.dpdk.org/results/dashboard/preferences/subscriptions/

^ permalink raw reply	[flat|nested] 8+ messages in thread

* [dpdk-test-report] |SUCCESS| pw88014 [PATCH] examples/pipeline: make pipeline quanta configurable
@ 2021-02-19 16:04 dpdklab
  0 siblings, 0 replies; 8+ messages in thread
From: dpdklab @ 2021-02-19 16:04 UTC (permalink / raw)
  To: Ali Alnubani, Test Report; +Cc: dpdk-test-reports

[-- Attachment #1: Type: text/plain, Size: 4856 bytes --]

Test-Label: iol-mellanox-Performance
Test-Status: SUCCESS
http://dpdk.org/patch/88014

_Performance Testing PASS_

Submitter: Cristian Dumitrescu <cristian.dumitrescu@intel.com>
Date: Friday, February 19 2021 14:26:19 
DPDK git baseline: Repo:dpdk
  Branch: master
  CommitID:442155f70c6bbdf59aa1f7b4d8039b5140f62927

88014 --> performance testing pass

Test environment and result as below:

Ubuntu 18.04
Kernel: 4.15.0-generic
Compiler: gcc 7.4
NIC: Mellanox ConnectX-4 Lx 25000 Mbps
Target: x86_64-native-linuxapp-gcc
Fail/Total: 0/6

Detail performance results: 
+------------+---------+-------------------------------------+
| frame_size | txd/rxd | throughput difference from expected |
+============+=========+=====================================+
| 64         | 256     | -0.01706%                           |
+------------+---------+-------------------------------------+
| 128        | 256     | 0.09683%                            |
+------------+---------+-------------------------------------+
| 256        | 256     | -0.72176%                           |
+------------+---------+-------------------------------------+
| 512        | 256     | -0.27364%                           |
+------------+---------+-------------------------------------+
| 1024       | 256     | 0.2175%                             |
+------------+---------+-------------------------------------+
| 1518       | 256     | -0.46683%                           |
+------------+---------+-------------------------------------+

Ubuntu 18.04
Kernel: 4.15.0-generic
Compiler: gcc 7.4
NIC: Mellanox ConnectX-5 100000 Mbps
Target: x86_64-native-linuxapp-gcc
Fail/Total: 0/6

Detail performance results: 
+------------+---------+-------------------------------------+
| frame_size | txd/rxd | throughput difference from expected |
+============+=========+=====================================+
| 64         | 256     | 0.04377%                            |
+------------+---------+-------------------------------------+
| 128        | 256     | 0.42021%                            |
+------------+---------+-------------------------------------+
| 256        | 256     | -0.24981%                           |
+------------+---------+-------------------------------------+
| 512        | 256     | -1.16335%                           |
+------------+---------+-------------------------------------+
| 1024       | 256     | -1.65571%                           |
+------------+---------+-------------------------------------+
| 1518       | 256     | -0.58754%                           |
+------------+---------+-------------------------------------+

Ubuntu 18.04
Kernel: 4.15.0-generic
Compiler: gcc 7.4
NIC: Mellanox ConnectX-4 Lx 40000 Mbps
Target: x86_64-native-linuxapp-gcc
Fail/Total: 0/6

Detail performance results: 
+------------+---------+-------------------------------------+
| frame_size | txd/rxd | throughput difference from expected |
+============+=========+=====================================+
| 64         | 256     | 0.38822%                            |
+------------+---------+-------------------------------------+
| 128        | 256     | 1.2835%                             |
+------------+---------+-------------------------------------+
| 256        | 256     | 0.04749%                            |
+------------+---------+-------------------------------------+
| 512        | 256     | -0.43561%                           |
+------------+---------+-------------------------------------+
| 1024       | 256     | 0.0209%                             |
+------------+---------+-------------------------------------+
| 1518       | 256     | -0.24615%                           |
+------------+---------+-------------------------------------+

Ubuntu 18.04 ARM
Kernel: 4.15.0-132-generic
Compiler: gcc 7.5
NIC: Arm Mellanox ConnectX-5 10000 Mbps
Target: x86_64-native-linuxapp-gcc
Fail/Total: 0/4

Detail performance results: 
+------------+---------+-------------------------------------+
| frame_size | txd/rxd | throughput difference from expected |
+============+=========+=====================================+
| 64         | 128     | -1.92589%                           |
+------------+---------+-------------------------------------+
| 64         | 256     | -1.68199%                           |
+------------+---------+-------------------------------------+
| 64         | 512     | -1.80729%                           |
+------------+---------+-------------------------------------+
| 64         | 2048    | -2.26277%                           |
+------------+---------+-------------------------------------+

To view detailed results, visit:
https://lab.dpdk.org/results/dashboard/patchsets/15665/

UNH-IOL DPDK Community Lab

To manage your email subscriptions, visit: 
https://lab.dpdk.org/results/dashboard/preferences/subscriptions/

^ permalink raw reply	[flat|nested] 8+ messages in thread

* [dpdk-test-report] |SUCCESS| pw88014 [PATCH] examples/pipeline: make pipeline quanta configurable
@ 2021-02-19 15:53 dpdklab
  0 siblings, 0 replies; 8+ messages in thread
From: dpdklab @ 2021-02-19 15:53 UTC (permalink / raw)
  To: Test Report; +Cc: dpdk-test-reports

[-- Attachment #1: Type: text/plain, Size: 2598 bytes --]

Test-Label: iol-intel-Performance
Test-Status: SUCCESS
http://dpdk.org/patch/88014

_Performance Testing PASS_

Submitter: Cristian Dumitrescu <cristian.dumitrescu@intel.com>
Date: Friday, February 19 2021 14:26:19 
DPDK git baseline: Repo:dpdk
  Branch: master
  CommitID:442155f70c6bbdf59aa1f7b4d8039b5140f62927

88014 --> performance testing pass

Test environment and result as below:

Ubuntu 18.04
Kernel: 4.15.0-generic
Compiler: gcc 7.4
NIC: Intel Corporation Ethernet Converged Network Adapter 82599ES 10000 Mbps
Target: x86_64-native-linuxapp-gcc
Fail/Total: 0/2

Detail performance results: 
+------------+---------+-------------------------------------+
| frame_size | txd/rxd | throughput difference from expected |
+============+=========+=====================================+
| 64         | 512     | 1.39518%                            |
+------------+---------+-------------------------------------+
| 64         | 2048    | 1.48238%                            |
+------------+---------+-------------------------------------+

Ubuntu 18.04
Kernel: 4.15.0-generic
Compiler: gcc 7.4
NIC: Intel Corporation Ethernet Converged Network Adapter XL710-QDA2 40000 Mbps
Target: x86_64-native-linuxapp-gcc
Fail/Total: 0/2

Detail performance results: 
+------------+---------+-------------------------------------+
| frame_size | txd/rxd | throughput difference from expected |
+============+=========+=====================================+
| 64         | 512     | 5.01887%                            |
+------------+---------+-------------------------------------+
| 64         | 2048    | 4.3449%                             |
+------------+---------+-------------------------------------+

Ubuntu 18.04 ARM
Kernel: 4.15.0-132-generic
Compiler: gcc 7.5
NIC: Arm Intel Corporation Ethernet Converged Network Adapter XL710-QDA2 40000 Mbps
Target: x86_64-native-linuxapp-gcc
Fail/Total: 0/2

Detail performance results: 
+------------+---------+-------------------------------------+
| frame_size | txd/rxd | throughput difference from expected |
+============+=========+=====================================+
| 64         | 512     | -0.37694%                           |
+------------+---------+-------------------------------------+
| 64         | 2048    | -0.61324%                           |
+------------+---------+-------------------------------------+

To view detailed results, visit:
https://lab.dpdk.org/results/dashboard/patchsets/15665/

UNH-IOL DPDK Community Lab

To manage your email subscriptions, visit: 
https://lab.dpdk.org/results/dashboard/preferences/subscriptions/

^ permalink raw reply	[flat|nested] 8+ messages in thread

* [dpdk-test-report] |SUCCESS| pw88014 [PATCH] examples/pipeline: make pipeline quanta configurable
@ 2021-02-19 15:18 dpdklab
  0 siblings, 0 replies; 8+ messages in thread
From: dpdklab @ 2021-02-19 15:18 UTC (permalink / raw)
  To: Ajit Khaparde, Test Report; +Cc: dpdk-test-reports

[-- Attachment #1: Type: text/plain, Size: 807 bytes --]

Test-Label: iol-broadcom-Functional
Test-Status: SUCCESS
http://dpdk.org/patch/88014

_Functional Testing PASS_

Submitter: Cristian Dumitrescu <cristian.dumitrescu@intel.com>
Date: Friday, February 19 2021 14:26:19 
DPDK git baseline: Repo:dpdk
  Branch: master
  CommitID:442155f70c6bbdf59aa1f7b4d8039b5140f62927

88014 --> functional testing pass

Test environment and result as below:

Ubuntu 18.04
Kernel: 4.15.0-65-generic
Compiler: gcc gcc (Ubuntu 7.4.0-1ubuntu1~18.04.1) 7.4.0
NIC: Broadcom Inc. brcm_57414 25000 Mbps
Target: x86_64-native-linuxapp-gcc
Fail/Total: 0/3


To view detailed results, visit:
https://lab.dpdk.org/results/dashboard/patchsets/15665/

UNH-IOL DPDK Community Lab

To manage your email subscriptions, visit: 
https://lab.dpdk.org/results/dashboard/preferences/subscriptions/

^ permalink raw reply	[flat|nested] 8+ messages in thread

* [dpdk-test-report] |SUCCESS| pw88014 [PATCH] examples/pipeline: make pipeline quanta configurable
@ 2021-02-19 15:09 dpdklab
  0 siblings, 0 replies; 8+ messages in thread
From: dpdklab @ 2021-02-19 15:09 UTC (permalink / raw)
  To: Ajit Khaparde, Test Report; +Cc: dpdk-test-reports

[-- Attachment #1: Type: text/plain, Size: 1280 bytes --]

Test-Label: iol-broadcom-Performance
Test-Status: SUCCESS
http://dpdk.org/patch/88014

_Performance Testing PASS_

Submitter: Cristian Dumitrescu <cristian.dumitrescu@intel.com>
Date: Friday, February 19 2021 14:26:19 
DPDK git baseline: Repo:dpdk
  Branch: master
  CommitID:442155f70c6bbdf59aa1f7b4d8039b5140f62927

88014 --> performance testing pass

Test environment and result as below:

Ubuntu 18.04
Kernel: 4.15.0-65-generic
Compiler: gcc gcc (Ubuntu 7.4.0-1ubuntu1~18.04.1) 7.4.0
NIC: Broadcom Inc. brcm_57414 25000 Mbps
Target: x86_64-native-linuxapp-gcc
Fail/Total: 0/2

Detail performance results: 
+------------+---------+-------------------------------------+
| frame_size | txd/rxd | throughput difference from expected |
+============+=========+=====================================+
| 64         | 512     | -0.34099%                           |
+------------+---------+-------------------------------------+
| 64         | 2048    | 0.39086%                            |
+------------+---------+-------------------------------------+

To view detailed results, visit:
https://lab.dpdk.org/results/dashboard/patchsets/15665/

UNH-IOL DPDK Community Lab

To manage your email subscriptions, visit: 
https://lab.dpdk.org/results/dashboard/preferences/subscriptions/

^ permalink raw reply	[flat|nested] 8+ messages in thread

end of thread, other threads:[~2021-02-19 18:25 UTC | newest]

Thread overview: 8+ messages (download: mbox.gz / follow: Atom feed)
-- links below jump to the message on this page --
     [not found] <20210219142619.43960-1-cristian.dumitrescu@intel.com>
2021-02-19 14:27 ` [dpdk-test-report] |SUCCESS| pw88014 [PATCH] examples/pipeline: make pipeline quanta configurable checkpatch
2021-02-19 16:05 ` [dpdk-test-report] |FAILURE| pw88014 " 0-day Robot
2021-02-19 16:09 ` [dpdk-test-report] |SUCCESS| pw88014 [dpdk-dev] [PATCH] " 0-day Robot
2021-02-19 15:09 [dpdk-test-report] |SUCCESS| pw88014 " dpdklab
2021-02-19 15:18 dpdklab
2021-02-19 15:53 dpdklab
2021-02-19 16:04 dpdklab
2021-02-19 18:25 dpdklab

automatic DPDK test reports

This inbox may be cloned and mirrored by anyone:

	git clone --mirror https://inbox.dpdk.org/test-report/0 test-report/git/0.git

	# If you have public-inbox 1.1+ installed, you may
	# initialize and index your mirror using the following commands:
	public-inbox-init -V2 test-report test-report/ https://inbox.dpdk.org/test-report \
		test-report@dpdk.org
	public-inbox-index test-report

Example config snippet for mirrors.
Newsgroup available over NNTP:
	nntp://inbox.dpdk.org/inbox.dpdk.test-report


AGPL code for this site: git clone https://public-inbox.org/public-inbox.git