automatic DPDK test reports
 help / color / mirror / Atom feed
* [dpdk-test-report] |WARNING| pw88047 [PATCH] net/vmxnet3: build on Windows
@ 2021-02-21  3:49 dpdklab
  0 siblings, 0 replies; only message in thread
From: dpdklab @ 2021-02-21  3:49 UTC (permalink / raw)
  To: Test Report; +Cc: dpdk-test-reports

[-- Attachment #1: Type: text/plain, Size: 1906 bytes --]

Test-Label: iol-abi-testing
Test-Status: WARNING
http://dpdk.org/patch/88047

_Testing issues_

Submitter: Dmitry Kozlyuk <dmitry.kozliuk@gmail.com>
Date: Sunday, February 21 2021 00:55:52 
DPDK git baseline: Repo:dpdk
  Branch: master
  CommitID:442155f70c6bbdf59aa1f7b4d8039b5140f62927

88047 --> testing fail

Test environment and result as below:

+------------------+----------+
|   Environment    | abi_test |
+==================+==========+
| Ubuntu 18.04     | FAIL     |
+------------------+----------+
| Ubuntu 18.04 ARM | PASS     |
+------------------+----------+

==== 20 line log output for Ubuntu 18.04 (abi_test): ====
File "/usr/local/lib/python3.6/dist-packages/mesonbuild/minstall.py", line 349, in do_install
print('Nothing to install.')
File "/usr/local/lib/python3.6/dist-packages/mesonbuild/minstall.py", line 71, in __exit__
append_to_log(self.lf, d)
File "/usr/local/lib/python3.6/dist-packages/mesonbuild/minstall.py", line 81, in append_to_log
lf.flush()
OSError: [Errno 28] No space left on device

During handling of the above exception, another exception occurred:

OSError: [Errno 28] No space left on device

During handling of the above exception, another exception occurred:

Traceback (most recent call last):
File "/usr/local/lib/python3.6/dist-packages/mesonbuild/mesonmain.py", line 129, in run
return options.run_func(options)
File "/usr/local/lib/python3.6/dist-packages/mesonbuild/minstall.py", line 514, in run
installer.do_install(datafilename)
OSError: [Errno 28] No space left on device
==== End log output ====

Ubuntu 18.04
	Kernel: 4.15.0-generic
	Compiler: gcc 7.5

Ubuntu 18.04 ARM
	Kernel: 5.4.0-53-generic
	Compiler: gcc 9.3

To view detailed results, visit:
https://lab.dpdk.org/results/dashboard/patchsets/15673/

UNH-IOL DPDK Community Lab

To manage your email subscriptions, visit: 
https://lab.dpdk.org/results/dashboard/preferences/subscriptions/

^ permalink raw reply	[flat|nested] only message in thread

only message in thread, other threads:[~2021-02-21  3:49 UTC | newest]

Thread overview: (only message) (download: mbox.gz / follow: Atom feed)
-- links below jump to the message on this page --
2021-02-21  3:49 [dpdk-test-report] |WARNING| pw88047 [PATCH] net/vmxnet3: build on Windows dpdklab

automatic DPDK test reports

This inbox may be cloned and mirrored by anyone:

	git clone --mirror https://inbox.dpdk.org/test-report/0 test-report/git/0.git

	# If you have public-inbox 1.1+ installed, you may
	# initialize and index your mirror using the following commands:
	public-inbox-init -V2 test-report test-report/ https://inbox.dpdk.org/test-report \
		test-report@dpdk.org
	public-inbox-index test-report

Example config snippet for mirrors.
Newsgroup available over NNTP:
	nntp://inbox.dpdk.org/inbox.dpdk.test-report


AGPL code for this site: git clone https://public-inbox.org/public-inbox.git