* [dpdk-test-report] |FAILURE| pw88094 [PATCH] l2fwd-crypto: align private data size to cache size
@ 2021-02-23 9:15 dpdklab
0 siblings, 0 replies; 2+ messages in thread
From: dpdklab @ 2021-02-23 9:15 UTC (permalink / raw)
To: Ali Alnubani, Thomas Monjalon, Test Report; +Cc: dpdk-test-reports
[-- Attachment #1: Type: text/plain, Size: 928 bytes --]
Test-Label: iol-mellanox-Functional
Test-Status: FAILURE
http://dpdk.org/patch/88094
_Functional Testing issues_
Submitter: Hemant Agrawal <hemant.agrawal@nxp.com>
Date: Tuesday, February 23 2021 06:13:07
DPDK git baseline: Repo:dpdk
Branch: master
CommitID:442155f70c6bbdf59aa1f7b4d8039b5140f62927
88094 --> functional testing fail
Test environment and result as below:
Ubuntu 18.04
Kernel: 4.15.0-generic
Compiler: gcc 7.4
NIC: Mellanox ConnectX-4 Lx 25000 Mbps
Target: x86_64-native-linuxapp-gcc
Fail/Total: 1/5
Failed Tests:
- scatter
Ubuntu 18.04
Kernel: 4.15.0-generic
Compiler: gcc 7.4
NIC: Mellanox ConnectX-4 Lx 40000 Mbps
Target: x86_64-native-linuxapp-gcc
Fail/Total: 0/5
To view detailed results, visit:
https://lab.dpdk.org/results/dashboard/patchsets/15689/
UNH-IOL DPDK Community Lab
To manage your email subscriptions, visit:
https://lab.dpdk.org/results/dashboard/preferences/subscriptions/
^ permalink raw reply [flat|nested] 2+ messages in thread
* [dpdk-test-report] |FAILURE| pw88094 [PATCH] l2fwd-crypto: align private data size to cache size
@ 2021-02-23 18:28 dpdklab
0 siblings, 0 replies; 2+ messages in thread
From: dpdklab @ 2021-02-23 18:28 UTC (permalink / raw)
To: Test Report; +Cc: dpdk-test-reports
[-- Attachment #1: Type: text/plain, Size: 4111 bytes --]
Test-Label: iol-testing
Test-Status: FAILURE
http://dpdk.org/patch/88094
_Testing issues_
Submitter: Hemant Agrawal <hemant.agrawal@nxp.com>
Date: Tuesday, February 23 2021 06:13:07
DPDK git baseline: Repo:dpdk
Branch: master
CommitID:442155f70c6bbdf59aa1f7b4d8039b5140f62927
88094 --> testing fail
Test environment and result as below:
+---------------------+----------------------+--------------------+-------------------+----------------+
| Environment | dpdk_mingw64_compile | dpdk_meson_compile | dpdk_compile_spdk | dpdk_unit_test |
+=====================+======================+====================+===================+================+
| Windows Server 2019 | PASS | PASS | SKIPPED | SKIPPED |
+---------------------+----------------------+--------------------+-------------------+----------------+
| Ubuntu 18.04 | SKIPPED | PASS | PASS | FAIL |
+---------------------+----------------------+--------------------+-------------------+----------------+
| FreeBSD 11.2 | SKIPPED | PASS | SKIPPED | SKIPPED |
+---------------------+----------------------+--------------------+-------------------+----------------+
| CentOS 8 | SKIPPED | PASS | SKIPPED | SKIPPED |
+---------------------+----------------------+--------------------+-------------------+----------------+
| openSUSE Leap 15 | SKIPPED | PASS | SKIPPED | SKIPPED |
+---------------------+----------------------+--------------------+-------------------+----------------+
| Arch Linux | SKIPPED | PASS | SKIPPED | SKIPPED |
+---------------------+----------------------+--------------------+-------------------+----------------+
| Ubuntu 18.04 ARM | SKIPPED | PASS | SKIPPED | PASS |
+---------------------+----------------------+--------------------+-------------------+----------------+
| Fedora 31 | SKIPPED | PASS | PASS | SKIPPED |
+---------------------+----------------------+--------------------+-------------------+----------------+
==== 20 line log output for Ubuntu 18.04 (dpdk_unit_test): ====
87/95 DPDK:fast-tests / trace_autotest OK 0.15s
88/95 DPDK:fast-tests / telemetry_json_autotest OK 0.16s
89/95 DPDK:fast-tests / telemetry_data_autotest OK 0.14s
90/95 DPDK:fast-tests / ring_pmd_autotest OK 0.15s
91/95 DPDK:fast-tests / event_eth_tx_adapter_autotest OK 0.80s
92/95 DPDK:fast-tests / bitratestats_autotest OK 0.20s
93/95 DPDK:fast-tests / latencystats_autotest OK 0.15s
94/95 DPDK:fast-tests / pdump_autotest OK 5.35s
95/95 DPDK:fast-tests / compressdev_autotest SKIP 0.15s exit status 77
Ok: 89
Expected Fail: 0
Fail: 1
Unexpected Pass: 0
Skipped: 5
Timeout: 0
Full log written to /home/jenkins-local/jenkins-agent/workspace/Ubuntu18.04-Unit-Test-DPDK/dpdk/build/meson-logs/testlog.txt
[1] Error running command.
==== End log output ====
Windows Server 2019
Kernel: 10.0
Compiler: clang 9.0 and gcc 8.1.0 (MinGW)
Ubuntu 18.04
Kernel: 4.15.0-generic
Compiler: gcc 7.5
FreeBSD 11.2
Kernel: 11.2
Compiler: gcc 8.3
CentOS 8
Kernel: 4.18.0.el8_0
Compiler: gcc 8.3.1
openSUSE Leap 15
Kernel: 4.12.14
Compiler: gcc 7.4.1
Arch Linux
Kernel: latest
Compiler: gcc latest
Ubuntu 18.04 ARM
Kernel: 5.4.0-53-generic
Compiler: gcc 9.3
Fedora 31
Kernel: 5.3.16
Compiler: gcc 9.2.1
To view detailed results, visit:
https://lab.dpdk.org/results/dashboard/patchsets/15689/
UNH-IOL DPDK Community Lab
To manage your email subscriptions, visit:
https://lab.dpdk.org/results/dashboard/preferences/subscriptions/
^ permalink raw reply [flat|nested] 2+ messages in thread
end of thread, other threads:[~2021-02-23 18:28 UTC | newest]
Thread overview: 2+ messages (download: mbox.gz / follow: Atom feed)
-- links below jump to the message on this page --
2021-02-23 9:15 [dpdk-test-report] |FAILURE| pw88094 [PATCH] l2fwd-crypto: align private data size to cache size dpdklab
2021-02-23 18:28 dpdklab
This is a public inbox, see mirroring instructions
for how to clone and mirror all data and code used for this inbox;
as well as URLs for NNTP newsgroup(s).