From: dpdklab@iol.unh.edu
To: Test Report <test-report@dpdk.org>
Cc: dpdk-test-reports@iol.unh.edu
Subject: [dpdk-test-report] |WARNING| pw89863-89871 [PATCH] [v21.11, v7, 8/8] eventdev: simplify Rx adapter event vector config
Date: Thu, 25 Mar 2021 18:34:19 -0400 (EDT) [thread overview]
Message-ID: <20210325223419.9A12FA79A@noxus.dpdklab.iol.unh.edu> (raw)
[-- Attachment #1: Type: text/plain, Size: 4853 bytes --]
Test-Label: iol-testing
Test-Status: WARNING
http://dpdk.org/patch/89871
_Testing issues_
Submitter: Pavan Nikhilesh Bhagavatula <pbhagavatula@marvell.com>
Date: Thursday, March 25 2021 17:10:56
DPDK git baseline: Repo:dpdk
Branch: master
CommitID:4db9587bbf726a658807089e0af162208e9bd2ee
89863-89871 --> testing fail
Test environment and result as below:
+---------------------+----------------------+-------------------+--------------------+----------------+
| Environment | dpdk_mingw64_compile | dpdk_compile_spdk | dpdk_meson_compile | dpdk_unit_test |
+=====================+======================+===================+====================+================+
| Windows Server 2019 | PASS | SKIPPED | PASS | SKIPPED |
+---------------------+----------------------+-------------------+--------------------+----------------+
| Ubuntu 18.04 | SKIPPED | FAIL | PASS | PASS |
+---------------------+----------------------+-------------------+--------------------+----------------+
| Fedora 31 | SKIPPED | PASS | PASS | SKIPPED |
+---------------------+----------------------+-------------------+--------------------+----------------+
| Fedora 32 | SKIPPED | SKIPPED | PASS | SKIPPED |
+---------------------+----------------------+-------------------+--------------------+----------------+
| Ubuntu 20.04 | SKIPPED | SKIPPED | PASS | SKIPPED |
+---------------------+----------------------+-------------------+--------------------+----------------+
| CentOS Stream 8 | SKIPPED | SKIPPED | PASS | SKIPPED |
+---------------------+----------------------+-------------------+--------------------+----------------+
| RHEL 7 | SKIPPED | SKIPPED | PASS | SKIPPED |
+---------------------+----------------------+-------------------+--------------------+----------------+
| RHEL8 | SKIPPED | SKIPPED | PASS | SKIPPED |
+---------------------+----------------------+-------------------+--------------------+----------------+
| FreeBSD 11.2 | SKIPPED | SKIPPED | PASS | SKIPPED |
+---------------------+----------------------+-------------------+--------------------+----------------+
| openSUSE Leap 15 | SKIPPED | SKIPPED | PASS | SKIPPED |
+---------------------+----------------------+-------------------+--------------------+----------------+
| Ubuntu 18.04 ARM | SKIPPED | SKIPPED | PASS | PASS |
+---------------------+----------------------+-------------------+--------------------+----------------+
| Arch Linux | SKIPPED | SKIPPED | PASS | SKIPPED |
+---------------------+----------------------+-------------------+--------------------+----------------+
==== 20 line log output for Ubuntu 18.04 (dpdk_compile_spdk): ====
LINK nvme_ctrlr_ut
CC test/unit/lib/nvme/nvme_qpair.c/nvme_qpair_ut.o
LINK string_ut
CC test/unit/lib/nvme/nvme_tcp.c/nvme_tcp_ut.o
CC test/unit/lib/nvme/nvme_quirks.c/nvme_quirks_ut.o
CC test/unit/lib/nvme/nvme_uevent.c/nvme_uevent_ut.o
LINK ctrlr_discovery_ut
LINK ctrlr_ut
LINK pipe_ut
LINK subsystem_ut
LINK nvme_poll_group_ut
LINK nvme_quirks_ut
LINK nvme_uevent_ut
LINK dif_ut
LINK ftl_io_ut
LINK nvme_pcie_ut
LINK nvme_qpair_ut
LINK nvme_tcp_ut
LINK nvme_ns_cmd_ut
LINK nvme_ns_ocssd_cmd_ut
==== End log output ====
Windows Server 2019
Kernel: 10.0
Compiler: clang 9.0 and gcc 8.1.0 (MinGW)
Ubuntu 18.04
Kernel: 4.15.0-generic
Compiler: gcc 7.5
Fedora 31
Kernel: 5.3.16
Compiler: gcc 9.2.1
Fedora 32
Kernel: 4.18.0-240.10.1.el8_3.x86_64
Compiler: gcc 10.2.1
Ubuntu 20.04
Kernel: 4.18.0-240.10.1.el8_3.x86_64
Compiler: gcc 9.3.0-17ubuntu1~20.04
CentOS Stream 8
Kernel: 4.18.0-240.10.1.el8_3.x86_64
Compiler: gcc 8.4.1 20200928
RHEL 7
Kernel: 4.18.0-240.10.1.el8_3.x86_64
Compiler: gcc 4.8.5 20150623 (Red Hat 4.8.5-44)
RHEL8
Kernel: 4.18.0-240.10.1.el8_3.x86_64
Compiler: gcc 8.3.1 20191121 (Red Hat 8.3.1-5)
FreeBSD 11.2
Kernel: 11.2
Compiler: gcc 8.3
openSUSE Leap 15
Kernel: 4.12.14
Compiler: gcc 7.4.1
Ubuntu 18.04 ARM
Kernel: 5.4.0-53-generic
Compiler: gcc 9.3
Arch Linux
Kernel: latest
Compiler: gcc latest
To view detailed results, visit:
https://lab.dpdk.org/results/dashboard/patchsets/16130/
UNH-IOL DPDK Community Lab
To manage your email subscriptions, visit:
https://lab.dpdk.org/results/dashboard/preferences/subscriptions/
reply other threads:[~2021-03-25 22:34 UTC|newest]
Thread overview: [no followups] expand[flat|nested] mbox.gz Atom feed
Reply instructions:
You may reply publicly to this message via plain-text email
using any one of the following methods:
* Save the following mbox file, import it into your mail client,
and reply-to-all from there: mbox
Avoid top-posting and favor interleaved quoting:
https://en.wikipedia.org/wiki/Posting_style#Interleaved_style
* Reply using the --to, --cc, and --in-reply-to
switches of git-send-email(1):
git send-email \
--in-reply-to=20210325223419.9A12FA79A@noxus.dpdklab.iol.unh.edu \
--to=dpdklab@iol.unh.edu \
--cc=dpdk-test-reports@iol.unh.edu \
--cc=test-report@dpdk.org \
/path/to/YOUR_REPLY
https://kernel.org/pub/software/scm/git/docs/git-send-email.html
* If your mail client supports setting the In-Reply-To header
via mailto: links, try the mailto: link
Be sure your reply has a Subject: header at the top and a blank line
before the message body.
This is a public inbox, see mirroring instructions
for how to clone and mirror all data and code used for this inbox;
as well as URLs for NNTP newsgroup(s).