automatic DPDK test reports
 help / color / mirror / Atom feed
* [dpdk-test-report] |FAILURE| pw90756 [PATCH] net/mlx5: support 64-bit value for modify field action
@ 2021-04-07  9:26 dpdklab
  0 siblings, 0 replies; only message in thread
From: dpdklab @ 2021-04-07  9:26 UTC (permalink / raw)
  To: Test Report; +Cc: dpdk-test-reports

[-- Attachment #1: Type: text/plain, Size: 8122 bytes --]

Test-Label: iol-testing
Test-Status: FAILURE
http://dpdk.org/patch/90756

_Testing issues_

Submitter: Alexander Kozyrev <akozyrev@nvidia.com>
Date: Wednesday, April 07 2021 01:14:17 
DPDK git baseline: Repo:dpdk
  Branch: master
  CommitID:5d09be1636cfb06c812edc4b5760aa7cd6866e57

90756 --> testing fail

Test environment and result as below:

+---------------------+----------------------+--------------------+----------------+-------------------+
|     Environment     | dpdk_mingw64_compile | dpdk_meson_compile | dpdk_unit_test | dpdk_compile_spdk |
+=====================+======================+====================+================+===================+
| Windows Server 2019 | PASS                 | FAIL               | SKIPPED        | SKIPPED           |
+---------------------+----------------------+--------------------+----------------+-------------------+
| Ubuntu 18.04        | SKIPPED              | PASS               | PASS           | PASS              |
+---------------------+----------------------+--------------------+----------------+-------------------+
| CentOS Stream 8     | SKIPPED              | PASS               | SKIPPED        | SKIPPED           |
+---------------------+----------------------+--------------------+----------------+-------------------+
| Fedora 31           | SKIPPED              | PASS               | SKIPPED        | PASS              |
+---------------------+----------------------+--------------------+----------------+-------------------+
| Fedora 32           | SKIPPED              | PASS               | SKIPPED        | SKIPPED           |
+---------------------+----------------------+--------------------+----------------+-------------------+
| Ubuntu 20.04        | SKIPPED              | PASS               | SKIPPED        | SKIPPED           |
+---------------------+----------------------+--------------------+----------------+-------------------+
| RHEL8               | SKIPPED              | PASS               | SKIPPED        | SKIPPED           |
+---------------------+----------------------+--------------------+----------------+-------------------+
| RHEL 7              | SKIPPED              | PASS               | SKIPPED        | SKIPPED           |
+---------------------+----------------------+--------------------+----------------+-------------------+
| openSUSE Leap 15    | SKIPPED              | PASS               | SKIPPED        | SKIPPED           |
+---------------------+----------------------+--------------------+----------------+-------------------+
| Arch Linux          | SKIPPED              | PASS               | SKIPPED        | SKIPPED           |
+---------------------+----------------------+--------------------+----------------+-------------------+
| Ubuntu 18.04 ARM    | SKIPPED              | FAIL               | SKIPPED        | SKIPPED           |
+---------------------+----------------------+--------------------+----------------+-------------------+
| FreeBSD 11.2        | SKIPPED              | PASS               | SKIPPED        | SKIPPED           |
+---------------------+----------------------+--------------------+----------------+-------------------+

==== 20 line log output for Windows Server 2019 (dpdk_meson_compile): ====
[218/290] Compiling C object drivers/libtmp_rte_net_mlx5.a.p/net_mlx5_mlx5_mr.c.obj
[219/290] Compiling C object drivers/librte_common_mlx5.a.p/meson-generated_.._rte_common_mlx5.pmd.c.obj
[220/290] Compiling C object drivers/libtmp_rte_net_mlx5.a.p/net_mlx5_mlx5_mac.c.obj
[221/290] Linking static target drivers/librte_common_mlx5.a
[222/290] Compiling C object drivers/libtmp_rte_net_mlx5.a.p/net_mlx5_mlx5_rxmode.c.obj
[223/290] Compiling C object drivers/rte_common_mlx5-21.dll.p/meson-generated_.._rte_common_mlx5.pmd.c.obj
[224/290] Compiling C object drivers/libtmp_rte_net_mlx5.a.p/net_mlx5_mlx5_flow_dv.c.obj
FAILED: drivers/libtmp_rte_net_mlx5.a.p/net_mlx5_mlx5_flow_dv.c.obj
"clang" "-Idrivers\libtmp_rte_net_mlx5.a.p" "-Idrivers" "-I..\drivers" "-Idrivers\net\mlx5" "-I..\drivers\net\mlx5" "-Idrivers\net/mlx5\windows" "-I..\drivers\net\mlx5\windows" "-Ilib\librte_ethdev" "-I..\lib\librte_ethdev" "-I." "-I.." "-Iconfig" "-I..\config" "-Ilib\librte_eal\include" "-I..\lib\librte_eal\include" "-Ilib\librte_eal\windows\include" "-I..\lib\librte_eal\windows\include" "-Ilib\librte_eal\x86\include" "-I..\lib\librte_eal\x86\include" "-Ilib\librte_eal\common" "-I..\lib\librte_eal\common" "-Ilib\librte_eal" "-I..\lib\librte_eal" "-Ilib\librte_kvargs" "-I..\lib\librte_kvargs" "-Ilib\librte_net" "-I..\lib\librte_net" "-Ilib\librte_mbuf" "-I..\lib\librte_mbuf" "-Ilib\librte_mempool" "-I..\lib\librte_mempool" "-Ilib\librte_ring" "-I..\lib\librte_ring" "-Ilib\librte_meter" "-I..\lib\librte_meter" "-I..\lib\librte_metrics" "-Ilib\librte_telemetry" "-I..\lib\librte_telemetry" "-Idrivers\bus\pci" "-I..\drivers\bus\pci" "-I..\drivers\bus\pci\windows" "-Ilib\librte_pci" "-I..\lib\librte_pci" "-Idrivers\bus\vdev" "-I..\drivers\bus\vdev" "-Ilib\librte_hash" "-I..\lib\librte_hash" "-Ilib\librte_rcu" "-I..\lib\librte_rcu" "-Idrivers\common\mlx5" "-I..\drivers\common\mlx5" "-Idrivers\common/mlx5\windows" "-I..\drivers\common\mlx5\windows" "-IC:\Program Files\Mellanox\MLNX_WinOF2_DevX_SDK\inc" "-Xclang" "-fcolor-diagnostics" "-pipe" "-D_FILE_OFFSET_BITS=64" "-Wall" "-Winvalid-pch" "-Werror" "-O3" "-include" "rte_config.h" "-Wextra" "-Wcast-qual" "-Wdeprecated" "-Wformat" "-Wformat-nonliteral" "-Wformat-security" "-Wmissing-declarations" "-Wmissing-prototypes" "-Wnested-externs" "-Wold-style-definition" "-Wpointer-arith" "-Wsign-compare" "-Wstrict-prototypes" "-Wundef" "-Wwrite-strings" "-Wno-address-of-packed-member" "-Wno-missing-field-initializers" "-D_GNU_SOURCE" "-D_WIN32_WINNT=0x0A00" "-D_CRT_SECURE_NO_WARNINGS" "-march=native" "-DALLOW_EXPERIMENTAL_API" "-DALLOW_INTERNAL_API" "-std=c11" "-Wno-strict-prototypes" "-D_BSD_SOURCE" "-D_DEFAULT_SOURCE" "-D_XOPEN_SOURCE=600" "-UPEDANTIC" -MD -MQ drivers/libtmp_rte_net_mlx5.a.p/net_mlx5_mlx5_flow_dv.c.obj -MF "drivers\libtmp_rte_net_mlx5.a.p\net_mlx5_mlx5_flow_dv.c.obj.d" -o drivers/libtmp_rte_net_mlx5.a.p/net_mlx5_mlx5_flow_dv.c.obj "-c" ../drivers/net/mlx5/mlx5_flow_dv.c
../drivers/net/mlx5/mlx5_flow_dv.c:1777:4: error: 'memcpy' will always overflow; destination buffer has size 8, but size argument is 64 [-Werror,-Wfortify-source]
memcpy(&val, (void *)(uintptr_t)data->value, 64);
^
1 error generated.
[225/290] Compiling C object drivers/libtmp_rte_net_mlx5.a.p/net_mlx5_mlx5_txq.c.obj
[226/290] Compiling C object drivers/libtmp_rte_net_mlx5.a.p/net_mlx5_mlx5_trigger.c.obj
[227/290] Compiling C object drivers/libtmp_rte_net_mlx5.a.p/net_mlx5_mlx5_vlan.c.obj
[228/290] Compiling C object drivers/libtmp_rte_net_mlx5.a.p/net_mlx5_mlx5_rxq.c.obj
[229/290] Compiling C object drivers/libtmp_rte_net_mlx5.a.p/net_mlx5_mlx5_rxtx.c.obj
ninja: build stopped: subcommand failed.
[1] Error running command.
==== End log output ====

Windows Server 2019
	Kernel: 10.0
	Compiler: clang 9.0 and gcc 8.1.0 (MinGW)

Ubuntu 18.04
	Kernel: 4.18.0-240.10.1.el8_3.x86_64
	Compiler: gcc 7.5.0-3ubuntu1~18.04

CentOS Stream 8
	Kernel: 4.18.0-240.10.1.el8_3.x86_64
	Compiler: gcc 8.4.1 20200928

Fedora 31
	Kernel: 4.18.0-240.10.1.el8_3.x86_64
	Compiler: gcc 9.3.1

Fedora 32
	Kernel: 4.18.0-240.10.1.el8_3.x86_64
	Compiler: gcc 10.2.1

Ubuntu 20.04
	Kernel: 4.18.0-240.10.1.el8_3.x86_64
	Compiler: gcc 9.3.0-17ubuntu1~20.04

RHEL8
	Kernel: 4.18.0-240.10.1.el8_3.x86_64
	Compiler: gcc 8.3.1 20191121 (Red Hat 8.3.1-5)

RHEL 7
	Kernel: 4.18.0-240.10.1.el8_3.x86_64
	Compiler: gcc 4.8.5 20150623 (Red Hat 4.8.5-44)

openSUSE Leap 15
	Kernel: 4.18.0-240.10.1.el8_3.x86_64
	Compiler: gcc 7.5.0

Arch Linux
	Kernel: 4.18.0-240.10.1.el8_3.x86_64
	Compiler: gcc 10.2.0

Ubuntu 18.04 ARM
	Kernel: 5.4.0-53-generic
	Compiler: gcc 9.3

FreeBSD 11.2
	Kernel: 11.2
	Compiler: gcc 8.3

To view detailed results, visit:
https://lab.dpdk.org/results/dashboard/patchsets/16331/

UNH-IOL DPDK Community Lab

To manage your email subscriptions, visit: 
https://lab.dpdk.org/results/dashboard/preferences/subscriptions/

^ permalink raw reply	[flat|nested] only message in thread

only message in thread, other threads:[~2021-04-07  9:26 UTC | newest]

Thread overview: (only message) (download: mbox.gz / follow: Atom feed)
-- links below jump to the message on this page --
2021-04-07  9:26 [dpdk-test-report] |FAILURE| pw90756 [PATCH] net/mlx5: support 64-bit value for modify field action dpdklab

automatic DPDK test reports

This inbox may be cloned and mirrored by anyone:

	git clone --mirror https://inbox.dpdk.org/test-report/0 test-report/git/0.git

	# If you have public-inbox 1.1+ installed, you may
	# initialize and index your mirror using the following commands:
	public-inbox-init -V2 test-report test-report/ https://inbox.dpdk.org/test-report \
		test-report@dpdk.org
	public-inbox-index test-report

Example config snippet for mirrors.
Newsgroup available over NNTP:
	nntp://inbox.dpdk.org/inbox.dpdk.test-report


AGPL code for this site: git clone https://public-inbox.org/public-inbox.git