* [dpdk-test-report] |WARNING| pw91596 [PATCH] ci: bump ABI reference version [not found] <20210415163230.22263-1-david.marchand@redhat.com> @ 2021-04-15 16:33 ` checkpatch 2021-04-15 17:55 ` [dpdk-test-report] |FAILURE| pw91596 " 0-day Robot 2021-04-15 17:57 ` [dpdk-test-report] |FAILURE| pw91596 [dpdk-dev] [PATCH] " 0-day Robot 2 siblings, 0 replies; 4+ messages in thread From: checkpatch @ 2021-04-15 16:33 UTC (permalink / raw) To: test-report; +Cc: David Marchand Test-Label: checkpatch Test-Status: WARNING http://dpdk.org/patch/91596 _coding style issues_ WARNING:BAD_SIGN_OFF: Do not use whitespace before Cc: #84: FILE: .github/workflows/build.yml:21: CC: ccache ${{ matrix.config.compiler }} ERROR:BAD_SIGN_OFF: Unrecognized email address: 'ccache ${{ matrix.config.compiler }}' #84: FILE: .github/workflows/build.yml:21: CC: ccache ${{ matrix.config.compiler }} total: 1 errors, 1 warnings, 16 lines checked ^ permalink raw reply [flat|nested] 4+ messages in thread
* [dpdk-test-report] |FAILURE| pw91596 ci: bump ABI reference version [not found] <20210415163230.22263-1-david.marchand@redhat.com> 2021-04-15 16:33 ` [dpdk-test-report] |WARNING| pw91596 [PATCH] ci: bump ABI reference version checkpatch @ 2021-04-15 17:55 ` 0-day Robot 2021-04-15 17:57 ` [dpdk-test-report] |FAILURE| pw91596 [dpdk-dev] [PATCH] " 0-day Robot 2 siblings, 0 replies; 4+ messages in thread From: 0-day Robot @ 2021-04-15 17:55 UTC (permalink / raw) To: test-report; +Cc: david.marchand, robot From: robot@bytheb.org Test-Label: travis-robot Test-Status: FAILURE http://patchwork.dpdk.org/patch/91596/ _travis build: failed_ Build URL: https://travis-ci.com/ovsrobot/dpdk/builds/223213661 ^ permalink raw reply [flat|nested] 4+ messages in thread
* [dpdk-test-report] |FAILURE| pw91596 [dpdk-dev] [PATCH] ci: bump ABI reference version [not found] <20210415163230.22263-1-david.marchand@redhat.com> 2021-04-15 16:33 ` [dpdk-test-report] |WARNING| pw91596 [PATCH] ci: bump ABI reference version checkpatch 2021-04-15 17:55 ` [dpdk-test-report] |FAILURE| pw91596 " 0-day Robot @ 2021-04-15 17:57 ` 0-day Robot 2 siblings, 0 replies; 4+ messages in thread From: 0-day Robot @ 2021-04-15 17:57 UTC (permalink / raw) To: test-report; +Cc: david.marchand, robot From: robot@bytheb.org Test-Label: github-robot Test-Status: FAILURE http://patchwork.dpdk.org/patch/91596/ _github build: failed_ Build URL: https://github.com/ovsrobot/dpdk/actions/runs/752805922 Build Logs: -----------------------Summary of failed steps----------------------- ubuntu-18.04-gcc-shared-abi+doc+tests failed at step "Build and test" ----------------------End summary of failed steps-------------------- -------------------------------BEGIN LOGS---------------------------- #################################################################################### #### [Begin job log] ubuntu-18.04-gcc-shared-abi+doc+tests at step "Build and test" #################################################################################### Native dependency libpcap found: YES 1.8.1 Has header "pcap.h": YES Compiler for C supports arguments -Wextra: YES Compiler for C supports arguments -Wcast-qual: YES Compiler for C supports arguments -Wdeprecated: YES Compiler for C supports arguments -Wformat: YES Compiler for C supports arguments -Wformat-nonliteral: YES Compiler for C supports arguments -Wformat-security: YES Compiler for C supports arguments -Wmissing-declarations: YES Compiler for C supports arguments -Wmissing-prototypes: YES Compiler for C supports arguments -Wnested-externs: YES Compiler for C supports arguments -Wold-style-definition: YES Compiler for C supports arguments -Wpointer-arith: YES Compiler for C supports arguments -Wsign-compare: YES Compiler for C supports arguments -Wstrict-prototypes: YES Compiler for C supports arguments -Wundef: YES Compiler for C supports arguments -Wwrite-strings: YES Compiler for C supports arguments -Wno-address-of-packed-member -Waddress-of-packed-member: NO Compiler for C supports arguments -Wno-packed-not-aligned -Wpacked-not-aligned: NO Compiler for C supports arguments -Wno-missing-field-initializers -Wmissing-field-initializers: YES config/x86/meson.build:14:6: ERROR: Could not get define '__SSE4_2__' A full log can be found at /home/runner/work/dpdk/dpdk-v21.02/build/meson-logs/meson-log.txt ##[error]Process completed with exit code 1. #################################################################################### #### [End job log] ubuntu-18.04-gcc-shared-abi+doc+tests at step "Build and test" #################################################################################### --------------------------------END LOGS----------------------------- ^ permalink raw reply [flat|nested] 4+ messages in thread
* [dpdk-test-report] |WARNING| pw91596 [PATCH] ci: bump ABI reference version @ 2021-04-15 19:32 dpdklab 0 siblings, 0 replies; 4+ messages in thread From: dpdklab @ 2021-04-15 19:32 UTC (permalink / raw) To: Test Report; +Cc: dpdk-test-reports [-- Attachment #1: Type: text/plain, Size: 1496 bytes --] Test-Label: iol-abi-testing Test-Status: WARNING http://dpdk.org/patch/91596 _Testing issues_ Submitter: David Marchand <david.marchand@redhat.com> Date: Thursday, April 15 2021 16:32:30 DPDK git baseline: Repo:dpdk Branch: master CommitID:3ab385063cb9d0b6bf28564823fe4932a559d055 91596 --> testing fail Test environment and result as below: +------------------+----------+ | Environment | abi_test | +==================+==========+ | Ubuntu 18.04 ARM | PASS | +------------------+----------+ | Ubuntu 18.04 | FAIL | +------------------+----------+ ==== 20 line log output for Ubuntu 18.04 (abi_test): ==== type of 'char* __anonymous_union__::args' changed: in pointed to type 'char': entity changed from 'char' to 'const char' type size hasn't changed type of 'const char* rte_devargs::data' changed: in pointed to type 'const char': entity changed from 'const char' to 'char' type size hasn't changed Functions changes summary: 0 Removed, 0 Changed, 0 Added function Variables changes summary: 0 Removed, 0 Changed, 0 Added variables (4 filtered out) ==== End log output ==== Ubuntu 18.04 ARM Kernel: 5.4.0-53-generic Compiler: gcc 9.3 Ubuntu 18.04 Kernel: 4.18.0-240.10.1.el8_3.x86_64 Compiler: gcc 7.5.0-3ubuntu1~18.04 To view detailed results, visit: https://lab.dpdk.org/results/dashboard/patchsets/16566/ UNH-IOL DPDK Community Lab To manage your email subscriptions, visit: https://lab.dpdk.org/results/dashboard/preferences/subscriptions/ ^ permalink raw reply [flat|nested] 4+ messages in thread
end of thread, other threads:[~2021-04-15 19:32 UTC | newest] Thread overview: 4+ messages (download: mbox.gz / follow: Atom feed) -- links below jump to the message on this page -- [not found] <20210415163230.22263-1-david.marchand@redhat.com> 2021-04-15 16:33 ` [dpdk-test-report] |WARNING| pw91596 [PATCH] ci: bump ABI reference version checkpatch 2021-04-15 17:55 ` [dpdk-test-report] |FAILURE| pw91596 " 0-day Robot 2021-04-15 17:57 ` [dpdk-test-report] |FAILURE| pw91596 [dpdk-dev] [PATCH] " 0-day Robot 2021-04-15 19:32 [dpdk-test-report] |WARNING| pw91596 " dpdklab
This is a public inbox, see mirroring instructions for how to clone and mirror all data and code used for this inbox; as well as URLs for NNTP newsgroup(s).