* [dpdk-test-report] |WARNING| pw91579-91592 [PATCH] [v5, 14/14] net/mlx5: allow multiple flow tables on the same level
@ 2021-04-15 17:08 dpdklab
0 siblings, 0 replies; only message in thread
From: dpdklab @ 2021-04-15 17:08 UTC (permalink / raw)
To: Test Report; +Cc: dpdk-test-reports
[-- Attachment #1: Type: text/plain, Size: 1972 bytes --]
Test-Label: iol-abi-testing
Test-Status: WARNING
http://dpdk.org/patch/91592
_Testing issues_
Submitter: Li Zhang <lizh@nvidia.com>
Date: Thursday, April 15 2021 15:11:34
DPDK git baseline: Repo:dpdk
Branch: master
CommitID:3ab385063cb9d0b6bf28564823fe4932a559d055
91579-91592 --> testing fail
Test environment and result as below:
+------------------+----------+
| Environment | abi_test |
+==================+==========+
| Ubuntu 18.04 ARM | PASS |
+------------------+----------+
| Ubuntu 18.04 | FAIL |
+------------------+----------+
==== 20 line log output for Ubuntu 18.04 (abi_test): ====
collect2: fatal error: ld terminated with signal 9 [Killed]
compilation terminated.
[2826/2892] Linking target app/dpdk-test-cmdline
[2827/2892] Linking target app/dpdk-test-eventdev
[2828/2892] Linking target app/dpdk-test-pipeline
[2829/2892] Linking target app/dpdk-test-regex
[2830/2892] Linking target app/dpdk-proc-info
[2831/2892] Linking target app/dpdk-pdump
[2832/2892] Linking target app/dpdk-testpmd
[2833/2892] Linking target app/dpdk-test-sad
[2834/2892] Linking target app/dpdk-test-bbdev
[2835/2892] Linking target app/dpdk-test-flow-perf
[2836/2892] Linking target examples/dpdk-bond
[2837/2892] Linking target app/dpdk-test-fib
[2838/2892] Linking target examples/dpdk-vhost_blk
[2839/2892] Linking target app/dpdk-test-compress-perf
[2840/2892] Linking target examples/dpdk-bbdev_app
[2841/2892] Linking target app/dpdk-test-acl
[2842/2892] Linking target app/dpdk-test-crypto-perf
ninja: build stopped: subcommand failed.
==== End log output ====
Ubuntu 18.04 ARM
Kernel: 5.4.0-53-generic
Compiler: gcc 9.3
Ubuntu 18.04
Kernel: 4.18.0-240.10.1.el8_3.x86_64
Compiler: gcc 7.5.0-3ubuntu1~18.04
To view detailed results, visit:
https://lab.dpdk.org/results/dashboard/patchsets/16563/
UNH-IOL DPDK Community Lab
To manage your email subscriptions, visit:
https://lab.dpdk.org/results/dashboard/preferences/subscriptions/
^ permalink raw reply [flat|nested] only message in thread
only message in thread, other threads:[~2021-04-15 17:08 UTC | newest]
Thread overview: (only message) (download: mbox.gz / follow: Atom feed)
-- links below jump to the message on this page --
2021-04-15 17:08 [dpdk-test-report] |WARNING| pw91579-91592 [PATCH] [v5, 14/14] net/mlx5: allow multiple flow tables on the same level dpdklab
This is a public inbox, see mirroring instructions
for how to clone and mirror all data and code used for this inbox;
as well as URLs for NNTP newsgroup(s).