* [dpdk-test-report] |WARNING| pw91593 [PATCH] [v4] net/ice: support flow priority for DCF switch filter
@ 2021-04-15 18:20 dpdklab
0 siblings, 0 replies; only message in thread
From: dpdklab @ 2021-04-15 18:20 UTC (permalink / raw)
To: Test Report; +Cc: dpdk-test-reports
[-- Attachment #1: Type: text/plain, Size: 1491 bytes --]
Test-Label: iol-abi-testing
Test-Status: WARNING
http://dpdk.org/patch/91593
_Testing issues_
Submitter: Yuying Zhang <yuying.zhang@intel.com>
Date: Thursday, April 15 2021 15:38:45
DPDK git baseline: Repo:dpdk
Branch: master
CommitID:3ab385063cb9d0b6bf28564823fe4932a559d055
91593 --> testing fail
Test environment and result as below:
+------------------+----------+
| Environment | abi_test |
+==================+==========+
| Ubuntu 18.04 ARM | PASS |
+------------------+----------+
| Ubuntu 18.04 | FAIL |
+------------------+----------+
==== 20 line log output for Ubuntu 18.04 (abi_test): ====
type of 'char* __anonymous_union__::args' changed:
in pointed to type 'char':
entity changed from 'char' to 'const char'
type size hasn't changed
type of 'const char* rte_devargs::data' changed:
in pointed to type 'const char':
entity changed from 'const char' to 'char'
type size hasn't changed
Functions changes summary: 0 Removed, 0 Changed, 0 Added function
Variables changes summary: 0 Removed, 0 Changed, 0 Added variables (4 filtered out)
==== End log output ====
Ubuntu 18.04 ARM
Kernel: 5.4.0-53-generic
Compiler: gcc 9.3
Ubuntu 18.04
Kernel: 4.18.0-240.10.1.el8_3.x86_64
Compiler: gcc 7.5.0-3ubuntu1~18.04
To view detailed results, visit:
https://lab.dpdk.org/results/dashboard/patchsets/16564/
UNH-IOL DPDK Community Lab
To manage your email subscriptions, visit:
https://lab.dpdk.org/results/dashboard/preferences/subscriptions/
^ permalink raw reply [flat|nested] only message in thread
only message in thread, other threads:[~2021-04-15 18:20 UTC | newest]
Thread overview: (only message) (download: mbox.gz / follow: Atom feed)
-- links below jump to the message on this page --
2021-04-15 18:20 [dpdk-test-report] |WARNING| pw91593 [PATCH] [v4] net/ice: support flow priority for DCF switch filter dpdklab
This is a public inbox, see mirroring instructions
for how to clone and mirror all data and code used for this inbox;
as well as URLs for NNTP newsgroup(s).