* [dpdk-test-report] |WARNING| pw91601-91602 [PATCH] [v1, 2/2] event/octeontx2: configure crypto adapter xaq pool
@ 2021-04-15 19:55 dpdklab
0 siblings, 0 replies; only message in thread
From: dpdklab @ 2021-04-15 19:55 UTC (permalink / raw)
To: Test Report; +Cc: dpdk-test-reports
[-- Attachment #1: Type: text/plain, Size: 1494 bytes --]
Test-Label: iol-testing
Test-Status: WARNING
http://dpdk.org/patch/91602
_Testing issues_
Submitter: Shijith Thotton <sthotton@marvell.com>
Date: Thursday, April 15 2021 19:10:15
DPDK git baseline: Repo:dpdk
Branch: master
CommitID:3ab385063cb9d0b6bf28564823fe4932a559d055
91601-91602 --> testing fail
Test environment and result as below:
+------------------+----------+
| Environment | abi_test |
+==================+==========+
| Ubuntu 18.04 ARM | PASS |
+------------------+----------+
| Ubuntu 18.04 | FAIL |
+------------------+----------+
==== 20 line log output for Ubuntu 18.04 (abi_test): ====
type of 'char* __anonymous_union__::args' changed:
in pointed to type 'char':
entity changed from 'char' to 'const char'
type size hasn't changed
type of 'const char* rte_devargs::data' changed:
in pointed to type 'const char':
entity changed from 'const char' to 'char'
type size hasn't changed
Functions changes summary: 0 Removed, 0 Changed, 0 Added function
Variables changes summary: 0 Removed, 0 Changed, 0 Added variables (4 filtered out)
==== End log output ====
Ubuntu 18.04 ARM
Kernel: 5.4.0-53-generic
Compiler: gcc 9.3
Ubuntu 18.04
Kernel: 4.18.0-240.10.1.el8_3.x86_64
Compiler: gcc 7.5.0-3ubuntu1~18.04
To view detailed results, visit:
https://lab.dpdk.org/results/dashboard/patchsets/16568/
UNH-IOL DPDK Community Lab
To manage your email subscriptions, visit:
https://lab.dpdk.org/results/dashboard/preferences/subscriptions/
^ permalink raw reply [flat|nested] only message in thread
only message in thread, other threads:[~2021-04-15 19:55 UTC | newest]
Thread overview: (only message) (download: mbox.gz / follow: Atom feed)
-- links below jump to the message on this page --
2021-04-15 19:55 [dpdk-test-report] |WARNING| pw91601-91602 [PATCH] [v1, 2/2] event/octeontx2: configure crypto adapter xaq pool dpdklab
This is a public inbox, see mirroring instructions
for how to clone and mirror all data and code used for this inbox;
as well as URLs for NNTP newsgroup(s).