* [dpdk-test-report] |WARNING| pw91608 [PATCH] buildtools: fix all drivers disabled on Windows
[not found] <20210415213629.30728-1-dmitry.kozliuk@gmail.com>
@ 2021-04-15 21:38 ` checkpatch
2021-04-15 22:55 ` [dpdk-test-report] |SUCCESS| pw91608 " 0-day Robot
2021-04-15 22:57 ` [dpdk-test-report] |SUCCESS| pw91608 [dpdk-dev] [PATCH] " 0-day Robot
2 siblings, 0 replies; 4+ messages in thread
From: checkpatch @ 2021-04-15 21:38 UTC (permalink / raw)
To: test-report; +Cc: Dmitry Kozlyuk
[-- Warning: decoded text below may be mangled, UTF-8 assumed --]
[-- Attachment #1: Type: text/plain, Size: 265 bytes --]
Test-Label: checkpatch
Test-Status: WARNING
http://dpdk.org/patch/91608
_coding style issues_
WARNING:TYPO_SPELLING: 'Linke' may be misspelled - perhaps 'Linked'?
#88:
Cc: Juraj Linkeš <juraj.linkes@pantheon.tech>
total: 0 errors, 1 warnings, 5 lines checked
^ permalink raw reply [flat|nested] 4+ messages in thread
* [dpdk-test-report] |SUCCESS| pw91608 buildtools: fix all drivers disabled on Windows
[not found] <20210415213629.30728-1-dmitry.kozliuk@gmail.com>
2021-04-15 21:38 ` [dpdk-test-report] |WARNING| pw91608 [PATCH] buildtools: fix all drivers disabled on Windows checkpatch
@ 2021-04-15 22:55 ` 0-day Robot
2021-04-15 22:57 ` [dpdk-test-report] |SUCCESS| pw91608 [dpdk-dev] [PATCH] " 0-day Robot
2 siblings, 0 replies; 4+ messages in thread
From: 0-day Robot @ 2021-04-15 22:55 UTC (permalink / raw)
To: test-report; +Cc: robot
From: robot@bytheb.org
Test-Label: travis-robot
Test-Status: SUCCESS
http://patchwork.dpdk.org/patch/91608/
_travis build: passed_
Build URL: https://travis-ci.com/ovsrobot/dpdk/builds/223240081
^ permalink raw reply [flat|nested] 4+ messages in thread
* [dpdk-test-report] |SUCCESS| pw91608 [dpdk-dev] [PATCH] buildtools: fix all drivers disabled on Windows
[not found] <20210415213629.30728-1-dmitry.kozliuk@gmail.com>
2021-04-15 21:38 ` [dpdk-test-report] |WARNING| pw91608 [PATCH] buildtools: fix all drivers disabled on Windows checkpatch
2021-04-15 22:55 ` [dpdk-test-report] |SUCCESS| pw91608 " 0-day Robot
@ 2021-04-15 22:57 ` 0-day Robot
2 siblings, 0 replies; 4+ messages in thread
From: 0-day Robot @ 2021-04-15 22:57 UTC (permalink / raw)
To: test-report; +Cc: robot
From: robot@bytheb.org
Test-Label: github-robot
Test-Status: SUCCESS
http://patchwork.dpdk.org/patch/91608/
_github build: passed_
Build URL: https://github.com/ovsrobot/dpdk/actions/runs/753566163
^ permalink raw reply [flat|nested] 4+ messages in thread
* [dpdk-test-report] |WARNING| pw91608 [PATCH] buildtools: fix all drivers disabled on Windows
@ 2021-04-15 22:51 dpdklab
0 siblings, 0 replies; 4+ messages in thread
From: dpdklab @ 2021-04-15 22:51 UTC (permalink / raw)
To: Test Report; +Cc: dpdk-test-reports
[-- Attachment #1: Type: text/plain, Size: 1495 bytes --]
Test-Label: iol-abi-testing
Test-Status: WARNING
http://dpdk.org/patch/91608
_Testing issues_
Submitter: Dmitry Kozlyuk <dmitry.kozliuk@gmail.com>
Date: Thursday, April 15 2021 21:36:29
DPDK git baseline: Repo:dpdk
Branch: master
CommitID:8f5ea6a464ac5894970dc6463f85538f2f5dc2bb
91608 --> testing fail
Test environment and result as below:
+------------------+----------+
| Environment | abi_test |
+==================+==========+
| Ubuntu 18.04 ARM | PASS |
+------------------+----------+
| Ubuntu 18.04 | FAIL |
+------------------+----------+
==== 20 line log output for Ubuntu 18.04 (abi_test): ====
type of 'char* __anonymous_union__::args' changed:
in pointed to type 'char':
entity changed from 'char' to 'const char'
type size hasn't changed
type of 'const char* rte_devargs::data' changed:
in pointed to type 'const char':
entity changed from 'const char' to 'char'
type size hasn't changed
Functions changes summary: 0 Removed, 0 Changed, 0 Added function
Variables changes summary: 0 Removed, 0 Changed, 0 Added variables (4 filtered out)
==== End log output ====
Ubuntu 18.04 ARM
Kernel: 5.4.0-53-generic
Compiler: gcc 9.3
Ubuntu 18.04
Kernel: 4.18.0-240.10.1.el8_3.x86_64
Compiler: gcc 7.5.0-3ubuntu1~18.04
To view detailed results, visit:
https://lab.dpdk.org/results/dashboard/patchsets/16572/
UNH-IOL DPDK Community Lab
To manage your email subscriptions, visit:
https://lab.dpdk.org/results/dashboard/preferences/subscriptions/
^ permalink raw reply [flat|nested] 4+ messages in thread
end of thread, other threads:[~2021-04-15 22:57 UTC | newest]
Thread overview: 4+ messages (download: mbox.gz / follow: Atom feed)
-- links below jump to the message on this page --
[not found] <20210415213629.30728-1-dmitry.kozliuk@gmail.com>
2021-04-15 21:38 ` [dpdk-test-report] |WARNING| pw91608 [PATCH] buildtools: fix all drivers disabled on Windows checkpatch
2021-04-15 22:55 ` [dpdk-test-report] |SUCCESS| pw91608 " 0-day Robot
2021-04-15 22:57 ` [dpdk-test-report] |SUCCESS| pw91608 [dpdk-dev] [PATCH] " 0-day Robot
2021-04-15 22:51 [dpdk-test-report] |WARNING| pw91608 " dpdklab
This is a public inbox, see mirroring instructions
for how to clone and mirror all data and code used for this inbox;
as well as URLs for NNTP newsgroup(s).