* [dpdk-test-report] |FAILURE| pw91467 [PATCH] eal: remove useless bus API includes
@ 2021-04-17 9:39 dpdklab
0 siblings, 0 replies; only message in thread
From: dpdklab @ 2021-04-17 9:39 UTC (permalink / raw)
To: Test Report; +Cc: dpdk-test-reports
[-- Attachment #1: Type: text/plain, Size: 6985 bytes --]
Test-Label: iol-testing
Test-Status: FAILURE
http://dpdk.org/patch/91467
_Testing issues_
Submitter: Thomas Monjalon <thomas@monjalon.net>
Date: Wednesday, April 14 2021 17:43:37
DPDK git baseline: Repo:dpdk
Branch: master
CommitID:7498c2d74ee9d81f2e4f75dcce8390fdf9c800da
91467 --> testing fail
Test environment and result as below:
+---------------------+----------------------+--------------------+----------------+-------------------+
| Environment | dpdk_mingw64_compile | dpdk_meson_compile | dpdk_unit_test | dpdk_compile_spdk |
+=====================+======================+====================+================+===================+
| Windows Server 2019 | FAIL | FAIL | SKIPPED | SKIPPED |
+---------------------+----------------------+--------------------+----------------+-------------------+
| Ubuntu 18.04 ARM | SKIPPED | FAIL | SKIPPED | SKIPPED |
+---------------------+----------------------+--------------------+----------------+-------------------+
| RHEL 7 | SKIPPED | FAIL | SKIPPED | SKIPPED |
+---------------------+----------------------+--------------------+----------------+-------------------+
| FreeBSD 11.2 | SKIPPED | PASS | SKIPPED | SKIPPED |
+---------------------+----------------------+--------------------+----------------+-------------------+
| Ubuntu 18.04 | SKIPPED | PASS | PASS | PASS |
+---------------------+----------------------+--------------------+----------------+-------------------+
| Fedora 31 | SKIPPED | PASS | SKIPPED | SKIPPED |
+---------------------+----------------------+--------------------+----------------+-------------------+
| RHEL8 | SKIPPED | PASS | SKIPPED | SKIPPED |
+---------------------+----------------------+--------------------+----------------+-------------------+
| Arch Linux | SKIPPED | PASS | SKIPPED | SKIPPED |
+---------------------+----------------------+--------------------+----------------+-------------------+
| Fedora 32 | SKIPPED | PASS | SKIPPED | SKIPPED |
+---------------------+----------------------+--------------------+----------------+-------------------+
| CentOS Stream 8 | SKIPPED | PASS | SKIPPED | SKIPPED |
+---------------------+----------------------+--------------------+----------------+-------------------+
| openSUSE Leap 15 | SKIPPED | PASS | SKIPPED | SKIPPED |
+---------------------+----------------------+--------------------+----------------+-------------------+
| Ubuntu 20.04 | SKIPPED | PASS | SKIPPED | SKIPPED |
+---------------------+----------------------+--------------------+----------------+-------------------+
==== 20 line log output for Windows Server 2019 (dpdk_mingw64_compile): ====
FAILED: lib/librte_eal.a.p/librte_eal_windows_eal.c.obj
"gcc" "-Ilib\librte_eal.a.p" "-Ilib" "-I..\lib" "-I." "-I.." "-Iconfig" "-I..\config" "-Ilib\librte_eal\include" "-I..\lib\librte_eal\include" "-Ilib\librte_eal\windows\include" "-I..\lib\librte_eal\windows\include" "-Ilib\librte_eal\x86\include" "-I..\lib\librte_eal\x86\include" "-Ilib\librte_eal\common" "-I..\lib\librte_eal\common" "-Ilib\librte_eal" "-I..\lib\librte_eal" "-Ilib\librte_kvargs" "-I..\lib\librte_kvargs" "-fdiagnostics-color=always" "-pipe" "-D_FILE_OFFSET_BITS=64" "-Wall" "-Winvalid-pch" "-Werror" "-O3" "-include" "rte_config.h" "-Wextra" "-Wcast-qual" "-Wdeprecated" "-Wformat" "-Wformat-nonliteral" "-Wformat-security" "-Wmissing-declarations" "-Wmissing-prototypes" "-Wnested-externs" "-Wold-style-definition" "-Wpointer-arith" "-Wsign-compare" "-Wstrict-prototypes" "-Wundef" "-Wwrite-strings" "-Wno-packed-not-aligned" "-Wno-missing-field-initializers" "-D_GNU_SOURCE" "-D_WIN32_WINNT=0x0A00" "-D__USE_MINGW_ANSI_STDIO" "-march=native" "-DALLOW_EXPERIMENTAL_API" "-DALLOW_INTERNAL_API" "-Wno-format-truncation" "-DABI_VERSION=\"21.2\"" -MD -MQ lib/librte_eal.a.p/librte_eal_windows_eal.c.obj -MF "lib\librte_eal.a.p\librte_eal_windows_eal.c.obj.d" -o lib/librte_eal.a.p/librte_eal_windows_eal.c.obj "-c" ../lib/librte_eal/windows/eal.c
../lib/librte_eal/windows/eal.c: In function 'rte_eal_init':
../lib/librte_eal/windows/eal.c:369:10: error: implicit declaration of function 'rte_bus_scan'; did you mean 'rte_strscpy'? [-Werror=implicit-function-declaration]
bscan = rte_bus_scan();
^~~~~~~~~~~~
rte_strscpy
../lib/librte_eal/windows/eal.c:369:10: error: nested extern declaration of 'rte_bus_scan' [-Werror=nested-externs]
../lib/librte_eal/windows/eal.c:404:6: error: implicit declaration of function 'rte_bus_probe'; did you mean 'rte_dev_probe'? [-Werror=implicit-function-declaration]
if (rte_bus_probe()) {
^~~~~~~~~~~~~
rte_dev_probe
../lib/librte_eal/windows/eal.c:404:6: error: nested extern declaration of 'rte_bus_probe' [-Werror=nested-externs]
cc1.exe: all warnings being treated as errors
[41/288] Compiling C object lib/librte_eal.a.p/librte_eal_windows_eal_interrupts.c.obj
[42/288] Compiling C object lib/librte_eal.a.p/librte_eal_windows_eal_file.c.obj
[43/288] Compiling C object lib/librte_eal.a.p/librte_eal_common_rte_service.c.obj
[44/288] Compiling C object lib/librte_eal.a.p/librte_eal_windows_eal_memory.c.obj
[45/288] Compiling C object lib/librte_eal.a.p/librte_eal_windows_eal_alarm.c.obj
ninja: build stopped: subcommand failed.
==== End log output ====
Windows Server 2019
Kernel: 10.0
Compiler: clang 9.0 and gcc 8.1.0 (MinGW)
Ubuntu 18.04 ARM
Kernel: 5.4.0-53-generic
Compiler: gcc 9.3
RHEL 7
Kernel: 4.18.0-240.10.1.el8_3.x86_64
Compiler: gcc 4.8.5 20150623 (Red Hat 4.8.5-44)
FreeBSD 11.2
Kernel: 11.2
Compiler: gcc 8.3
Ubuntu 18.04
Kernel: 4.18.0-240.10.1.el8_3.x86_64
Compiler: gcc 7.5.0-3ubuntu1~18.04
Fedora 31
Kernel: 4.18.0-240.10.1.el8_3.x86_64
Compiler: gcc 9.3.1
RHEL8
Kernel: 4.18.0-240.10.1.el8_3.x86_64
Compiler: gcc 8.3.1 20191121 (Red Hat 8.3.1-5)
Arch Linux
Kernel: 4.18.0-240.10.1.el8_3.x86_64
Compiler: gcc 10.2.0
Fedora 32
Kernel: 4.18.0-240.10.1.el8_3.x86_64
Compiler: gcc 10.2.1
CentOS Stream 8
Kernel: 4.18.0-240.10.1.el8_3.x86_64
Compiler: gcc 8.4.1 20200928
openSUSE Leap 15
Kernel: 4.18.0-240.10.1.el8_3.x86_64
Compiler: gcc 7.5.0
Ubuntu 20.04
Kernel: 4.18.0-240.10.1.el8_3.x86_64
Compiler: gcc 9.3.0-17ubuntu1~20.04
To view detailed results, visit:
https://lab.dpdk.org/results/dashboard/patchsets/16527/
UNH-IOL DPDK Community Lab
To manage your email subscriptions, visit:
https://lab.dpdk.org/results/dashboard/preferences/subscriptions/
^ permalink raw reply [flat|nested] only message in thread
only message in thread, other threads:[~2021-04-17 9:39 UTC | newest]
Thread overview: (only message) (download: mbox.gz / follow: Atom feed)
-- links below jump to the message on this page --
2021-04-17 9:39 [dpdk-test-report] |FAILURE| pw91467 [PATCH] eal: remove useless bus API includes dpdklab
This is a public inbox, see mirroring instructions
for how to clone and mirror all data and code used for this inbox;
as well as URLs for NNTP newsgroup(s).