* [dpdk-test-report] |FAILURE| pw91762-91757 [PATCH] [10/10] net/bonding: fix configuration assignment overflow
@ 2021-04-19 15:21 dpdklab
0 siblings, 0 replies; only message in thread
From: dpdklab @ 2021-04-19 15:21 UTC (permalink / raw)
To: Test Report; +Cc: dpdk-test-reports
[-- Attachment #1: Type: text/plain, Size: 6013 bytes --]
Test-Label: iol-testing
Test-Status: FAILURE
http://dpdk.org/patch/91757
_Testing issues_
Submitter: Min Hu (Connor) <humin29@huawei.com>
Date: Monday, April 19 2021 13:34:49
DPDK git baseline: Repo:dpdk
Branch: master
CommitID:74299cc7591192cbc72e8f411dff0c7f3cfdf309
91762-91757 --> testing fail
Test environment and result as below:
+---------------------+--------------------+-------------------+----------------------+----------------+
| Environment | dpdk_meson_compile | dpdk_compile_spdk | dpdk_mingw64_compile | dpdk_unit_test |
+=====================+====================+===================+======================+================+
| Fedora 31 | FAIL | SKIPPED | SKIPPED | SKIPPED |
+---------------------+--------------------+-------------------+----------------------+----------------+
| Ubuntu 18.04 | FAIL | FAIL | SKIPPED | FAIL |
+---------------------+--------------------+-------------------+----------------------+----------------+
| Fedora 32 | FAIL | SKIPPED | SKIPPED | SKIPPED |
+---------------------+--------------------+-------------------+----------------------+----------------+
| CentOS Stream 8 | FAIL | SKIPPED | SKIPPED | SKIPPED |
+---------------------+--------------------+-------------------+----------------------+----------------+
| Ubuntu 20.04 | FAIL | SKIPPED | SKIPPED | SKIPPED |
+---------------------+--------------------+-------------------+----------------------+----------------+
| RHEL 7 | FAIL | SKIPPED | SKIPPED | SKIPPED |
+---------------------+--------------------+-------------------+----------------------+----------------+
| RHEL8 | FAIL | SKIPPED | SKIPPED | SKIPPED |
+---------------------+--------------------+-------------------+----------------------+----------------+
| FreeBSD 11.2 | FAIL | SKIPPED | SKIPPED | SKIPPED |
+---------------------+--------------------+-------------------+----------------------+----------------+
| openSUSE Leap 15 | FAIL | SKIPPED | SKIPPED | SKIPPED |
+---------------------+--------------------+-------------------+----------------------+----------------+
| Arch Linux | FAIL | SKIPPED | SKIPPED | SKIPPED |
+---------------------+--------------------+-------------------+----------------------+----------------+
| Windows Server 2019 | PASS | SKIPPED | PASS | SKIPPED |
+---------------------+--------------------+-------------------+----------------------+----------------+
| Ubuntu 18.04 ARM | FAIL | SKIPPED | SKIPPED | SKIPPED |
+---------------------+--------------------+-------------------+----------------------+----------------+
==== 20 line log output for Fedora 31 (dpdk_meson_compile): ====
| ^~~~~~~
cc1: all warnings being treated as errors
[584/2924] Compiling C object drivers/libtmp_rte_common_cnxk.a.p/common_cnxk_roc_nix.c.o
[585/2924] Compiling C object drivers/libtmp_rte_common_cnxk.a.p/common_cnxk_roc_irq.c.o
[586/2924] Compiling C object drivers/libtmp_rte_common_cnxk.a.p/common_cnxk_roc_model.c.o
[587/2924] Compiling C object drivers/libtmp_rte_common_cnxk.a.p/common_cnxk_roc_nix_fc.c.o
[588/2924] Generating rte_bus_ifpga.pmd.c with a custom command
[589/2924] Generating rte_bus_fslmc.pmd.c with a custom command
[590/2924] Generating rte_bus_pci.pmd.c with a custom command
[591/2924] Generating rte_bus_vdev.pmd.c with a custom command
[592/2924] Generating rte_common_cpt.sym_chk with a custom command (wrapped by meson to capture output)
[593/2924] Generating rte_bus_vmbus.pmd.c with a custom command
[594/2924] Generating graph.sym_chk with a custom command (wrapped by meson to capture output)
[595/2924] Generating rte_common_octeontx.sym_chk with a custom command (wrapped by meson to capture output)
[596/2924] Generating rte_common_iavf.sym_chk with a custom command (wrapped by meson to capture output)
[597/2924] Generating rte_common_dpaax.sym_chk with a custom command (wrapped by meson to capture output)
[598/2924] Generating eal.sym_chk with a custom command (wrapped by meson to capture output)
[599/2924] Generating rte_common_octeontx2.sym_chk with a custom command (wrapped by meson to capture output)
[600/2924] Compiling C object lib/librte_pipeline.a.p/librte_pipeline_rte_swx_pipeline.c.o
ninja: build stopped: subcommand failed.
==== End log output ====
Fedora 31
Kernel: 4.18.0-240.10.1.el8_3.x86_64
Compiler: gcc 9.3.1
Ubuntu 18.04
Kernel: 4.18.0-240.10.1.el8_3.x86_64
Compiler: gcc 7.5.0-3ubuntu1~18.04
Fedora 32
Kernel: 4.18.0-240.10.1.el8_3.x86_64
Compiler: gcc 10.2.1
CentOS Stream 8
Kernel: 4.18.0-240.10.1.el8_3.x86_64
Compiler: gcc 8.4.1 20200928
Ubuntu 20.04
Kernel: 4.18.0-240.10.1.el8_3.x86_64
Compiler: gcc 9.3.0-17ubuntu1~20.04
RHEL 7
Kernel: 4.18.0-240.10.1.el8_3.x86_64
Compiler: gcc 4.8.5 20150623 (Red Hat 4.8.5-44)
RHEL8
Kernel: 4.18.0-240.10.1.el8_3.x86_64
Compiler: gcc 8.3.1 20191121 (Red Hat 8.3.1-5)
FreeBSD 11.2
Kernel: 11.2
Compiler: gcc 8.3
openSUSE Leap 15
Kernel: 4.18.0-240.10.1.el8_3.x86_64
Compiler: gcc 7.5.0
Arch Linux
Kernel: 4.18.0-240.10.1.el8_3.x86_64
Compiler: gcc 10.2.0
Windows Server 2019
Kernel: 10.0
Compiler: clang 9.0 and gcc 8.1.0 (MinGW)
Ubuntu 18.04 ARM
Kernel: 5.4.0-53-generic
Compiler: gcc 9.3
To view detailed results, visit:
https://lab.dpdk.org/results/dashboard/patchsets/16630/
UNH-IOL DPDK Community Lab
To manage your email subscriptions, visit:
https://lab.dpdk.org/results/dashboard/preferences/subscriptions/
^ permalink raw reply [flat|nested] only message in thread
only message in thread, other threads:[~2021-04-19 15:21 UTC | newest]
Thread overview: (only message) (download: mbox.gz / follow: Atom feed)
-- links below jump to the message on this page --
2021-04-19 15:21 [dpdk-test-report] |FAILURE| pw91762-91757 [PATCH] [10/10] net/bonding: fix configuration assignment overflow dpdklab
This is a public inbox, see mirroring instructions
for how to clone and mirror all data and code used for this inbox;
as well as URLs for NNTP newsgroup(s).