* [dpdk-test-report] |WARNING| pw91807-91810 [PATCH] [v3, 4/4] doc: update async vhost register/unregister
@ 2021-04-20 3:19 dpdklab
0 siblings, 0 replies; 3+ messages in thread
From: dpdklab @ 2021-04-20 3:19 UTC (permalink / raw)
To: Test Report; +Cc: dpdk-test-reports
[-- Attachment #1: Type: text/plain, Size: 1992 bytes --]
Test-Label: iol-abi-testing
Test-Status: WARNING
http://dpdk.org/patch/91810
_Testing issues_
Submitter: Jiayu Hu <jiayu.hu@intel.com>
Date: Tuesday, April 20 2021 08:57:46
DPDK git baseline: Repo:dpdk
Branch: master
CommitID:1af0e07b2758944905389d7a0ae15499d9c4e210
91807-91810 --> testing fail
Test environment and result as below:
+------------------+----------+
| Environment | abi_test |
+==================+==========+
| Ubuntu 18.04 | FAIL |
+------------------+----------+
| Ubuntu 18.04 ARM | FAIL |
+------------------+----------+
==== 20 line log output for Ubuntu 18.04 (abi_test): ====
net/szedata2: missing dependency, "libsze2"
raw/ifpga: missing dependency, "libfdt"
crypto/aesni_gcm: missing dependency, "libIPSec_MB"
crypto/aesni_mb: missing dependency, "libIPSec_MB"
crypto/armv8: missing dependency, "libAArch64crypto"
crypto/kasumi: missing dependency, "libIPSec_MB"
crypto/mvsam: missing dependency, "libmusdk"
crypto/snow3g: missing dependency, "libIPSec_MB"
crypto/zuc: missing dependency, "libIPSec_MB"
compress/isal: missing dependency, "libisal"
Build targets in project: 1123
Option buildtype is: debugoptimized [default: release]
Found ninja-1.10.0.git.kitware.jobserver-1 at /usr/local/bin/ninja
ERROR: Clock skew detected. File /home-local/jenkins-local/jenkins-agent/workspace/Ubuntu18.04-Compile-DPDK-ABI@2/dpdk/build/../meson.build has a time stamp 20916.9830s in the future.
A full log can be found at /home-local/jenkins-local/jenkins-agent/workspace/Ubuntu18.04-Compile-DPDK-ABI@2/dpdk/build/meson-logs/meson-log.txt
==== End log output ====
Ubuntu 18.04
Kernel: 4.18.0-240.10.1.el8_3.x86_64
Compiler: gcc 7.5.0-3ubuntu1~18.04
Ubuntu 18.04 ARM
Kernel: 5.4.0-53-generic
Compiler: gcc 9.3
To view detailed results, visit:
https://lab.dpdk.org/results/dashboard/patchsets/16644/
UNH-IOL DPDK Community Lab
To manage your email subscriptions, visit:
https://lab.dpdk.org/results/dashboard/preferences/subscriptions/
^ permalink raw reply [flat|nested] 3+ messages in thread
* [dpdk-test-report] |WARNING| pw91807-91810 [PATCH] [v3, 4/4] doc: update async vhost register/unregister
@ 2021-04-20 16:56 dpdklab
0 siblings, 0 replies; 3+ messages in thread
From: dpdklab @ 2021-04-20 16:56 UTC (permalink / raw)
To: Test Report; +Cc: dpdk-test-reports
[-- Attachment #1: Type: text/plain, Size: 5236 bytes --]
Test-Label: iol-testing
Test-Status: WARNING
http://dpdk.org/patch/91810
_Testing issues_
Submitter: Jiayu Hu <jiayu.hu@intel.com>
Date: Tuesday, April 20 2021 08:57:46
DPDK git baseline: Repo:dpdk
Branch: master
CommitID:1af0e07b2758944905389d7a0ae15499d9c4e210
91807-91810 --> testing fail
Test environment and result as below:
+---------------------+----------------------+--------------------+-------------------+----------------+
| Environment | dpdk_mingw64_compile | dpdk_meson_compile | dpdk_compile_spdk | dpdk_unit_test |
+=====================+======================+====================+===================+================+
| Windows Server 2019 | FAIL | PASS | SKIPPED | SKIPPED |
+---------------------+----------------------+--------------------+-------------------+----------------+
| Fedora 31 | SKIPPED | PASS | SKIPPED | SKIPPED |
+---------------------+----------------------+--------------------+-------------------+----------------+
| CentOS Stream 8 | SKIPPED | PASS | SKIPPED | SKIPPED |
+---------------------+----------------------+--------------------+-------------------+----------------+
| Ubuntu 18.04 | SKIPPED | PASS | FAIL | PASS |
+---------------------+----------------------+--------------------+-------------------+----------------+
| Fedora 32 | SKIPPED | PASS | SKIPPED | SKIPPED |
+---------------------+----------------------+--------------------+-------------------+----------------+
| Ubuntu 20.04 | SKIPPED | PASS | SKIPPED | SKIPPED |
+---------------------+----------------------+--------------------+-------------------+----------------+
| RHEL 7 | SKIPPED | PASS | SKIPPED | SKIPPED |
+---------------------+----------------------+--------------------+-------------------+----------------+
| openSUSE Leap 15 | SKIPPED | PASS | SKIPPED | SKIPPED |
+---------------------+----------------------+--------------------+-------------------+----------------+
| Arch Linux | SKIPPED | PASS | SKIPPED | SKIPPED |
+---------------------+----------------------+--------------------+-------------------+----------------+
| Ubuntu 18.04 ARM | SKIPPED | PASS | SKIPPED | SKIPPED |
+---------------------+----------------------+--------------------+-------------------+----------------+
| FreeBSD 11.2 | SKIPPED | PASS | SKIPPED | SKIPPED |
+---------------------+----------------------+--------------------+-------------------+----------------+
| RHEL8 | SKIPPED | PASS | SKIPPED | SKIPPED |
+---------------------+----------------------+--------------------+-------------------+----------------+
==== 20 line log output for Windows Server 2019 (dpdk_mingw64_compile): ====
net/sfc: not supported on Windows
net/softnic: only supported on Linux
net/szedata2: not supported on Windows
net/tap: only supported on Linux
net/thunderx: not supported on Windows
net/txgbe: not supported on Windows
net/vdev_netvsc: only supported on Linux
net/vhost: not supported on Windows
net/virtio: not supported on Windows
regex/mlx5: only supported on Linux
regex/octeontx2: only supported on 64-bit Linux
Build targets in project: 105
Found ninja-1.9.0 at "C:\Program Files\Meson\ninja.EXE"
ERROR: Clock skew detected. File C:\Users\builder\jenkins\workspace\Windows-Compile-DPDK-Mingw64\dpdk\build\..\meson.build has a time stamp 11030.0213s in the future.
A full log can be found at C:\Users\builder\jenkins\workspace\Windows-Compile-DPDK-Mingw64\dpdk\build\meson-logs\meson-log.txt
==== End log output ====
Windows Server 2019
Kernel: 10.0
Compiler: clang 9.0 and gcc 8.1.0 (MinGW)
Fedora 31
Kernel: 4.18.0-240.10.1.el8_3.x86_64
Compiler: gcc 9.3.1
CentOS Stream 8
Kernel: 4.18.0-240.10.1.el8_3.x86_64
Compiler: gcc 8.4.1 20200928
Ubuntu 18.04
Kernel: 4.18.0-240.10.1.el8_3.x86_64
Compiler: gcc 7.5.0-3ubuntu1~18.04
Fedora 32
Kernel: 4.18.0-240.10.1.el8_3.x86_64
Compiler: gcc 10.2.1
Ubuntu 20.04
Kernel: 4.18.0-240.10.1.el8_3.x86_64
Compiler: gcc 9.3.0-17ubuntu1~20.04
RHEL 7
Kernel: 4.18.0-240.10.1.el8_3.x86_64
Compiler: gcc 4.8.5 20150623 (Red Hat 4.8.5-44)
openSUSE Leap 15
Kernel: 4.18.0-240.10.1.el8_3.x86_64
Compiler: gcc 7.5.0
Arch Linux
Kernel: 4.18.0-240.10.1.el8_3.x86_64
Compiler: gcc 10.2.0
Ubuntu 18.04 ARM
Kernel: 5.4.0-53-generic
Compiler: gcc 9.3
FreeBSD 11.2
Kernel: 11.2
Compiler: gcc 8.3
RHEL8
Kernel: 4.18.0-240.10.1.el8_3.x86_64
Compiler: gcc 8.3.1 20191121 (Red Hat 8.3.1-5)
To view detailed results, visit:
https://lab.dpdk.org/results/dashboard/patchsets/16644/
UNH-IOL DPDK Community Lab
To manage your email subscriptions, visit:
https://lab.dpdk.org/results/dashboard/preferences/subscriptions/
^ permalink raw reply [flat|nested] 3+ messages in thread
* [dpdk-test-report] |WARNING| pw91807-91810 [PATCH] [v3, 4/4] doc: update async vhost register/unregister
@ 2021-04-20 15:41 dpdklab
0 siblings, 0 replies; 3+ messages in thread
From: dpdklab @ 2021-04-20 15:41 UTC (permalink / raw)
To: Test Report; +Cc: dpdk-test-reports
[-- Attachment #1: Type: text/plain, Size: 1992 bytes --]
Test-Label: iol-abi-testing
Test-Status: WARNING
http://dpdk.org/patch/91810
_Testing issues_
Submitter: Jiayu Hu <jiayu.hu@intel.com>
Date: Tuesday, April 20 2021 08:57:46
DPDK git baseline: Repo:dpdk
Branch: master
CommitID:1af0e07b2758944905389d7a0ae15499d9c4e210
91807-91810 --> testing fail
Test environment and result as below:
+------------------+----------+
| Environment | abi_test |
+==================+==========+
| Ubuntu 18.04 | FAIL |
+------------------+----------+
| Ubuntu 18.04 ARM | FAIL |
+------------------+----------+
==== 20 line log output for Ubuntu 18.04 (abi_test): ====
net/szedata2: missing dependency, "libsze2"
raw/ifpga: missing dependency, "libfdt"
crypto/aesni_gcm: missing dependency, "libIPSec_MB"
crypto/aesni_mb: missing dependency, "libIPSec_MB"
crypto/armv8: missing dependency, "libAArch64crypto"
crypto/kasumi: missing dependency, "libIPSec_MB"
crypto/mvsam: missing dependency, "libmusdk"
crypto/snow3g: missing dependency, "libIPSec_MB"
crypto/zuc: missing dependency, "libIPSec_MB"
compress/isal: missing dependency, "libisal"
Build targets in project: 1123
Option buildtype is: debugoptimized [default: release]
Found ninja-1.10.0.git.kitware.jobserver-1 at /usr/local/bin/ninja
ERROR: Clock skew detected. File /home-local/jenkins-local/jenkins-agent/workspace/Ubuntu18.04-Compile-DPDK-ABI@2/dpdk/build/../meson.build has a time stamp 20916.9830s in the future.
A full log can be found at /home-local/jenkins-local/jenkins-agent/workspace/Ubuntu18.04-Compile-DPDK-ABI@2/dpdk/build/meson-logs/meson-log.txt
==== End log output ====
Ubuntu 18.04
Kernel: 4.18.0-240.10.1.el8_3.x86_64
Compiler: gcc 7.5.0-3ubuntu1~18.04
Ubuntu 18.04 ARM
Kernel: 5.4.0-53-generic
Compiler: gcc 9.3
To view detailed results, visit:
https://lab.dpdk.org/results/dashboard/patchsets/16644/
UNH-IOL DPDK Community Lab
To manage your email subscriptions, visit:
https://lab.dpdk.org/results/dashboard/preferences/subscriptions/
^ permalink raw reply [flat|nested] 3+ messages in thread
end of thread, other threads:[~2021-04-20 16:56 UTC | newest]
Thread overview: 3+ messages (download: mbox.gz / follow: Atom feed)
-- links below jump to the message on this page --
2021-04-20 3:19 [dpdk-test-report] |WARNING| pw91807-91810 [PATCH] [v3, 4/4] doc: update async vhost register/unregister dpdklab
2021-04-20 15:41 dpdklab
2021-04-20 16:56 dpdklab
This is a public inbox, see mirroring instructions
for how to clone and mirror all data and code used for this inbox;
as well as URLs for NNTP newsgroup(s).